CRAN Package Check Results for Package Rwordseg

Last updated on 2022-10-01 13:51:43 CEST.

Flavor Version Tinstall Tcheck Ttotal Status Flags
r-devel-linux-x86_64-debian-clang 0.3-2 3.81 37.08 40.89 OK
r-devel-linux-x86_64-debian-gcc 0.3-2 2.39 29.35 31.74 OK
r-devel-linux-x86_64-fedora-clang 0.3-2 63.62 NOTE
r-devel-linux-x86_64-fedora-gcc 0.3-2 60.71 NOTE
r-devel-windows-x86_64 0.3-2 15.00 65.00 80.00 OK
r-patched-linux-x86_64 0.3-2 2.97 36.05 39.02 OK
r-release-linux-x86_64 0.3-2 3.58 35.84 39.42 OK
r-release-macos-arm64 0.3-2 20.00 NOTE
r-release-macos-x86_64 0.3-2 30.00 NOTE
r-release-windows-x86_64 0.3-2 15.00 64.00 79.00 OK
r-oldrel-macos-arm64 0.3-2 24.00 NOTE
r-oldrel-macos-x86_64 0.3-2 43.00 NOTE
r-oldrel-windows-ix86+x86_64 0.3-2 8.00 60.00 68.00 OK

Check Details

Version: 0.3-2
Check: Rd cross-references
Result: NOTE
    Undeclared package ‘tm’ in Rd xrefs
Flavor: r-devel-linux-x86_64-fedora-clang

Version: 0.3-2
Check: data for non-ASCII characters
Result: NOTE
     Note: found 2016 marked UTF-8 strings
Flavors: r-devel-linux-x86_64-fedora-clang, r-devel-linux-x86_64-fedora-gcc, r-release-macos-arm64, r-release-macos-x86_64, r-oldrel-macos-arm64, r-oldrel-macos-x86_64