CRAN Package Check Results for Package Ryacas0

Last updated on 2022-09-27 11:51:26 CEST.

Flavor Version Tinstall Tcheck Ttotal Status Flags
r-devel-linux-x86_64-debian-clang 0.4.3 87.55 101.30 188.85 OK
r-devel-linux-x86_64-debian-gcc 0.4.3 75.91 76.40 152.31 OK
r-devel-linux-x86_64-fedora-clang 0.4.3 313.95 OK
r-devel-linux-x86_64-fedora-gcc 0.4.3 277.09 OK
r-devel-windows-x86_64 0.4.3 231.00 189.00 420.00 OK
r-patched-linux-x86_64 0.4.3 74.82 98.19 173.01 OK
r-release-linux-x86_64 0.4.3 77.17 97.85 175.02 OK
r-release-macos-arm64 0.4.3 75.00 NOTE
r-release-macos-x86_64 0.4.3 121.00 NOTE
r-release-windows-x86_64 0.4.3 200.00 177.00 377.00 OK
r-oldrel-macos-arm64 0.4.3 98.00 NOTE
r-oldrel-macos-x86_64 0.4.3 168.00 NOTE
r-oldrel-windows-ix86+x86_64 0.4.3 237.00 185.00 422.00 OK

Check Details

Version: 0.4.3
Check: installed package size
Result: NOTE
     installed size is 9.9Mb
     sub-directories of 1Mb or more:
     libs 8.2Mb
     yacas 1.3Mb
Flavors: r-release-macos-arm64, r-release-macos-x86_64, r-oldrel-macos-arm64, r-oldrel-macos-x86_64