Last updated on 2022-08-17 18:51:34 CEST.
Flavor | Version | Tinstall | Tcheck | Ttotal | Status | Flags |
---|---|---|---|---|---|---|
r-devel-linux-x86_64-debian-clang | 0.1.5 | 9.06 | 76.94 | 86.00 | OK | |
r-devel-linux-x86_64-debian-gcc | 0.1.5 | OK | ||||
r-devel-linux-x86_64-fedora-clang | 0.1.5 | 112.54 | NOTE | |||
r-devel-linux-x86_64-fedora-gcc | 0.1.5 | 105.43 | NOTE | |||
r-devel-windows-x86_64 | 0.1.5 | 15.00 | 93.00 | 108.00 | OK | |
r-patched-linux-x86_64 | 0.1.5 | 7.66 | 70.43 | 78.09 | OK | |
r-release-linux-x86_64 | 0.1.5 | 9.53 | 70.12 | 79.65 | OK | |
r-release-macos-arm64 | 0.1.5 | 30.00 | NOTE | |||
r-release-macos-x86_64 | 0.1.5 | 45.00 | NOTE | |||
r-release-windows-x86_64 | 0.1.5 | 18.00 | 104.00 | 122.00 | OK | |
r-oldrel-macos-arm64 | 0.1.5 | 30.00 | NOTE | |||
r-oldrel-macos-x86_64 | 0.1.5 | 43.00 | NOTE | |||
r-oldrel-windows-ix86+x86_64 | 0.1.5 | 22.00 | 96.00 | 118.00 | OK |
Version: 0.1.5
Check: data for non-ASCII characters
Result: NOTE
Note: found 4 marked UTF-8 strings
Flavors: r-devel-linux-x86_64-fedora-clang, r-devel-linux-x86_64-fedora-gcc, r-release-macos-arm64, r-release-macos-x86_64, r-oldrel-macos-arm64, r-oldrel-macos-x86_64