CRAN Package Check Results for Package SAMGEP

Last updated on 2021-04-14 08:48:31 CEST.

Flavor Version Tinstall Tcheck Ttotal Status Flags
r-devel-linux-x86_64-debian-clang 0.1.0-1 48.17 294.08 342.25 OK
r-devel-linux-x86_64-debian-gcc 0.1.0-1 34.01 214.26 248.27 OK
r-devel-linux-x86_64-fedora-clang 0.1.0-1 417.01 NOTE
r-devel-linux-x86_64-fedora-gcc 0.1.0-1 409.54 NOTE
r-devel-windows-ix86+x86_64 0.1.0-1 114.00 378.00 492.00 OK
r-devel-windows-x86_64-gcc10-UCRT 0.1.0-1 NOTE
r-patched-linux-x86_64 0.1.0-1 41.18 281.50 322.68 OK
r-patched-solaris-x86 0.1.0-1 968.20 NOTE
r-release-linux-x86_64 0.1.0-1 41.97 281.71 323.68 OK
r-release-macos-x86_64 0.1.0-1 NOTE
r-release-windows-ix86+x86_64 0.1.0-1 91.00 366.00 457.00 OK
r-oldrel-macos-x86_64 0.1.0-1 NOTE
r-oldrel-windows-ix86+x86_64 0.1.0-1 101.00 243.00 344.00 OK

Check Details

Version: 0.1.0-1
Check: dependencies in R code
Result: NOTE
    Namespace in Imports field not imported from: ‘Rcpp’
     All declared Imports should be used.
Flavors: r-devel-linux-x86_64-fedora-clang, r-devel-linux-x86_64-fedora-gcc, r-devel-windows-x86_64-gcc10-UCRT, r-patched-solaris-x86, r-release-macos-x86_64, r-oldrel-macos-x86_64