CRAN Package Check Results for Package SAMGEP

Last updated on 2024-02-28 20:53:34 CET.

Flavor Version Tinstall Tcheck Ttotal Status Flags
r-devel-linux-x86_64-debian-clang 0.1.0-1 51.67 233.09 284.76 OK
r-devel-linux-x86_64-debian-gcc 0.1.0-1 40.83 219.01 259.84 OK
r-devel-linux-x86_64-fedora-clang 0.1.0-1 381.88 NOTE
r-devel-linux-x86_64-fedora-gcc 0.1.0-1 440.84 NOTE
r-devel-windows-x86_64 0.1.0-1 41.00 252.00 293.00 OK
r-patched-linux-x86_64 0.1.0-1 37.51 293.89 331.40 OK
r-release-linux-x86_64 0.1.0-1 36.72 284.43 321.15 OK
r-release-macos-arm64 0.1.0-1 152.00 OK
r-release-macos-x86_64 0.1.0-1 253.00 OK
r-release-windows-x86_64 0.1.0-1 53.00 313.00 366.00 OK
r-oldrel-macos-arm64 0.1.0-1 126.00 NOTE
r-oldrel-windows-x86_64 0.1.0-1 50.00 322.00 372.00 OK

Check Details

Version: 0.1.0-1
Check: dependencies in R code
Result: NOTE Namespace in Imports field not imported from: ‘Rcpp’ All declared Imports should be used. Flavors: r-devel-linux-x86_64-fedora-clang, r-devel-linux-x86_64-fedora-gcc, r-oldrel-macos-arm64