CRAN Package Check Results for Package SAMM

Last updated on 2024-03-04 18:55:10 CET.

Flavor Version Tinstall Tcheck Ttotal Status Flags
r-devel-linux-x86_64-debian-clang 1.1.1 101.93 31.14 133.07 NOTE
r-devel-linux-x86_64-debian-gcc 1.1.1 95.10 24.29 119.39 NOTE
r-devel-linux-x86_64-fedora-clang 1.1.1 176.53 NOTE
r-devel-linux-x86_64-fedora-gcc 1.1.1 217.36 NOTE
r-devel-windows-x86_64 1.1.1 74.00 72.00 146.00 NOTE
r-patched-linux-x86_64 1.1.1 111.79 31.29 143.08 NOTE
r-release-linux-x86_64 1.1.1 113.66 31.71 145.37 NOTE
r-release-macos-arm64 1.1.1 56.00 NOTE
r-release-macos-x86_64 1.1.1 95.00 NOTE
r-release-windows-x86_64 1.1.1 68.00 83.00 151.00 NOTE
r-oldrel-macos-arm64 1.1.1 57.00 NOTE
r-oldrel-windows-x86_64 1.1.1 90.00 77.00 167.00 OK

Check Details

Version: 1.1.1
Check: C++ specification
Result: NOTE Specified C++11: please drop specification unless essential Flavors: r-devel-linux-x86_64-debian-clang, r-devel-linux-x86_64-debian-gcc, r-devel-linux-x86_64-fedora-clang, r-devel-linux-x86_64-fedora-gcc, r-devel-windows-x86_64, r-patched-linux-x86_64, r-release-linux-x86_64, r-release-macos-arm64, r-release-macos-x86_64, r-release-windows-x86_64

Version: 1.1.1
Check: Rd contents
Result: NOTE Auto-generated content requiring editing in Rd file 'SAMM-package.Rd': \seealso: ‘~~ Optional links to other man pages, e.g. ~~’ Flavors: r-devel-linux-x86_64-debian-clang, r-devel-linux-x86_64-debian-gcc, r-devel-linux-x86_64-fedora-clang, r-devel-linux-x86_64-fedora-gcc, r-devel-windows-x86_64

Version: 1.1.1
Check: installed package size
Result: NOTE installed size is 15.6Mb sub-directories of 1Mb or more: libs 15.5Mb Flavors: r-release-macos-arm64, r-release-macos-x86_64, r-oldrel-macos-arm64