CRAN Package Check Results for Package SAMUR

Last updated on 2020-05-29 17:49:16 CEST.

Flavor Version Tinstall Tcheck Ttotal Status Flags
r-devel-linux-x86_64-debian-clang 0.6 2.10 20.24 22.34 NOTE
r-devel-linux-x86_64-debian-gcc 0.6 1.58 15.98 17.56 NOTE
r-devel-linux-x86_64-fedora-clang 0.6 28.93 NOTE
r-devel-linux-x86_64-fedora-gcc 0.6 27.31 NOTE
r-devel-windows-ix86+x86_64 0.6 6.00 52.00 58.00 NOTE
r-patched-linux-x86_64 0.6 2.29 20.25 22.54 NOTE
r-patched-solaris-x86 0.6 42.40 NOTE
r-release-linux-x86_64 0.6 2.08 20.03 22.11 NOTE
r-release-osx-x86_64 0.6 NOTE
r-release-windows-ix86+x86_64 0.6 5.00 43.00 48.00 NOTE
r-oldrel-osx-x86_64 0.6 NOTE
r-oldrel-windows-ix86+x86_64 0.6 9.00 35.00 44.00 NOTE

Check Details

Version: 0.6
Check: R code for possible problems
Result: NOTE
    generate.sample.core: no visible global function definition for
     'predict'
    mdh: no visible global function definition for 'model.frame'
    mdh: no visible binding for global variable 'na.fail'
    mdh: no visible global function definition for '.getXlevels'
    mdh: no visible global function definition for 'quantile'
    mdh: no visible global function definition for 'hist'
    predict.mdh: no visible global function definition for 'model.frame'
    samur: no visible global function definition for 'predict'
    Undefined global functions or variables:
     .getXlevels hist model.frame na.fail predict quantile
    Consider adding
     importFrom("graphics", "hist")
     importFrom("stats", ".getXlevels", "model.frame", "na.fail", "predict",
     "quantile")
    to your NAMESPACE file.
Flavors: r-devel-linux-x86_64-debian-clang, r-devel-linux-x86_64-debian-gcc, r-devel-linux-x86_64-fedora-clang, r-devel-linux-x86_64-fedora-gcc, r-devel-windows-ix86+x86_64, r-patched-linux-x86_64, r-patched-solaris-x86, r-release-linux-x86_64, r-release-osx-x86_64, r-release-windows-ix86+x86_64, r-oldrel-osx-x86_64, r-oldrel-windows-ix86+x86_64