CRAN Package Check Results for Package SAMUR

Last updated on 2019-10-21 00:47:56 CEST.

Flavor Version Tinstall Tcheck Ttotal Status Flags
r-devel-linux-x86_64-debian-clang 0.6 2.05 18.45 20.50 NOTE
r-devel-linux-x86_64-debian-gcc 0.6 1.50 14.83 16.33 NOTE
r-devel-linux-x86_64-fedora-clang 0.6 25.37 NOTE
r-devel-linux-x86_64-fedora-gcc 0.6 25.88 NOTE
r-devel-windows-ix86+x86_64 0.6 6.00 51.00 57.00 NOTE
r-patched-linux-x86_64 0.6 1.80 17.83 19.63 NOTE
r-patched-solaris-x86 0.6 39.80 NOTE
r-release-linux-x86_64 0.6 1.74 18.06 19.80 NOTE
r-release-windows-ix86+x86_64 0.6 8.00 56.00 64.00 NOTE
r-release-osx-x86_64 0.6 NOTE
r-oldrel-windows-ix86+x86_64 0.6 2.00 28.00 30.00 NOTE
r-oldrel-osx-x86_64 0.6 NOTE

Check Details

Version: 0.6
Check: R code for possible problems
Result: NOTE
    generate.sample.core: no visible global function definition for
     'predict'
    mdh: no visible global function definition for 'model.frame'
    mdh: no visible binding for global variable 'na.fail'
    mdh: no visible global function definition for '.getXlevels'
    mdh: no visible global function definition for 'quantile'
    mdh: no visible global function definition for 'hist'
    predict.mdh: no visible global function definition for 'model.frame'
    samur: no visible global function definition for 'predict'
    Undefined global functions or variables:
     .getXlevels hist model.frame na.fail predict quantile
    Consider adding
     importFrom("graphics", "hist")
     importFrom("stats", ".getXlevels", "model.frame", "na.fail", "predict",
     "quantile")
    to your NAMESPACE file.
Flavors: r-devel-linux-x86_64-debian-clang, r-devel-linux-x86_64-debian-gcc, r-devel-linux-x86_64-fedora-clang, r-devel-linux-x86_64-fedora-gcc, r-devel-windows-ix86+x86_64, r-patched-linux-x86_64, r-patched-solaris-x86, r-release-linux-x86_64, r-release-windows-ix86+x86_64, r-release-osx-x86_64, r-oldrel-windows-ix86+x86_64, r-oldrel-osx-x86_64