CRAN Package Check Results for Package SAVER

Last updated on 2019-08-17 18:46:22 CEST.

Flavor Version Tinstall Tcheck Ttotal Status Flags
r-devel-linux-x86_64-debian-clang 1.1.1 7.64 37.09 44.73 OK
r-devel-linux-x86_64-debian-gcc 1.1.1 6.45 29.62 36.07 OK
r-devel-linux-x86_64-fedora-clang 1.1.1 54.80 NOTE
r-devel-linux-x86_64-fedora-gcc 1.1.1 53.59 NOTE
r-devel-windows-ix86+x86_64 1.1.1 14.00 67.00 81.00 OK
r-patched-linux-x86_64 1.1.1 7.08 36.74 43.82 OK
r-patched-solaris-x86 1.1.1 86.30 NOTE
r-release-linux-x86_64 1.1.1 6.72 36.58 43.30 OK
r-release-windows-ix86+x86_64 1.1.1 13.00 72.00 85.00 OK
r-release-osx-x86_64 1.1.1 NOTE
r-oldrel-windows-ix86+x86_64 1.1.1 11.00 67.00 78.00 OK
r-oldrel-osx-x86_64 1.1.1 NOTE

Check Details

Version: 1.1.1
Check: dependencies in R code
Result: NOTE
    Namespace in Imports field not imported from: ‘methods’
     All declared Imports should be used.
Flavors: r-devel-linux-x86_64-fedora-clang, r-devel-linux-x86_64-fedora-gcc, r-patched-solaris-x86, r-release-osx-x86_64, r-oldrel-osx-x86_64