CRAN Package Check Results for Package SAVER

Last updated on 2020-07-05 14:48:36 CEST.

Flavor Version Tinstall Tcheck Ttotal Status Flags
r-devel-linux-x86_64-debian-clang 1.1.2 8.36 39.60 47.96 OK
r-devel-linux-x86_64-debian-gcc 1.1.2 6.69 31.73 38.42 OK
r-devel-linux-x86_64-fedora-clang 1.1.2 65.40 NOTE
r-devel-linux-x86_64-fedora-gcc 1.1.2 57.51 NOTE
r-devel-windows-ix86+x86_64 1.1.2 19.00 77.00 96.00 OK
r-patched-linux-x86_64 1.1.2 8.68 39.64 48.32 OK
r-patched-solaris-x86 1.1.2 86.50 NOTE
r-release-linux-x86_64 1.1.2 8.60 39.71 48.31 OK
r-release-osx-x86_64 1.1.2 NOTE
r-release-windows-ix86+x86_64 1.1.2 12.00 51.00 63.00 OK
r-oldrel-osx-x86_64 1.1.2 NOTE
r-oldrel-windows-ix86+x86_64 1.1.2 12.00 77.00 89.00 OK

Check Details

Version: 1.1.2
Check: dependencies in R code
Result: NOTE
    Namespace in Imports field not imported from: ‘methods’
     All declared Imports should be used.
Flavors: r-devel-linux-x86_64-fedora-clang, r-devel-linux-x86_64-fedora-gcc, r-patched-solaris-x86, r-release-osx-x86_64, r-oldrel-osx-x86_64