CRAN Package Check Results for Package SAVER

Last updated on 2019-10-23 19:49:21 CEST.

Flavor Version Tinstall Tcheck Ttotal Status Flags
r-devel-linux-x86_64-debian-clang 1.1.1 7.95 35.98 43.93 OK
r-devel-linux-x86_64-debian-gcc 1.1.1 6.94 29.05 35.99 OK
r-devel-linux-x86_64-fedora-clang 1.1.1 54.45 NOTE
r-devel-linux-x86_64-fedora-gcc 1.1.1 53.68 NOTE
r-devel-windows-ix86+x86_64 1.1.1 10.00 49.00 59.00 OK
r-patched-linux-x86_64 1.1.1 6.92 35.90 42.82 OK
r-patched-solaris-x86 1.1.1 85.30 NOTE
r-release-linux-x86_64 1.1.1 7.66 35.82 43.48 OK
r-release-windows-ix86+x86_64 1.1.1 15.00 50.00 65.00 OK
r-release-osx-x86_64 1.1.1 NOTE
r-oldrel-windows-ix86+x86_64 1.1.1 11.00 71.00 82.00 OK
r-oldrel-osx-x86_64 1.1.1 NOTE

Check Details

Version: 1.1.1
Check: dependencies in R code
Result: NOTE
    Namespace in Imports field not imported from: ‘methods’
     All declared Imports should be used.
Flavors: r-devel-linux-x86_64-fedora-clang, r-devel-linux-x86_64-fedora-gcc, r-patched-solaris-x86, r-release-osx-x86_64, r-oldrel-osx-x86_64