CRAN Package Check Results for Package SBMSplitMerge

Last updated on 2024-06-24 16:57:14 CEST.

Flavor Version Tinstall Tcheck Ttotal Status Flags
r-devel-linux-x86_64-debian-clang 1.1.1 8.30 130.53 138.83 NOTE
r-devel-linux-x86_64-debian-gcc 1.1.1 5.50 95.19 100.69 NOTE
r-devel-linux-x86_64-fedora-clang 1.1.1 170.41 NOTE
r-devel-linux-x86_64-fedora-gcc 1.1.1 174.02 NOTE
r-devel-windows-x86_64 1.1.1 10.00 116.00 126.00 NOTE
r-patched-linux-x86_64 1.1.1 8.69 127.14 135.83 NOTE
r-release-linux-x86_64 1.1.1 5.77 119.67 125.44 NOTE
r-release-macos-arm64 1.1.1 58.00 NOTE
r-release-macos-x86_64 1.1.1 85.00 NOTE
r-release-windows-x86_64 1.1.1 10.00 118.00 128.00 NOTE
r-oldrel-macos-arm64 1.1.1 58.00 NOTE
r-oldrel-macos-x86_64 1.1.1 97.00 NOTE
r-oldrel-windows-x86_64 1.1.1 12.00 142.00 154.00 NOTE

Check Details

Version: 1.1.1
Check: package subdirectories
Result: NOTE Problems with news in ‘NEWS.md’: Cannot extract version info from the following section titles: Updated help pages with examples Updated conjugate model sampler Flavors: r-devel-linux-x86_64-debian-clang, r-devel-linux-x86_64-debian-gcc, r-devel-linux-x86_64-fedora-clang, r-devel-linux-x86_64-fedora-gcc, r-devel-windows-x86_64, r-patched-linux-x86_64, r-release-linux-x86_64, r-release-macos-arm64, r-release-macos-x86_64, r-release-windows-x86_64, r-oldrel-macos-arm64, r-oldrel-macos-x86_64, r-oldrel-windows-x86_64