CRAN Package Check Results for Package SCEPtERbinary

Last updated on 2019-09-16 00:47:52 CEST.

Flavor Version Tinstall Tcheck Ttotal Status Flags
r-devel-linux-x86_64-debian-clang 0.1-1 2.92 20.46 23.38 OK
r-devel-linux-x86_64-debian-gcc 0.1-1 2.32 15.99 18.31 OK
r-devel-linux-x86_64-fedora-clang 0.1-1 28.68 NOTE
r-devel-linux-x86_64-fedora-gcc 0.1-1 27.68 NOTE
r-devel-windows-ix86+x86_64 0.1-1 14.00 41.00 55.00 OK
r-patched-linux-x86_64 0.1-1 2.73 20.41 23.14 OK
r-patched-solaris-x86 0.1-1 45.30 OK
r-release-linux-x86_64 0.1-1 2.31 20.32 22.63 OK
r-release-windows-ix86+x86_64 0.1-1 8.00 58.00 66.00 OK
r-release-osx-x86_64 0.1-1 OK
r-oldrel-windows-ix86+x86_64 0.1-1 8.00 39.00 47.00 OK
r-oldrel-osx-x86_64 0.1-1 OK

Check Details

Version: 0.1-1
Check: compiled code
Result: NOTE
    File ‘SCEPtERbinary/libs/SCEPtERbinary.so’:
     Found no calls to: ‘R_registerRoutines’, ‘R_useDynamicSymbols’
    
    It is good practice to register native routines and to disable symbol
    search.
    
    See ‘Writing portable packages’ in the ‘Writing R Extensions’ manual.
Flavors: r-devel-linux-x86_64-fedora-clang, r-devel-linux-x86_64-fedora-gcc