CRAN Package Check Results for Package SCEPtERbinary

Last updated on 2020-01-27 03:46:43 CET.

Flavor Version Tinstall Tcheck Ttotal Status Flags
r-devel-linux-x86_64-debian-clang 0.1-1 3.25 21.42 24.67 OK
r-devel-linux-x86_64-debian-gcc 0.1-1 2.38 17.08 19.46 OK
r-devel-linux-x86_64-fedora-clang 0.1-1 30.38 NOTE
r-devel-linux-x86_64-fedora-gcc 0.1-1 29.50 NOTE
r-devel-windows-ix86+x86_64 0.1-1 17.00 62.00 79.00 OK
r-devel-windows-ix86+x86_64-gcc8 0.1-1 14.00 59.00 73.00 OK
r-patched-linux-x86_64 0.1-1 2.44 19.91 22.35 OK
r-patched-solaris-x86 0.1-1 44.20 OK
r-release-linux-x86_64 0.1-1 2.34 19.85 22.19 OK
r-release-windows-ix86+x86_64 0.1-1 10.00 45.00 55.00 OK
r-release-osx-x86_64 0.1-1 OK
r-oldrel-windows-ix86+x86_64 0.1-1 7.00 70.00 77.00 OK
r-oldrel-osx-x86_64 0.1-1 OK

Check Details

Version: 0.1-1
Check: compiled code
Result: NOTE
    File ‘SCEPtERbinary/libs/SCEPtERbinary.so’:
     Found no calls to: ‘R_registerRoutines’, ‘R_useDynamicSymbols’
    
    It is good practice to register native routines and to disable symbol
    search.
    
    See ‘Writing portable packages’ in the ‘Writing R Extensions’ manual.
Flavors: r-devel-linux-x86_64-fedora-clang, r-devel-linux-x86_64-fedora-gcc