CRAN Package Check Results for Package SCORNET

Last updated on 2022-08-12 06:49:31 CEST.

Flavor Version Tinstall Tcheck Ttotal Status Flags
r-devel-linux-x86_64-debian-clang 0.1.1 26.89 48.23 75.12 NOTE
r-devel-linux-x86_64-debian-gcc 0.1.1 21.28 36.76 58.04 NOTE
r-devel-linux-x86_64-fedora-clang 0.1.1 112.90 NOTE
r-devel-linux-x86_64-fedora-gcc 0.1.1 105.92 NOTE
r-devel-windows-x86_64 0.1.1 32.00 106.00 138.00 NOTE
r-patched-linux-x86_64 0.1.1 20.59 46.96 67.55 NOTE
r-release-linux-x86_64 0.1.1 23.95 47.58 71.53 NOTE
r-release-macos-arm64 0.1.1 30.00 NOTE
r-release-macos-x86_64 0.1.1 42.00 NOTE
r-release-windows-x86_64 0.1.1 33.00 106.00 139.00 NOTE
r-oldrel-macos-arm64 0.1.1 39.00 NOTE
r-oldrel-macos-x86_64 0.1.1 57.00 NOTE
r-oldrel-windows-ix86+x86_64 0.1.1 73.00 103.00 176.00 NOTE

Check Details

Version: 0.1.1
Check: LazyData
Result: NOTE
     'LazyData' is specified without a 'data' directory
Flavors: r-devel-linux-x86_64-debian-clang, r-devel-linux-x86_64-debian-gcc, r-devel-linux-x86_64-fedora-clang, r-devel-linux-x86_64-fedora-gcc, r-devel-windows-x86_64, r-patched-linux-x86_64, r-release-linux-x86_64, r-release-macos-arm64, r-release-macos-x86_64, r-release-windows-x86_64, r-oldrel-macos-arm64, r-oldrel-macos-x86_64, r-oldrel-windows-ix86+x86_64

Version: 0.1.1
Check: dependencies in R code
Result: NOTE
    Namespaces in Imports field not imported from:
     ‘Matrix’ ‘pracma’
     All declared Imports should be used.
Flavors: r-devel-linux-x86_64-fedora-clang, r-devel-linux-x86_64-fedora-gcc, r-release-macos-arm64, r-release-macos-x86_64, r-oldrel-macos-arm64, r-oldrel-macos-x86_64