CRAN Package Check Results for Package SCORNET

Last updated on 2025-04-30 17:54:11 CEST.

Flavor Version Tinstall Tcheck Ttotal Status Flags
r-devel-linux-x86_64-debian-clang 0.1.1 17.68 39.60 57.28 OK
r-devel-linux-x86_64-debian-gcc 0.1.1 11.23 29.63 40.86 OK
r-devel-linux-x86_64-fedora-clang 0.1.1 103.79 NOTE
r-devel-linux-x86_64-fedora-gcc 0.1.1 107.62 NOTE
r-devel-windows-x86_64 0.1.1 23.00 83.00 106.00 OK
r-patched-linux-x86_64 0.1.1 15.93 37.74 53.67 OK
r-release-linux-x86_64 0.1.1 16.30 37.70 54.00 OK
r-release-macos-arm64 0.1.1 40.00 OK
r-release-macos-x86_64 0.1.1 64.00 OK
r-release-windows-x86_64 0.1.1 22.00 83.00 105.00 OK
r-oldrel-macos-arm64 0.1.1 36.00 NOTE
r-oldrel-macos-x86_64 0.1.1 52.00 NOTE
r-oldrel-windows-x86_64 0.1.1 25.00 102.00 127.00 NOTE

Check Details

Version: 0.1.1
Check: dependencies in R code
Result: NOTE Namespaces in Imports field not imported from: ‘Matrix’ ‘pracma’ All declared Imports should be used. Flavors: r-devel-linux-x86_64-fedora-clang, r-devel-linux-x86_64-fedora-gcc

Version: 0.1.1
Check: LazyData
Result: NOTE 'LazyData' is specified without a 'data' directory Flavors: r-oldrel-macos-arm64, r-oldrel-macos-x86_64, r-oldrel-windows-x86_64