CRAN Package Check Results for Package SDAResources

Last updated on 2024-06-13 14:49:14 CEST.

Flavor Version Tinstall Tcheck Ttotal Status Flags
r-devel-linux-x86_64-debian-clang 0.1.1 5.80 41.85 47.65 OK
r-devel-linux-x86_64-debian-gcc 0.1.1 4.33 31.33 35.66 OK
r-devel-linux-x86_64-fedora-clang 0.1.1 62.27 NOTE
r-devel-linux-x86_64-fedora-gcc 0.1.1 68.98 NOTE
r-devel-windows-x86_64 0.1.1 6.00 65.00 71.00 OK
r-patched-linux-x86_64 0.1.1 6.89 41.13 48.02 OK
r-release-linux-x86_64 0.1.1 5.51 41.17 46.68 OK
r-release-macos-arm64 0.1.1 27.00 OK
r-release-macos-x86_64 0.1.1 40.00 OK
r-release-windows-x86_64 0.1.1 6.00 67.00 73.00 OK
r-oldrel-macos-arm64 0.1.1 28.00 OK
r-oldrel-macos-x86_64 0.1.1 44.00 OK
r-oldrel-windows-x86_64 0.1.1 7.00 70.00 77.00 OK

Check Details

Version: 0.1.1
Check: data for non-ASCII characters
Result: NOTE Note: found 51 marked UTF-8 strings Flavors: r-devel-linux-x86_64-fedora-clang, r-devel-linux-x86_64-fedora-gcc