CRAN Package Check Results for Package SDCNway

Last updated on 2024-03-05 01:55:06 CET.

Flavor Version Tinstall Tcheck Ttotal Status Flags
r-devel-linux-x86_64-debian-clang 1.0.1 2.81 42.78 45.59 NOTE
r-devel-linux-x86_64-debian-gcc 1.0.1 3.04 31.87 34.91 NOTE
r-devel-linux-x86_64-fedora-clang 1.0.1 60.69 NOTE
r-devel-linux-x86_64-fedora-gcc 1.0.1 70.79 NOTE
r-devel-windows-x86_64 1.0.1 4.00 52.00 56.00 NOTE
r-patched-linux-x86_64 1.0.1 2.96 41.95 44.91 OK
r-release-linux-x86_64 1.0.1 3.64 41.35 44.99 OK
r-release-macos-arm64 1.0.1 27.00 OK
r-release-macos-x86_64 1.0.1 44.00 OK
r-release-windows-x86_64 1.0.1 6.00 59.00 65.00 OK
r-oldrel-macos-arm64 1.0.1 22.00 OK
r-oldrel-windows-x86_64 1.0.1 6.00 65.00 71.00 OK

Check Details

Version: 1.0.1
Check: Rd files
Result: NOTE checkRd: (-1) sdc_extabs.Rd:59: Lost braces 59 | (including ]code{forcelist} variables) that can be used to form tables.} | ^ Flavors: r-devel-linux-x86_64-debian-clang, r-devel-linux-x86_64-debian-gcc, r-devel-linux-x86_64-fedora-clang, r-devel-linux-x86_64-fedora-gcc, r-devel-windows-x86_64