CRAN Package Check Results for Package SDDE

Last updated on 2018-08-15 18:48:14 CEST.

Flavor Version Tinstall Tcheck Ttotal Status Flags
r-devel-linux-x86_64-debian-clang 1.0.1 4.99 35.17 40.16 NOTE
r-devel-linux-x86_64-debian-gcc 1.0.1 3.91 28.19 32.10 NOTE
r-devel-linux-x86_64-fedora-clang 1.0.1 46.56 NOTE
r-devel-linux-x86_64-fedora-gcc 1.0.1 45.54 NOTE
r-devel-windows-ix86+x86_64 1.0.1 9.00 66.00 75.00 OK
r-patched-linux-x86_64 1.0.1 5.01 33.30 38.31 NOTE
r-patched-solaris-x86 1.0.1 74.20 OK
r-release-linux-x86_64 1.0.1 4.18 33.72 37.90 NOTE
r-release-windows-ix86+x86_64 1.0.1 11.00 71.00 82.00 OK
r-release-osx-x86_64 1.0.1 OK
r-oldrel-windows-ix86+x86_64 1.0.1 8.00 90.00 98.00 OK
r-oldrel-osx-x86_64 1.0.1 OK

Check Details

Version: 1.0.1
Check: compiled code
Result: NOTE
    File ‘SDDE/libs/SDDE.so’:
     Found no calls to: ‘R_registerRoutines’, ‘R_useDynamicSymbols’
    
    It is good practice to register native routines and to disable symbol
    search.
    
    See ‘Writing portable packages’ in the ‘Writing R Extensions’ manual.
Flavors: r-devel-linux-x86_64-debian-clang, r-devel-linux-x86_64-debian-gcc, r-devel-linux-x86_64-fedora-clang, r-devel-linux-x86_64-fedora-gcc, r-patched-linux-x86_64, r-release-linux-x86_64