CRAN Package Check Results for Package SDDE

Last updated on 2018-10-19 11:48:36 CEST.

Flavor Version Tinstall Tcheck Ttotal Status Flags
r-devel-linux-x86_64-debian-clang 1.0.1 5.05 34.99 40.04 OK
r-devel-linux-x86_64-debian-gcc 1.0.1 3.51 28.74 32.25 OK
r-devel-linux-x86_64-fedora-clang 1.0.1 47.12 NOTE
r-devel-linux-x86_64-fedora-gcc 1.0.1 45.49 NOTE
r-devel-windows-ix86+x86_64 1.0.1 12.00 67.00 79.00 OK
r-patched-linux-x86_64 1.0.1 4.12 33.59 37.71 OK
r-patched-solaris-x86 1.0.1 73.00 OK
r-release-linux-x86_64 1.0.1 3.95 33.76 37.71 OK
r-release-windows-ix86+x86_64 1.0.1 12.00 102.00 114.00 OK
r-release-osx-x86_64 1.0.1 OK
r-oldrel-windows-ix86+x86_64 1.0.1 6.00 103.00 109.00 OK
r-oldrel-osx-x86_64 1.0.1 OK

Check Details

Version: 1.0.1
Check: compiled code
Result: NOTE
    File ‘SDDE/libs/SDDE.so’:
     Found no calls to: ‘R_registerRoutines’, ‘R_useDynamicSymbols’
    
    It is good practice to register native routines and to disable symbol
    search.
    
    See ‘Writing portable packages’ in the ‘Writing R Extensions’ manual.
Flavors: r-devel-linux-x86_64-fedora-clang, r-devel-linux-x86_64-fedora-gcc