CRAN Package Check Results for Package SDDE

Last updated on 2018-02-20 07:48:28 CET.

Flavor Version Tinstall Tcheck Ttotal Status Flags
r-devel-linux-x86_64-debian-clang 1.0.1 4.46 29.91 34.37 NOTE
r-devel-linux-x86_64-debian-gcc 1.0.1 3.65 26.55 30.20 NOTE
r-devel-linux-x86_64-fedora-clang 1.0.1 45.57 NOTE
r-devel-linux-x86_64-fedora-gcc 1.0.1 44.29 NOTE
r-devel-windows-ix86+x86_64 1.0.1 8.00 58.00 66.00 OK
r-patched-linux-x86_64 1.0.1 2.10 35.09 37.19 NOTE
r-patched-solaris-x86 1.0.1 70.20 OK
r-release-linux-x86_64 1.0.1 1.69 35.76 37.45 NOTE
r-release-windows-ix86+x86_64 1.0.1 7.00 87.00 94.00 OK
r-release-osx-x86_64 1.0.1 OK
r-oldrel-windows-ix86+x86_64 1.0.1 9.00 76.00 85.00 OK
r-oldrel-osx-x86_64 1.0.1 OK

Check Details

Version: 1.0.1
Check: compiled code
Result: NOTE
    File ‘SDDE/libs/SDDE.so’:
     Found no calls to: ‘R_registerRoutines’, ‘R_useDynamicSymbols’
    
    It is good practice to register native routines and to disable symbol
    search.
    
    See ‘Writing portable packages’ in the ‘Writing R Extensions’ manual.
Flavors: r-devel-linux-x86_64-debian-clang, r-devel-linux-x86_64-debian-gcc, r-devel-linux-x86_64-fedora-clang, r-devel-linux-x86_64-fedora-gcc, r-patched-linux-x86_64, r-release-linux-x86_64