CRAN Package Check Results for Package SDMTools

Last updated on 2019-05-22 05:48:35 CEST.

Flavor Version Tinstall Tcheck Ttotal Status Flags
r-devel-linux-x86_64-debian-clang 1.1-221.1 7.22 34.03 41.25 NOTE
r-devel-linux-x86_64-debian-gcc 1.1-221.1 4.95 27.33 32.28 NOTE
r-devel-linux-x86_64-fedora-clang 1.1-221.1 48.09 NOTE
r-devel-linux-x86_64-fedora-gcc 1.1-221.1 46.21 NOTE
r-devel-windows-ix86+x86_64 1.1-221.1 16.00 84.00 100.00 NOTE
r-patched-linux-x86_64 1.1-221.1 6.00 34.40 40.40 NOTE
r-patched-solaris-x86 1.1-221.1 67.70 NOTE
r-release-linux-x86_64 1.1-221.1 6.40 34.62 41.02 NOTE
r-release-windows-ix86+x86_64 1.1-221.1 24.00 65.00 89.00 NOTE
r-release-osx-x86_64 1.1-221.1 NOTE
r-oldrel-windows-ix86+x86_64 1.1-221.1 14.00 53.00 67.00 NOTE
r-oldrel-osx-x86_64 1.1-221.1 NOTE

Additional issues

rchk

Check Details

Version: 1.1-221.1
Check: package dependencies
Result: NOTE
    Package suggested but not available for checking: 'adehabitat'
Flavors: r-devel-linux-x86_64-debian-clang, r-devel-linux-x86_64-debian-gcc, r-devel-linux-x86_64-fedora-clang, r-devel-linux-x86_64-fedora-gcc, r-patched-linux-x86_64, r-patched-solaris-x86, r-release-linux-x86_64, r-release-osx-x86_64, r-oldrel-osx-x86_64

Version: 1.1-221.1
Check: dependencies in R code
Result: NOTE
    'library' or 'require' calls in package code:
     'raster' 'sp'
     Please use :: or requireNamespace() instead.
     See section 'Suggested packages' in the 'Writing R Extensions' manual.
Flavors: r-devel-linux-x86_64-debian-clang, r-devel-linux-x86_64-debian-gcc, r-devel-linux-x86_64-fedora-clang, r-devel-linux-x86_64-fedora-gcc, r-devel-windows-ix86+x86_64, r-patched-linux-x86_64, r-patched-solaris-x86, r-release-linux-x86_64, r-release-windows-ix86+x86_64, r-release-osx-x86_64, r-oldrel-windows-ix86+x86_64, r-oldrel-osx-x86_64

Version: 1.1-221.1
Check: R code for possible problems
Result: NOTE
    ConnCompLabel: no visible global function definition for 'setValues'
    SigDiff: no visible global function definition for 'setValues'
    asc.from.raster: no visible global function definition for 'getValues'
    aspect: no visible global function definition for 'setValues'
    grid.area: no visible global function definition for 'setValues'
    grid.perimeter: no visible global function definition for 'setValues'
    lcmw: no visible global function definition for 'setValues'
    raster.from.asc: no visible global function definition for 'raster'
    raster.from.asc: no visible global function definition for
     'projection<-'
    raster.from.asc: no visible global function definition for 'setValues'
    slope: no visible global function definition for 'setValues'
    sp.from.asc: no visible global function definition for 'CRS'
    sp.from.asc: no visible global function definition for 'GridTopology'
    sp.from.asc: no visible global function definition for
     'SpatialGridDataFrame'
    Undefined global functions or variables:
     CRS GridTopology SpatialGridDataFrame getValues projection<- raster
     setValues
Flavors: r-devel-linux-x86_64-debian-clang, r-devel-linux-x86_64-debian-gcc, r-devel-linux-x86_64-fedora-clang, r-devel-linux-x86_64-fedora-gcc, r-devel-windows-ix86+x86_64, r-patched-linux-x86_64, r-patched-solaris-x86, r-release-linux-x86_64, r-release-windows-ix86+x86_64, r-release-osx-x86_64, r-oldrel-windows-ix86+x86_64, r-oldrel-osx-x86_64

Version: 1.1-221.1
Check: compiled code
Result: NOTE
    File ‘SDMTools/libs/SDMTools.so’:
     Found no calls to: ‘R_registerRoutines’, ‘R_useDynamicSymbols’
    
    It is good practice to register native routines and to disable symbol
    search.
    
    See ‘Writing portable packages’ in the ‘Writing R Extensions’ manual.
Flavors: r-devel-linux-x86_64-fedora-clang, r-devel-linux-x86_64-fedora-gcc