Last updated on 2022-08-10 05:55:00 CEST.
Flavor | Version | Tinstall | Tcheck | Ttotal | Status | Flags |
---|---|---|---|---|---|---|
r-devel-linux-x86_64-debian-clang | 2.0.1 | 276.38 | 914.88 | 1191.26 | OK | |
r-devel-linux-x86_64-debian-gcc | 2.0.1 | 230.59 | 633.79 | 864.38 | OK | |
r-devel-linux-x86_64-fedora-clang | 2.0.1 | 1416.35 | NOTE | |||
r-devel-linux-x86_64-fedora-gcc | 2.0.1 | 1397.63 | OK | |||
r-devel-windows-x86_64 | 2.0.1 | 230.00 | 708.00 | 938.00 | NOTE | |
r-patched-linux-x86_64 | 2.0.1 | 260.59 | 859.59 | 1120.18 | OK | |
r-release-linux-x86_64 | 2.0.1 | OK | ||||
r-release-macos-arm64 | 2.0.1 | 294.00 | NOTE | |||
r-release-macos-x86_64 | 2.0.1 | 489.00 | NOTE | |||
r-release-windows-x86_64 | 2.0.1 | 218.00 | 694.00 | 912.00 | NOTE | |
r-oldrel-macos-arm64 | 2.0.1 | 232.00 | NOTE | |||
r-oldrel-macos-x86_64 | 2.0.1 | 345.00 | NOTE | |||
r-oldrel-windows-ix86+x86_64 | 2.0.1 | 431.00 | 774.00 | 1205.00 | NOTE |
Version: 2.0.1
Check: installed package size
Result: NOTE
installed size is 8.8Mb
sub-directories of 1Mb or more:
R 8.1Mb
Flavors: r-devel-linux-x86_64-fedora-clang, r-devel-windows-x86_64, r-release-macos-arm64, r-release-macos-x86_64, r-release-windows-x86_64, r-oldrel-macos-arm64, r-oldrel-macos-x86_64, r-oldrel-windows-ix86+x86_64