Last updated on 2022-08-08 08:51:05 CEST.
Flavor | Version | Tinstall | Tcheck | Ttotal | Status | Flags |
---|---|---|---|---|---|---|
r-devel-linux-x86_64-debian-clang | 2.0-0.0 | 65.14 | 314.11 | 379.25 | OK | |
r-devel-linux-x86_64-debian-gcc | 2.0-0.0 | 55.47 | 224.30 | 279.77 | OK | |
r-devel-linux-x86_64-fedora-clang | 2.0-0.0 | 451.91 | NOTE | |||
r-devel-linux-x86_64-fedora-gcc | 2.0-0.0 | 444.09 | OK | |||
r-devel-windows-x86_64 | 2.0-0.0 | 80.00 | 311.00 | 391.00 | NOTE | |
r-patched-linux-x86_64 | 2.0-0.0 | 58.92 | 293.60 | 352.52 | OK | |
r-release-linux-x86_64 | 2.0-0.0 | OK | ||||
r-release-macos-arm64 | 2.0-0.0 | 106.00 | NOTE | |||
r-release-macos-x86_64 | 2.0-0.0 | 144.00 | NOTE | |||
r-release-windows-x86_64 | 2.0-0.0 | 73.00 | 308.00 | 381.00 | NOTE | |
r-oldrel-macos-arm64 | 2.0-0.0 | 107.00 | NOTE | |||
r-oldrel-macos-x86_64 | 2.0-0.0 | 148.00 | NOTE | |||
r-oldrel-windows-ix86+x86_64 | 2.0-0.0 | 108.00 | 317.00 | 425.00 | NOTE |
Version: 2.0-0.0
Check: package dependencies
Result: NOTE
Imports includes 22 non-default packages.
Importing from so many packages makes the package vulnerable to any of
them becoming unavailable. Move as many as possible to Suggests and
use conditionally.
Flavor: r-devel-linux-x86_64-fedora-clang
Version: 2.0-0.0
Check: installed package size
Result: NOTE
installed size is 7.4Mb
sub-directories of 1Mb or more:
R 1.3Mb
doc 5.0Mb
Flavors: r-devel-linux-x86_64-fedora-clang, r-devel-windows-x86_64, r-release-macos-arm64, r-release-macos-x86_64, r-release-windows-x86_64, r-oldrel-macos-arm64, r-oldrel-macos-x86_64, r-oldrel-windows-ix86+x86_64