CRAN Package Check Results for Package SGP

Last updated on 2018-10-20 03:50:47 CEST.

Flavor Version Tinstall Tcheck Ttotal Status Flags
r-devel-linux-x86_64-debian-clang 1.8-0.0 40.45 222.39 262.84 OK
r-devel-linux-x86_64-debian-gcc 1.8-0.0 37.04 170.83 207.87 OK
r-devel-linux-x86_64-fedora-clang 1.8-0.0 316.32 NOTE
r-devel-linux-x86_64-fedora-gcc 1.8-0.0 305.68 OK
r-devel-windows-ix86+x86_64 1.8-0.0 82.00 279.00 361.00 NOTE
r-patched-linux-x86_64 1.8-0.0 33.22 199.03 232.25 OK
r-patched-solaris-x86 1.8-0.0 370.90 WARN
r-release-linux-x86_64 1.8-0.0 40.38 197.63 238.01 OK
r-release-windows-ix86+x86_64 1.8-0.0 78.00 287.00 365.00 NOTE
r-release-osx-x86_64 1.8-0.0 WARN
r-oldrel-windows-ix86+x86_64 1.8-0.0 59.00 277.00 336.00 NOTE
r-oldrel-osx-x86_64 1.8-0.0 WARN

Check Details

Version: 1.8-0.0
Check: installed package size
Result: NOTE
     installed size is 5.6Mb
     sub-directories of 1Mb or more:
     R 1.2Mb
     doc 3.3Mb
Flavors: r-devel-linux-x86_64-fedora-clang, r-devel-windows-ix86+x86_64, r-patched-solaris-x86, r-release-windows-ix86+x86_64, r-release-osx-x86_64, r-oldrel-windows-ix86+x86_64, r-oldrel-osx-x86_64

Version: 1.8-0.0
Check: re-building of vignette outputs
Result: WARN
    Error in re-building vignettes:
     ...
    Warning in engine$weave(file, quiet = quiet, encoding = enc) :
     Pandoc (>= 1.12.3) and/or pandoc-citeproc not available. Falling back to R Markdown v1.
    Quitting from lines 13-29 (SGP.Rmd)
    Error: processing vignette 'SGP.Rmd' failed with diagnostics:
    argument is of length zero
    Execution halted
Flavors: r-patched-solaris-x86, r-release-osx-x86_64, r-oldrel-osx-x86_64