Last updated on 2021-03-05 13:48:35 CET.
Flavor | Version | Tinstall | Tcheck | Ttotal | Status | Flags |
---|---|---|---|---|---|---|
r-devel-linux-x86_64-debian-clang | 23.0-0.0 | 12.94 | 44.28 | 57.22 | OK | |
r-devel-linux-x86_64-debian-gcc | 23.0-0.0 | 11.51 | 34.60 | 46.11 | OK | |
r-devel-linux-x86_64-fedora-clang | 23.0-0.0 | 83.18 | NOTE | |||
r-devel-linux-x86_64-fedora-gcc | 23.0-0.0 | 72.08 | OK | |||
r-devel-windows-ix86+x86_64 | 23.0-0.0 | 23.00 | 62.00 | 85.00 | NOTE | |
r-patched-linux-x86_64 | 23.0-0.0 | OK | ||||
r-patched-solaris-x86 | 23.0-0.0 | 115.10 | WARN | |||
r-release-linux-x86_64 | 23.0-0.0 | 12.67 | 42.70 | 55.37 | OK | |
r-release-macos-x86_64 | 23.0-0.0 | WARN | ||||
r-release-windows-ix86+x86_64 | 23.0-0.0 | 22.00 | 48.00 | 70.00 | NOTE | |
r-oldrel-macos-x86_64 | 23.0-0.0 | WARN | ||||
r-oldrel-windows-ix86+x86_64 | 23.0-0.0 | 22.00 | 43.00 | 65.00 | NOTE |
Version: 23.0-0.0
Check: installed package size
Result: NOTE
installed size is 8.0Mb
sub-directories of 1Mb or more:
data 7.8Mb
Flavors: r-devel-linux-x86_64-fedora-clang, r-devel-windows-ix86+x86_64, r-patched-solaris-x86, r-release-macos-x86_64, r-release-windows-ix86+x86_64, r-oldrel-macos-x86_64, r-oldrel-windows-ix86+x86_64
Version: 23.0-0.0
Check: re-building of vignette outputs
Result: WARN
Error(s) in re-building vignettes:
...
--- re-building ‘SGPdata.Rmd’ using rmarkdown
Warning in engine$weave(file, quiet = quiet, encoding = enc) :
Pandoc (>= 1.12.3) and/or pandoc-citeproc not available. Falling back to R Markdown v1.
Quitting from lines 13-28 (SGPdata.Rmd)
Error: processing vignette 'SGPdata.Rmd' failed with diagnostics:
argument is of length zero
--- failed re-building ‘SGPdata.Rmd’
SUMMARY: processing the following file failed:
‘SGPdata.Rmd’
Error: Vignette re-building failed.
Execution halted
Flavors: r-patched-solaris-x86, r-release-macos-x86_64, r-oldrel-macos-x86_64