CRAN Package Check Results for Package SIBER

Last updated on 2018-10-20 03:50:47 CEST.

Flavor Version Tinstall Tcheck Ttotal Status Flags
r-devel-linux-x86_64-debian-clang 2.1.3 2.38 111.83 114.21 OK
r-devel-linux-x86_64-debian-gcc 2.1.3 1.64 83.54 85.18 OK
r-devel-linux-x86_64-fedora-clang 2.1.3 136.19 NOTE
r-devel-linux-x86_64-fedora-gcc 2.1.3 135.74 NOTE
r-devel-windows-ix86+x86_64 2.1.3 6.00 163.00 169.00 ERROR
r-patched-linux-x86_64 2.1.3 2.24 110.16 112.40 OK
r-patched-solaris-x86 2.1.3 171.60 NOTE
r-release-linux-x86_64 2.1.3 2.27 111.70 113.97 OK
r-release-windows-ix86+x86_64 2.1.3 7.00 169.00 176.00 OK
r-release-osx-x86_64 2.1.3 NOTE
r-oldrel-windows-ix86+x86_64 2.1.3 4.00 179.00 183.00 OK
r-oldrel-osx-x86_64 2.1.3 NOTE

Check Details

Version: 2.1.3
Check: dependencies in R code
Result: NOTE
    Namespaces in Imports field not imported from:
     ‘dplyr’ ‘ggplot2’ ‘viridis’
     All declared Imports should be used.
Flavors: r-devel-linux-x86_64-fedora-clang, r-devel-linux-x86_64-fedora-gcc, r-patched-solaris-x86, r-release-osx-x86_64, r-oldrel-osx-x86_64

Version: 2.1.3
Check: examples
Result: ERROR
    Running examples in 'SIBER-Ex.R' failed
    The error most likely occurred in:
    
    > ### Name: fitEllipse
    > ### Title: Fit a multivariate normal distribution to x and y data using
    > ### jags
    > ### Aliases: fitEllipse
    >
    > ### ** Examples
    >
    > x <- stats::rnorm(50)
    > y <- stats::rnorm(50)
    > parms <- list()
    > parms$n.iter <- 2 * 10^3
    > parms$n.burnin <- 500
    > parms$n.thin <- 2
    > parms$n.chains <- 2
    > priors <- list()
    > priors$R <- 1 * diag(2)
    > priors$k <- 2
    > priors$tau.mu <- 1.0E-3
    > fitEllipse(x, y, parms, priors)
    Compiling model graph
     Resolving undeclared variables
     Allocating nodes
    Graph information:
     Observed stochastic nodes: 50
     Unobserved stochastic nodes: 3
     Total graph size: 66
    
    Initializing model
    
    [[1]]
    Markov Chain Monte Carlo (MCMC) output:
    Start = 10
    End = 2000
    Thinning interval = 10
     Sigma2[1,1] Sigma2[2,1] Sigma2[1,2] Sigma2[2,2] mu[1]
     [1,] 0.8899856 -0.052494166 -0.052494166 0.8221061 0.0325730385
     [2,] 0.8543416 -0.198765702 -0.198765702 0.9359267 -0.2538111330
     [3,] 0.7794699 0.010484591 0.010484591 0.7970335 0.1287213319
     [4,] 0.6708921 0.125654924 0.125654924 1.2338188 0.0704128461
     [5,] 0.6319801 -0.080034034 -0.080034034 0.8897962 0.1484891225
     [6,] 0.5821405 0.004510944 0.004510944 0.8958565 0.1188343683
     [7,] 0.4621456 -0.029825622 -0.029825622 1.2976803 0.0597643052
     [8,] 0.8851910 -0.120477754 -0.120477754 0.8259500 0.0978948296
     [9,] 0.7267963 -0.152408451 -0.152408451 0.7494486 -0.0167509389
     [10,] 0.7505566 -0.095118312 -0.095118312 0.9222022 0.2305126734
     [11,] 0.7563214 -0.095065480 -0.095065480 0.9226433 -0.0531291228
     [12,] 0.6926549 0.046665924 0.046665924 0.9559537 0.2076388237
     [13,] 0.7113404 0.031865659 0.031865659 0.8519092 0.0378823934
     [14,] 0.9145930 0.230691558 0.230691558 0.9783967 -0.0545533015
     [15,] 0.6073128 -0.031840848 -0.031840848 0.7656888 0.1249533244
     [16,] 0.5116972 0.023836088 0.023836088 0.8433306 0.1765854069
     [17,] 0.8062561 -0.155282280 -0.155282280 1.9590604 0.1464920154
     [18,] 0.5443008 -0.145882867 -0.145882867 0.9212517 0.0799939833
     [19,] 0.7621468 -0.005717255 -0.005717255 1.3617597 0.0578387947
     [20,] 0.7302301 0.148289169 0.148289169 0.8791030 0.1515619718
     [21,] 0.6865862 0.067431044 0.067431044 1.2191028 0.1541654560
     [22,] 0.7092621 0.025564488 0.025564488 0.9665112 -0.0060952049
     [23,] 0.6872453 0.122409175 0.122409175 1.0635205 -0.0789831895
     [24,] 0.8532443 0.021464340 0.021464340 1.0826957 -0.0430607566
     [25,] 0.6085056 -0.155477116 -0.155477116 1.2374432 0.1438750410
     [26,] 0.6388150 -0.130979671 -0.130979671 1.0746638 0.1765240338
     [27,] 0.6270227 0.078853682 0.078853682 1.0198619 0.1244542086
     [28,] 0.5476245 -0.149850043 -0.149850043 0.8743634 0.0557870175
     [29,] 0.8307883 -0.112747018 -0.112747018 1.0046106 -0.0962689046
     [30,] 0.6526489 -0.057339992 -0.057339992 0.6614867 0.0901213029
     [31,] 0.6402275 -0.085974992 -0.085974992 0.7456212 0.0461793825
     [32,] 0.5520648 0.103765740 0.103765740 0.8979192 0.1535210634
     [33,] 0.7638345 0.315871298 0.315871298 0.8821245 -0.0076048353
     [34,] 0.7459451 -0.209053728 -0.209053728 1.0523218 0.0553970193
     [35,] 0.7253808 0.056477783 0.056477783 1.0924582 0.0720398291
     [36,] 0.5633779 0.006590494 0.006590494 0.9763262 0.0665739657
     [37,] 0.7426910 -0.003449836 -0.003449836 0.9377510 0.0525471307
     [38,] 1.3512487 -0.061740883 -0.061740883 0.7779542 0.3639404276
     [39,] 0.5079921 0.016033966 0.016033966 1.0392493 0.2778296862
     [40,] 0.5336862 -0.017158496 -0.017158496 1.0076269 0.2166151558
     [41,] 0.7906797 0.024379696 0.024379696 0.7081177 0.2803816975
     [42,] 0.7903203 -0.159792819 -0.159792819 0.7657484 -0.0005621871
     [43,] 0.8103883 -0.304448059 -0.304448059 0.7607865 0.0884540324
     [44,] 0.6595042 -0.044034784 -0.044034784 0.9197373 0.1992760371
     [45,] 0.5492409 -0.130028388 -0.130028388 0.8705874 0.1086429973
     [46,] 0.8083552 -0.168893633 -0.168893633 1.1075262 -0.0219454323
     [47,] 0.9806660 -0.122151581 -0.122151581 0.8012832 0.2636849548
     [48,] 0.6960257 -0.054173299 -0.054173299 0.7534134 0.2913669801
     [49,] 0.7818917 0.107162515 0.107162515 0.9716690 0.0173715903
     [50,] 0.6507179 0.003689828 0.003689828 1.2881309 0.2585235792
     [51,] 0.7226693 0.006274433 0.006274433 1.0942035 0.0050879401
     [52,] 1.0677081 0.020727280 0.020727280 0.7264726 -0.0640796798
     [53,] 0.5965749 -0.027131077 -0.027131077 0.9031904 0.0866777919
     [54,] 0.7839186 -0.041213732 -0.041213732 0.9956414 -0.0720190153
     [55,] 0.5953037 0.074327960 0.074327960 1.0015147 0.0921548113
     [56,] 0.6557257 0.085430930 0.085430930 1.1322647 0.1963072451
     [57,] 0.8208958 0.039656562 0.039656562 1.1910306 0.1674473730
     [58,] 0.6532298 0.022195507 0.022195507 0.7106814 0.1819199272
     [59,] 0.8314840 -0.053067888 -0.053067888 1.1297787 0.0948732279
     [60,] 0.8324805 -0.138531106 -0.138531106 1.4524746 -0.1180816679
     [61,] 0.8021668 -0.119384920 -0.119384920 1.0103510 0.2817636001
     [62,] 0.7058358 0.029311616 0.029311616 0.9572373 0.2064667613
     [63,] 0.6759743 -0.074077847 -0.074077847 1.1373859 0.2306504400
     [64,] 0.6806199 -0.142694342 -0.142694342 1.0931254 0.1997799880
     [65,] 0.7060880 -0.043025113 -0.043025113 0.8667749 0.1700725892
     [66,] 0.7414223 -0.008892133 -0.008892133 1.0780034 0.1542406909
     [67,] 0.6427724 0.030193255 0.030193255 0.7561368 0.2074962761
     [68,] 0.6696812 0.017761354 0.017761354 0.6944675 -0.0562235453
     [69,] 0.7181042 -0.089745724 -0.089745724 0.7308630 0.2543560657
     [70,] 0.6609157 0.144498025 0.144498025 1.0349437 -0.0651628888
     [71,] 0.7477988 -0.188149180 -0.188149180 1.0043044 0.2220695652
     [72,] 0.9738851 -0.165548937 -0.165548937 1.0947641 0.0789832439
     [73,] 0.6533562 -0.049330569 -0.049330569 0.8121351 0.0859720799
     [74,] 0.7733352 0.021403472 0.021403472 0.9044336 0.1226426224
     [75,] 0.6915264 -0.177043537 -0.177043537 0.8539944 0.2036538123
     [76,] 1.0129453 0.101794915 0.101794915 0.6944271 -0.0368084803
     [77,] 0.7564354 -0.099227402 -0.099227402 0.9656825 0.0408930836
     [78,] 0.7927449 -0.020328365 -0.020328365 0.7396287 0.0108943005
     [79,] 0.6423266 -0.103227701 -0.103227701 0.8898963 0.0506460518
     [80,] 0.7628826 -0.079000296 -0.079000296 1.0913596 0.0703143473
     [81,] 0.7342165 -0.126512479 -0.126512479 1.0189348 0.0318255937
     [82,] 0.5495201 -0.045721734 -0.045721734 0.8811134 -0.0455036777
     [83,] 0.9268999 -0.307523009 -0.307523009 1.3745592 -0.0456474049
     [84,] 0.6004260 -0.088322277 -0.088322277 1.0129336 0.2048809805
     [85,] 0.6510413 0.130085886 0.130085886 0.7449135 -0.1111837383
     [86,] 0.9703932 -0.374214955 -0.374214955 1.3004991 0.1079811865
     [87,] 0.6673727 -0.050315369 -0.050315369 0.9320604 0.0496528883
     [88,] 0.9977124 0.028554451 0.028554451 0.7566637 0.2760034550
     [89,] 0.6665068 -0.119815205 -0.119815205 0.9485489 0.0744181035
     [90,] 0.5921186 -0.053840491 -0.053840491 1.4272490 0.0290109454
     [91,] 0.7819696 -0.153041202 -0.153041202 0.9430083 0.0680091331
     [92,] 0.9354212 -0.252172969 -0.252172969 0.8493384 0.0697694922
     [93,] 0.7212719 -0.154786413 -0.154786413 1.0358249 0.0175577544
     [94,] 0.6694563 0.018618706 0.018618706 0.8823298 0.1833448724
     [95,] 0.7134662 0.003747137 0.003747137 1.0049742 0.0479436031
     [96,] 0.7804343 -0.042275735 -0.042275735 0.9427432 -0.1297503818
     [97,] 0.6246225 -0.180638567 -0.180638567 0.8200178 0.0919720335
     [98,] 0.6200630 -0.170570734 -0.170570734 0.7267325 0.1964326330
     [99,] 0.9864350 -0.349589191 -0.349589191 0.9375247 -0.0908947753
    [100,] 0.5471092 -0.127292329 -0.127292329 0.8651173 0.2142265111
    [101,] 0.8704224 -0.117604230 -0.117604230 0.8596693 -0.0300418165
    [102,] 0.8525481 -0.131269080 -0.131269080 0.8589927 0.0865506801
    [103,] 0.8920193 -0.061326388 -0.061326388 0.9602212 0.1959877296
    [104,] 1.0635947 -0.001513842 -0.001513842 1.1042574 0.3268352751
    [105,] 0.6284968 -0.074608668 -0.074608668 0.6883297 0.0398959267
    [106,] 0.8119445 -0.012314422 -0.012314422 0.8882277 0.0050917998
    [107,] 0.5032430 -0.049996367 -0.049996367 0.7332490 0.2074864572
    [108,] 0.6146845 -0.077844081 -0.077844081 1.4765008 0.1806817138
    [109,] 0.8465524 0.034454324 0.034454324 0.7424579 -0.1664326937
    [110,] 0.5600109 -0.026253647 -0.026253647 0.8310428 0.2258855293
    [111,] 0.8008068 -0.029602820 -0.029602820 1.0391924 0.1962683519
    [112,] 0.7850326 -0.065342242 -0.065342242 1.0204725 0.0261499845
    [113,] 0.6337587 -0.047642924 -0.047642924 1.1041685 0.0285505314
    [114,] 0.8100151 -0.046961839 -0.046961839 0.9665259 0.4699905551
    [115,] 0.7859722 0.143595970 0.143595970 0.9627189 0.2036341444
    [116,] 0.9489890 -0.323333391 -0.323333391 0.9419113 0.3964840511
    [117,] 0.9622458 -0.198227345 -0.198227345 0.8749716 0.1986672064
    [118,] 0.7815707 0.056239956 0.056239956 0.9585984 -0.0146050748
    [119,] 0.5994242 -0.127167396 -0.127167396 0.9946456 0.0509317098
    [120,] 0.7131402 -0.029208988 -0.029208988 0.8348020 0.0447657830
    [121,] 0.6328914 -0.110777558 -0.110777558 1.2598323 0.0849838108
    [122,] 0.9103473 0.003230523 0.003230523 0.8399427 0.0485715773
    [123,] 0.8476375 0.055309974 0.055309974 0.6598215 0.0895468823
    [124,] 0.6307189 -0.186257475 -0.186257475 1.1362957 0.2529003717
    [125,] 0.6871524 -0.090178068 -0.090178068 1.1344172 0.1505621148
    [126,] 0.7860289 -0.008418410 -0.008418410 0.8571354 0.1463536179
    [127,] 0.7227759 -0.046659932 -0.046659932 1.2534190 0.1211179836
    [128,] 0.8119357 -0.140158721 -0.140158721 0.9369958 0.0379609988
    [129,] 0.7963043 0.084003872 0.084003872 0.9529635 0.1773083272
    [130,] 0.7239302 -0.242381728 -0.242381728 0.8397234 -0.0673275196
    [131,] 0.6959271 -0.149138797 -0.149138797 0.7218415 0.0224086528
    [132,] 1.0136233 0.002864750 0.002864750 1.0003037 0.0031966313
    [133,] 0.6400984 -0.144359028 -0.144359028 0.8836571 0.0354005352
    [134,] 0.6783946 0.190963766 0.190963766 1.0282365 0.2168230099
    [135,] 0.5077256 -0.313874106 -0.313874106 1.5631975 0.0975399074
    [136,] 0.9507394 -0.188895578 -0.188895578 1.1695649 0.0558168612
    [137,] 0.7288146 0.071688639 0.071688639 0.9225215 0.3231325349
    [138,] 0.5877129 -0.033497599 -0.033497599 0.7589551 0.0243158978
    [139,] 0.7034134 -0.094754446 -0.094754446 0.8715615 -0.1678315004
    [140,] 0.6896208 0.024579726 0.024579726 1.0698048 0.2028497966
    [141,] 1.1436251 -0.269670647 -0.269670647 0.9471050 -0.1821176007
    [142,] 0.7713900 0.089521801 0.089521801 0.5999535 -0.1514397381
    [143,] 0.5807194 0.110190268 0.110190268 1.0473133 0.2283806251
    [144,] 0.5934545 -0.037737936 -0.037737936 0.9409921 0.0300667642
    [145,] 0.8131374 0.266688178 0.266688178 1.4516050 0.2959443080
    [146,] 0.7332680 0.019449240 0.019449240 0.7589791 -0.0125355231
    [147,] 0.7002460 -0.119665035 -0.119665035 0.9882268 0.1004391328
    [148,] 0.5246837 0.040815858 0.040815858 0.8475206 0.0602065270
    [149,] 0.6522252 -0.080495399 -0.080495399 1.0714805 0.0667920758
    [150,] 1.0005961 0.311125763 0.311125763 0.9140261 0.0738157767
    [151,] 0.7866803 -0.085616396 -0.085616396 1.1457136 -0.0161518548
    [152,] 1.0501586 0.196599938 0.196599938 0.8487903 0.2018503480
    [153,] 0.6439080 -0.028305697 -0.028305697 0.8884418 0.1105998176
    [154,] 1.1675205 0.081143442 0.081143442 1.0615988 -0.0131191439
    [155,] 0.7357064 0.013284048 0.013284048 1.0749521 -0.0748966603
    [156,] 0.8031461 -0.121498309 -0.121498309 1.0119166 0.2542638168
    [157,] 0.5996621 -0.171230354 -0.171230354 0.7814743 0.3224142264
    [158,] 0.7578632 -0.061638550 -0.061638550 1.0763361 0.0408310133
    [159,] 0.6475183 0.057483636 0.057483636 0.8754034 0.1755414243
    [160,] 0.6897196 -0.064606746 -0.064606746 0.9464378 0.1012965813
    [161,] 0.6130937 -0.039971084 -0.039971084 0.8915876 0.0725483099
    [162,] 1.0134520 0.097055251 0.097055251 0.6148244 0.2014669457
    [163,] 0.6078763 0.076028757 0.076028757 0.9059790 -0.0074518225
    [164,] 0.7596673 0.035450455 0.035450455 1.1129914 0.2087955162
    [165,] 1.2194371 0.110934032 0.110934032 1.1979616 -0.1913763937
    [166,] 0.5839751 -0.068041418 -0.068041418 0.8370821 0.0463994785
    [167,] 0.8154909 -0.021721333 -0.021721333 1.4706395 0.0926127003
    [168,] 0.4992071 -0.105373283 -0.105373283 0.6073444 -0.0393783389
    [169,] 0.8117779 0.184045358 0.184045358 0.9906801 0.1233658044
    [170,] 0.7601914 -0.181880435 -0.181880435 1.4417454 0.0881420603
    [171,] 0.8421911 0.039788533 0.039788533 0.7033022 0.1659907653
    [172,] 0.6436841 -0.160101124 -0.160101124 0.8370122 0.2091868874
    [173,] 0.7116001 0.014503461 0.014503461 0.8655150 0.2012481187
    [174,] 0.6554194 -0.055341375 -0.055341375 1.0199776 0.2147973235
    [175,] 0.7196294 -0.150867375 -0.150867375 0.9396270 0.1413287234
    [176,] 0.7567796 -0.297891105 -0.297891105 1.2236389 0.0422763609
    [177,] 0.5254554 -0.042626692 -0.042626692 0.6650945 0.1237683925
    [178,] 0.6085821 0.012345126 0.012345126 0.8982568 0.1047531067
    [179,] 0.6620261 -0.008675055 -0.008675055 0.7411881 0.2821439581
    [180,] 0.6620406 0.055354174 0.055354174 0.8942728 0.2121660047
    [181,] 0.6960627 -0.082680852 -0.082680852 1.0842007 0.2337849224
    [182,] 0.5634670 -0.017384059 -0.017384059 0.5545562 0.1255565867
    [183,] 0.9895160 -0.191860292 -0.191860292 0.8815797 -0.0323215553
    [184,] 0.7893654 -0.094203153 -0.094203153 1.0644597 0.2722425281
    [185,] 0.7749538 -0.124184026 -0.124184026 0.7041567 0.0820990650
    [186,] 0.9145335 0.378318764 0.378318764 1.1744892 -0.0003337119
    [187,] 0.7851425 -0.172248681 -0.172248681 0.8370195 0.1534639680
    [188,] 0.6740526 0.079270622 0.079270622 1.0736954 0.2138574214
    [189,] 0.8523607 -0.158043638 -0.158043638 0.8988870 0.2430854780
    [190,] 0.4958475 -0.130556818 -0.130556818 0.7622418 0.2185716263
    [191,] 0.7237153 0.092052419 0.092052419 1.0020484 0.3480640068
    [192,] 0.5738823 -0.080100678 -0.080100678 0.8210240 0.1051638305
    [193,] 0.7616112 -0.267630749 -0.267630749 0.9214768 0.0327964123
    [194,] 1.0305583 0.132653352 0.132653352 1.0343876 0.1852514456
    [195,] 0.8164964 -0.194113756 -0.194113756 1.1945755 -0.2121541286
    [196,] 0.7409268 0.008468803 0.008468803 0.7146590 -0.0595216970
    [197,] 0.7157566 -0.025824906 -0.025824906 0.8148717 0.3483062826
    [198,] 0.4827783 -0.074836424 -0.074836424 0.8897622 0.1531793946
    [199,] 0.7060374 0.126140217 0.126140217 1.0737574 0.1876142845
    [200,] 0.8024918 -0.297487766 -0.297487766 1.0213710 0.1809691511
     mu[2]
     [1,] 0.2519894091
     [2,] 0.1583497839
     [3,] 0.1629192888
     [4,] -0.0745292932
     [5,] 0.1064162509
     [6,] 0.1208193982
     [7,] -0.0522812525
     [8,] 0.0832719231
     [9,] 0.1768603851
     [10,] 0.0662783353
     [11,] 0.2665284007
     [12,] 0.2021378132
     [13,] -0.0247621356
     [14,] -0.0900135813
     [15,] -0.0389877918
     [16,] 0.2329595399
     [17,] 0.0823058729
     [18,] 0.0011325296
     [19,] 0.3379791430
     [20,] 0.3128607679
     [21,] 0.3729158380
     [22,] 0.0722513033
     [23,] 0.3107563265
     [24,] 0.1368143369
     [25,] 0.2406549548
     [26,] 0.1065989492
     [27,] 0.2275383631
     [28,] 0.1749670410
     [29,] -0.1361959963
     [30,] 0.1549841790
     [31,] 0.0858713412
     [32,] 0.0578666895
     [33,] 0.3472741242
     [34,] 0.2429842255
     [35,] 0.1646977768
     [36,] 0.1356664162
     [37,] 0.2066022161
     [38,] 0.1087019060
     [39,] 0.3152044217
     [40,] 0.1356358916
     [41,] 0.1118619284
     [42,] 0.1996469748
     [43,] 0.1199966662
     [44,] 0.1418400910
     [45,] 0.0974284596
     [46,] 0.1610574645
     [47,] -0.0036069900
     [48,] -0.0108069303
     [49,] 0.2579625987
     [50,] -0.1120054121
     [51,] 0.1117509547
     [52,] 0.4339589533
     [53,] 0.0112243528
     [54,] 0.3075250609
     [55,] 0.0628073524
     [56,] 0.3919715075
     [57,] -0.0892242351
     [58,] -0.0843767178
     [59,] -0.0580549280
     [60,] 0.2049785156
     [61,] 0.1440759623
     [62,] -0.0467348657
     [63,] 0.0029577797
     [64,] 0.1390507469
     [65,] 0.0953980230
     [66,] 0.0861340473
     [67,] 0.2102104118
     [68,] 0.1453614178
     [69,] 0.1996716399
     [70,] 0.2469163576
     [71,] 0.1952557280
     [72,] 0.2530784713
     [73,] 0.2844392860
     [74,] 0.0742140173
     [75,] 0.0982487381
     [76,] 0.1125695845
     [77,] 0.1104575655
     [78,] 0.2555660985
     [79,] 0.0201107383
     [80,] 0.2901796708
     [81,] 0.3286435413
     [82,] 0.0841135641
     [83,] 0.0245212532
     [84,] 0.0216761470
     [85,] 0.0854043770
     [86,] 0.0781129910
     [87,] 0.2917106141
     [88,] 0.0172293962
     [89,] 0.0063555922
     [90,] -0.0367364997
     [91,] 0.3180740445
     [92,] 0.1502327944
     [93,] 0.1393580643
     [94,] 0.0167710914
     [95,] 0.0614153903
     [96,] -0.0639839290
     [97,] 0.1077266433
     [98,] 0.1030316730
     [99,] 0.0656404483
    [100,] 0.0703714658
    [101,] 0.0338144175
    [102,] 0.2538336865
    [103,] 0.0975852723
    [104,] 0.1294459226
    [105,] 0.4336475710
    [106,] 0.1618541149
    [107,] 0.2459332200
    [108,] 0.3762254165
    [109,] 0.1334185883
    [110,] 0.1571438216
    [111,] 0.1631970205
    [112,] 0.1666261526
    [113,] 0.2429073105
    [114,] 0.1327236269
    [115,] 0.1983518434
    [116,] -0.0318733417
    [117,] 0.0935335872
    [118,] 0.1566709132
    [119,] 0.1604377123
    [120,] 0.0958600670
    [121,] 0.3615805459
    [122,] 0.1153346800
    [123,] 0.1041006705
    [124,] 0.2378500209
    [125,] 0.1795742591
    [126,] 0.4107817682
    [127,] -0.2300122013
    [128,] 0.0397414894
    [129,] 0.0951385054
    [130,] 0.0004296084
    [131,] 0.0879075738
    [132,] 0.1772837270
    [133,] 0.1529762197
    [134,] 0.3392957197
    [135,] 0.1889458665
    [136,] -0.1663680775
    [137,] 0.0455393170
    [138,] 0.0029618142
    [139,] 0.2815951098
    [140,] -0.0811721386
    [141,] 0.1678308911
    [142,] 0.0654333395
    [143,] -0.1592640471
    [144,] 0.1522319421
    [145,] 0.2337417668
    [146,] 0.2068423770
    [147,] 0.4160474230
    [148,] 0.0003856679
    [149,] 0.1472764288
    [150,] 0.0941798238
    [151,] 0.3310004775
    [152,] 0.1959777279
    [153,] 0.1894705592
    [154,] -0.0925819011
    [155,] 0.0606312625
    [156,] 0.2644056828
    [157,] 0.0547524702
    [158,] -0.1738587480
    [159,] 0.1885871994
    [160,] 0.1252897802
    [161,] -0.0123102443
    [162,] 0.1187801791
    [163,] 0.0366013903
    [164,] 0.2967582099
    [165,] 0.1702194173
    [166,] -0.0055282853
    [167,] 0.1681681074
    [168,] 0.1327057691
    [169,] -0.1363545849
    [170,] 0.2614523650
    [171,] 0.1344097743
    [172,] 0.3282685993
    [173,] 0.1715820736
    [174,] 0.1858152535
    [175,] 0.1697834851
    [176,] -0.0289201675
    [177,] 0.1655923284
    [178,] 0.2079434787
    [179,] 0.1330272527
    [180,] 0.1003844609
    [181,] -0.0865537652
    [182,] 0.1534278598
    [183,] 0.1228496089
    [184,] 0.0516373582
    [185,] -0.0641724167
    [186,] -0.0102762276
    [187,] -0.0255080098
    [188,] 0.1609264028
    [189,] -0.1702776768
    [190,] 0.1322027006
    [191,] 0.1316089029
    [192,] 0.1538298602
    [193,] 0.0410284044
    [194,] 0.1729971756
    [195,] 0.2743463892
    [196,] 0.0848919716
    [197,] 0.0631589022
    [198,] 0.0987288430
    [199,] 0.0112264554
    [200,] 0.0434254507
    
    [[2]]
    Markov Chain Monte Carlo (MCMC) output:
    Start = 10
    End = 2000
    Thinning interval = 10
     Sigma2[1,1] Sigma2[2,1] Sigma2[1,2] Sigma2[2,2] mu[1]
     [1,] 0.8819088 -0.0913365008 -0.0913365008 0.6758226 0.1265733147
     [2,] 0.8813174 -0.1890608221 -0.1890608221 0.6892991 0.2329511808
     [3,] 0.5494439 0.0374438568 0.0374438568 1.0425214 -0.0810001421
     [4,] 0.6295987 -0.0758828150 -0.0758828150 0.8115708 0.3438839705
     [5,] 0.5863170 0.0263093095 0.0263093095 1.3902021 0.1408174857
     [6,] 0.3996504 0.0190649286 0.0190649286 0.7808311 0.1305188864
     [7,] 0.9368695 -0.1448590458 -0.1448590458 0.7572515 0.2313394443
     [8,] 0.5960546 -0.2309515372 -0.2309515372 1.0752131 -0.0834738762
     [9,] 0.5008431 0.1095827106 0.1095827106 0.9091370 0.3309384482
     [10,] 0.6618701 -0.1112954874 -0.1112954874 0.8899103 0.2455913168
     [11,] 0.6193138 0.1114621232 0.1114621232 0.7015575 0.0525366115
     [12,] 0.9803687 0.0696442238 0.0696442238 0.8913064 0.1209991057
     [13,] 0.7155917 -0.0249766617 -0.0249766617 0.7860787 -0.0065447528
     [14,] 0.6759842 -0.0530710604 -0.0530710604 0.9170533 0.0507199233
     [15,] 0.6205485 -0.1036335713 -0.1036335713 0.9303041 0.1515973942
     [16,] 1.0071801 0.0416462460 0.0416462460 0.7083799 0.1059021842
     [17,] 0.7652364 -0.2327865638 -0.2327865638 0.9727529 0.2700511041
     [18,] 0.5895658 0.0119736501 0.0119736501 0.8701340 0.0854300737
     [19,] 0.6987258 0.0170882442 0.0170882442 0.8157588 0.0528531660
     [20,] 0.6984941 -0.0063046268 -0.0063046268 0.7952872 0.1246969742
     [21,] 0.5615553 -0.0778016733 -0.0778016733 1.0599285 0.1410206078
     [22,] 0.7693036 0.0480076082 0.0480076082 0.9588067 0.0355772294
     [23,] 0.7330989 -0.0246146872 -0.0246146872 0.9016336 -0.0100299095
     [24,] 0.5570015 -0.0263393183 -0.0263393183 0.9877637 0.2856230310
     [25,] 0.6599147 -0.1631917834 -0.1631917834 1.1111995 0.2125267069
     [26,] 0.7548685 -0.0874770081 -0.0874770081 1.1327064 0.1148848613
     [27,] 1.0191935 0.0777321630 0.0777321630 0.8646612 -0.0097297466
     [28,] 0.6617867 0.0407447478 0.0407447478 0.9344507 0.2814178731
     [29,] 0.7375301 0.0849155570 0.0849155570 0.9571962 0.2202133135
     [30,] 0.9154755 0.1223327640 0.1223327640 0.7418780 0.1866464157
     [31,] 0.6943731 -0.1671996977 -0.1671996977 1.2284075 0.0852316372
     [32,] 0.5907191 0.0879666767 0.0879666767 0.7687732 -0.0826457963
     [33,] 0.7854210 -0.0147611061 -0.0147611061 0.7769894 -0.0194061721
     [34,] 0.8849020 -0.1085601634 -0.1085601634 1.0328192 0.1606661423
     [35,] 0.6418914 -0.1025123298 -0.1025123298 0.6984647 0.4340061347
     [36,] 0.5825607 -0.0835588057 -0.0835588057 0.8214982 0.0668967097
     [37,] 0.7215106 -0.0708997532 -0.0708997532 0.8366074 0.0244697733
     [38,] 0.6413010 -0.0374566902 -0.0374566902 0.8625353 0.2337553929
     [39,] 0.7476770 0.0749947944 0.0749947944 0.9423260 -0.0443012098
     [40,] 0.4765193 -0.0850031714 -0.0850031714 0.9088149 0.3105173783
     [41,] 0.7408380 0.0091668692 0.0091668692 0.6021466 0.3430565172
     [42,] 0.5712118 -0.0380182589 -0.0380182589 1.5221257 -0.0653058008
     [43,] 0.7157305 0.0385570690 0.0385570690 0.6999692 0.1686911445
     [44,] 0.7380103 -0.1813172260 -0.1813172260 0.9294738 0.2013394921
     [45,] 0.5604166 -0.0180918914 -0.0180918914 0.8650206 0.0545080199
     [46,] 0.7326643 -0.0386800526 -0.0386800526 1.0669477 0.1863581833
     [47,] 0.9452864 -0.1658969198 -0.1658969198 0.8030297 0.0447788667
     [48,] 0.6714328 -0.1772231444 -0.1772231444 0.8985897 0.0564154226
     [49,] 0.8244358 0.0632842505 0.0632842505 0.8319964 0.3145630340
     [50,] 0.5451359 -0.1044820874 -0.1044820874 1.6369150 0.1499678143
     [51,] 0.8378401 -0.1360321538 -0.1360321538 1.5253958 0.0682052952
     [52,] 0.6379469 -0.0404651830 -0.0404651830 0.9223706 0.1200573106
     [53,] 0.7584112 0.0182217399 0.0182217399 1.2124613 0.1773492498
     [54,] 0.6347632 -0.0656548732 -0.0656548732 0.9113672 0.0636668260
     [55,] 0.6320751 -0.0124925969 -0.0124925969 0.8974785 0.2516986184
     [56,] 0.6895550 -0.0841129192 -0.0841129192 0.8782116 0.2085584672
     [57,] 0.8169653 -0.1086478111 -0.1086478111 1.1568453 -0.0141908930
     [58,] 0.7003534 -0.0849607093 -0.0849607093 0.7518268 0.2275079512
     [59,] 0.5468119 -0.1413247814 -0.1413247814 0.8346177 -0.0606980137
     [60,] 0.6915328 -0.0105575418 -0.0105575418 0.8397514 0.0993372999
     [61,] 0.5996429 0.0777982292 0.0777982292 0.8232841 0.1273024056
     [62,] 0.5720565 -0.0664175001 -0.0664175001 1.1636733 0.1450920606
     [63,] 0.7251092 -0.0031997133 -0.0031997133 1.0457318 0.0707744791
     [64,] 0.7504047 -0.0103373560 -0.0103373560 1.2341689 0.0283499571
     [65,] 0.5925460 -0.0271778045 -0.0271778045 1.6000500 0.0346282782
     [66,] 0.7693904 0.0204216041 0.0204216041 0.7719137 0.0556424675
     [67,] 0.9839175 -0.1921080976 -0.1921080976 1.0645392 -0.1299320479
     [68,] 0.5796786 -0.0719558522 -0.0719558522 0.6731758 0.1493642016
     [69,] 0.7637722 0.0726011398 0.0726011398 0.6563640 0.2692883835
     [70,] 0.7157637 0.0017000226 0.0017000226 0.9648376 0.2620158598
     [71,] 0.7708777 -0.0755021297 -0.0755021297 0.6375182 0.1015325928
     [72,] 0.9965164 -0.1867995423 -0.1867995423 0.8272915 0.3851849668
     [73,] 0.7422335 -0.0976999554 -0.0976999554 0.8880231 0.0875500446
     [74,] 0.6679847 -0.1660458112 -0.1660458112 0.8004055 0.2686204665
     [75,] 0.9738739 -0.0254755733 -0.0254755733 0.9380059 -0.0009514666
     [76,] 0.7605595 -0.1373488390 -0.1373488390 0.8625428 0.2331175572
     [77,] 0.7441280 -0.0187066291 -0.0187066291 0.7691431 0.0990466788
     [78,] 1.0179560 -0.0008529481 -0.0008529481 0.9945520 0.1246439656
     [79,] 0.8725366 -0.0476928247 -0.0476928247 0.9591872 0.0205835576
     [80,] 0.5883489 -0.0862624968 -0.0862624968 0.8172102 0.1135177612
     [81,] 0.5663414 0.0145485106 0.0145485106 1.0250063 0.2711668049
     [82,] 0.6175036 0.1440238696 0.1440238696 1.3363456 0.1366497404
     [83,] 0.6971400 0.1253334192 0.1253334192 1.3794318 0.2515735029
     [84,] 0.7496590 -0.0555815543 -0.0555815543 0.9681301 0.0642265876
     [85,] 0.9444309 -0.0519027001 -0.0519027001 0.9691924 0.0179513052
     [86,] 0.7357711 0.1560681314 0.1560681314 1.0792871 0.0766680305
     [87,] 0.5601485 -0.1056153901 -0.1056153901 1.3068491 0.2867935093
     [88,] 0.7423022 -0.0746140271 -0.0746140271 1.0067047 0.1553945409
     [89,] 0.7888497 0.1257703684 0.1257703684 0.9562572 -0.0182900224
     [90,] 0.5725560 0.1652709400 0.1652709400 1.0158469 0.2399900360
     [91,] 0.7621962 0.2355000026 0.2355000026 1.1079818 0.0948595850
     [92,] 0.6520765 0.1564359455 0.1564359455 0.9183914 -0.0846385695
     [93,] 0.4954866 -0.0253735230 -0.0253735230 0.9399143 0.0602590782
     [94,] 0.5549554 -0.0359213049 -0.0359213049 0.7056792 0.0862382831
     [95,] 0.6028366 -0.0452265704 -0.0452265704 0.6547045 0.1923405468
     [96,] 0.7059330 -0.1162966118 -0.1162966118 1.0707285 -0.1153669261
     [97,] 0.8304321 -0.3094055397 -0.3094055397 0.8709908 -0.0745588556
     [98,] 0.9288181 -0.1580575558 -0.1580575558 1.0648910 0.0156359167
     [99,] 0.6318311 -0.0412115772 -0.0412115772 0.6507469 -0.1436899551
    [100,] 0.6748940 -0.0699171581 -0.0699171581 0.8396706 0.1468492078
    [101,] 0.7233912 -0.0214473100 -0.0214473100 0.8863965 0.0883695625
    [102,] 0.8979906 -0.0410181943 -0.0410181943 0.9943993 0.1873289377
    [103,] 0.5785809 0.0759254299 0.0759254299 1.1678193 0.0706990449
    [104,] 0.5623557 -0.0768573852 -0.0768573852 0.9460125 0.0470146686
    [105,] 0.6494342 -0.0114335229 -0.0114335229 0.7233599 0.0990007838
    [106,] 0.8311141 -0.0344971077 -0.0344971077 1.2983052 0.1736837358
    [107,] 0.9846299 0.0426517380 0.0426517380 0.9223500 0.3598488980
    [108,] 0.7152558 0.2306799710 0.2306799710 0.8774608 -0.1039095402
    [109,] 0.7947856 -0.0653649749 -0.0653649749 1.0713848 0.3127616407
    [110,] 0.6152307 0.0960189448 0.0960189448 0.7589069 0.0297202620
    [111,] 0.5748972 -0.0872721616 -0.0872721616 0.7858705 -0.0836646365
    [112,] 0.5374518 -0.0355661367 -0.0355661367 0.7740288 0.1687067298
    [113,] 1.0334022 -0.2477098947 -0.2477098947 0.9049419 -0.1732243433
    [114,] 0.6941047 0.0795421798 0.0795421798 0.8857946 -0.0361992956
    [115,] 0.6171195 -0.0727998839 -0.0727998839 0.8940722 0.0264534912
    [116,] 0.8804455 0.0605122864 0.0605122864 0.7100640 -0.0448759939
    [117,] 0.6634453 0.0706183343 0.0706183343 0.9798932 0.2431108533
    [118,] 0.7327163 -0.0438036821 -0.0438036821 0.7303760 0.0999134151
    [119,] 0.9814006 -0.1397750803 -0.1397750803 1.0559456 -0.0517500854
    [120,] 0.5761085 -0.0456055371 -0.0456055371 1.2895951 0.1848527185
    [121,] 0.6483223 -0.0207510549 -0.0207510549 0.8221967 0.0840344674
    [122,] 0.7669992 0.2102087767 0.2102087767 1.0903142 0.1552824288
    [123,] 0.5586130 0.1402804808 0.1402804808 1.1138143 0.0468943607
    [124,] 0.7220733 -0.0955999386 -0.0955999386 0.8701031 0.2346954526
    [125,] 0.6570361 0.0884798917 0.0884798917 0.9766423 0.0969405688
    [126,] 0.7546166 -0.2572849432 -0.2572849432 0.9631814 -0.0214481238
    [127,] 0.6345912 -0.0431927267 -0.0431927267 1.1514978 0.2573633754
    [128,] 0.9693783 0.1107266722 0.1107266722 0.9854893 0.1254582976
    [129,] 0.7102232 -0.0920657471 -0.0920657471 1.0175754 0.0206461061
    [130,] 0.5574385 -0.0313663466 -0.0313663466 0.9115332 0.1885693017
    [131,] 0.7975725 0.0404632636 0.0404632636 0.8412578 -0.0391537445
    [132,] 0.5296552 0.0973113438 0.0973113438 0.7964711 0.0758512473
    [133,] 0.7705945 -0.1997115541 -0.1997115541 1.0757009 0.0419906309
    [134,] 0.8037700 0.0186513763 0.0186513763 0.9562545 0.2775818742
    [135,] 0.7897008 -0.2801174610 -0.2801174610 1.4521151 0.1606628954
    [136,] 0.5070684 -0.1826392440 -0.1826392440 0.9730516 -0.0036063372
    [137,] 0.4581385 0.0034281635 0.0034281635 1.1167748 -0.0177172790
    [138,] 0.6995808 -0.0667208874 -0.0667208874 0.6491274 -0.0234644161
    [139,] 0.8053449 0.0858940003 0.0858940003 1.0471213 0.0461538633
    [140,] 0.8204683 -0.1380657189 -0.1380657189 0.9950637 -0.0368567356
    [141,] 0.6429372 0.2476939242 0.2476939242 0.8967798 -0.1146437260
    [142,] 0.6860981 0.1404290692 0.1404290692 0.7783622 -0.0716883797
    [143,] 0.8830878 -0.4469366754 -0.4469366754 1.4117319 0.1351239356
    [144,] 0.8345095 -0.0566688153 -0.0566688153 0.9112843 0.0399098221
    [145,] 0.7149527 -0.0179441858 -0.0179441858 0.7050563 0.0448385856
    [146,] 0.7514708 0.0399146852 0.0399146852 0.8961530 0.1942335814
    [147,] 0.5183745 -0.0889770273 -0.0889770273 0.7981643 0.1010493674
    [148,] 0.5751069 -0.0520620311 -0.0520620311 0.9741216 0.0597232558
    [149,] 0.8302728 -0.2656664378 -0.2656664378 0.8968597 0.1469077562
    [150,] 0.7783947 -0.0037400329 -0.0037400329 1.2611804 0.1325824711
    [151,] 0.7012841 -0.2466026732 -0.2466026732 0.9068844 0.0597237581
    [152,] 0.7323116 0.0051813359 0.0051813359 0.9368264 0.2747454468
    [153,] 0.6892449 0.0619387426 0.0619387426 0.9104625 0.2430265543
    [154,] 0.7254076 0.0699316551 0.0699316551 0.7563534 0.0354077562
    [155,] 0.6158684 -0.0211357973 -0.0211357973 0.9123499 0.1205413984
    [156,] 0.7773394 -0.0017477233 -0.0017477233 0.9210505 -0.0957151256
    [157,] 0.6612927 -0.0425238885 -0.0425238885 0.8262822 0.0496618896
    [158,] 0.7062859 -0.1049433835 -0.1049433835 0.6354232 0.3100153631
    [159,] 0.8617931 0.1671013066 0.1671013066 0.8636584 0.1854959950
    [160,] 0.8333997 0.1249007670 0.1249007670 0.8949349 -0.1463400362
    [161,] 0.5720085 -0.1954180690 -0.1954180690 1.2963563 0.3505820249
    [162,] 0.7348381 -0.2303787425 -0.2303787425 1.0215170 0.2943791413
    [163,] 0.6087031 0.2169160423 0.2169160423 1.4213183 0.1500431284
    [164,] 0.6965906 -0.0755245508 -0.0755245508 0.6777544 -0.0131311088
    [165,] 0.7182188 0.1210446814 0.1210446814 0.9104528 0.3790106477
    [166,] 0.7354654 -0.2793515228 -0.2793515228 0.7585692 -0.1372104841
    [167,] 1.5047599 0.3371104423 0.3371104423 0.9920371 0.0538953034
    [168,] 0.7684374 -0.1013683865 -0.1013683865 1.2269869 0.2685104382
    [169,] 0.5627485 -0.0050486912 -0.0050486912 1.0669500 0.1291616949
    [170,] 0.7081660 -0.2086853041 -0.2086853041 0.9776287 0.2585819272
    [171,] 0.6126695 0.1529263981 0.1529263981 1.1947667 0.0379713704
    [172,] 0.7140954 -0.2592306025 -0.2592306025 1.1861671 0.0654962780
    [173,] 0.9899742 -0.4388041850 -0.4388041850 0.8779871 0.0480937769
    [174,] 0.7063023 0.2694991361 0.2694991361 1.4619835 -0.0994498224
    [175,] 0.7869541 0.0487482926 0.0487482926 0.8267087 0.3057843070
    [176,] 0.9502594 0.0330105795 0.0330105795 1.1738740 0.0345303509
    [177,] 1.0218843 -0.3081244959 -0.3081244959 0.9237403 0.1428502297
    [178,] 1.0041331 -0.0962287390 -0.0962287390 1.2318960 -0.0994502588
    [179,] 0.8973058 -0.1151024384 -0.1151024384 1.0639477 0.2598529787
    [180,] 0.5776558 -0.3033913826 -0.3033913826 1.6389080 0.0306401587
    [181,] 1.1814478 0.0535472060 0.0535472060 0.8373107 0.0060167471
    [182,] 0.5700716 -0.1081118202 -0.1081118202 0.7908452 0.0048141446
    [183,] 0.6850369 -0.1235773178 -0.1235773178 0.7972399 0.0672582956
    [184,] 0.8334358 0.1208099752 0.1208099752 1.0299567 0.0545876154
    [185,] 0.6661599 -0.1733901339 -0.1733901339 0.8785419 -0.0941339404
    [186,] 0.8360122 -0.1793101415 -0.1793101415 0.8252330 0.0295937843
    [187,] 0.5943964 -0.0673184105 -0.0673184105 0.9040413 0.1393246423
    [188,] 0.5977467 -0.0087266147 -0.0087266147 0.8277082 0.1302014253
    [189,] 0.7998062 0.1132221618 0.1132221618 1.1964092 0.1236460586
    [190,] 0.7468463 -0.0334947082 -0.0334947082 1.1755590 0.1810127001
    [191,] 0.7690083 0.0962941019 0.0962941019 1.3724614 0.2464262741
    [192,] 0.7100788 0.0361788701 0.0361788701 0.7550990 0.0410892738
    [193,] 0.7077381 -0.1241364135 -0.1241364135 0.6270296 0.0847644548
    [194,] 0.7584062 -0.1216155926 -0.1216155926 0.9612815 0.3362242970
    [195,] 0.8448357 -0.0056630201 -0.0056630201 0.8304529 0.0645650714
    [196,] 0.5844464 0.0718797565 0.0718797565 1.1877909 -0.0032982647
    [197,] 0.7121920 -0.0960432045 -0.0960432045 1.0982635 0.0253812602
    [198,] 0.8080532 -0.0360466335 -0.0360466335 1.0645853 -0.0302280660
    [199,] 0.9405587 0.0034617590 0.0034617590 0.9862878 0.2093552984
    [200,] 0.7584382 0.1842592274 0.1842592274 2.0376099 -0.2149132785
     mu[2]
     [1,] -0.009274787
     [2,] 0.203297716
     [3,] 0.152485506
     [4,] 0.202829390
     [5,] 0.413299013
     [6,] 0.316838759
     [7,] 0.314438343
     [8,] 0.411372357
     [9,] 0.258314659
     [10,] 0.125688703
     [11,] 0.034761177
     [12,] 0.190605780
     [13,] 0.203727838
     [14,] -0.007759469
     [15,] 0.047355247
     [16,] 0.345455329
     [17,] 0.097488794
     [18,] 0.119018516
     [19,] 0.208647973
     [20,] 0.054754844
     [21,] 0.226199619
     [22,] 0.152959944
     [23,] 0.130460471
     [24,] 0.060487687
     [25,] 0.257961709
     [26,] -0.045985019
     [27,] 0.176119917
     [28,] -0.003580597
     [29,] -0.001432070
     [30,] -0.029523247
     [31,] -0.007099931
     [32,] 0.160548808
     [33,] 0.118430800
     [34,] 0.072451101
     [35,] 0.132999862
     [36,] 0.040181828
     [37,] -0.038992927
     [38,] 0.200691593
     [39,] 0.065334331
     [40,] 0.121501110
     [41,] 0.166373344
     [42,] 0.225597956
     [43,] -0.017825058
     [44,] 0.283315080
     [45,] -0.127513335
     [46,] -0.038418662
     [47,] -0.037051907
     [48,] 0.096786587
     [49,] 0.314077089
     [50,] 0.346189264
     [51,] 0.020096602
     [52,] 0.316943352
     [53,] 0.128272163
     [54,] 0.211360793
     [55,] 0.103420234
     [56,] -0.011803227
     [57,] -0.022124036
     [58,] 0.008207962
     [59,] 0.311973352
     [60,] 0.180968132
     [61,] 0.133521370
     [62,] -0.000983502
     [63,] 0.276954426
     [64,] -0.017015639
     [65,] 0.196898387
     [66,] -0.151753207
     [67,] 0.062205657
     [68,] 0.151266773
     [69,] 0.060983283
     [70,] 0.240297357
     [71,] 0.056752884
     [72,] 0.185332470
     [73,] -0.140276389
     [74,] 0.079260377
     [75,] 0.021251159
     [76,] 0.133208945
     [77,] 0.253079976
     [78,] 0.284728221
     [79,] 0.109961883
     [80,] 0.284878809
     [81,] -0.014055831
     [82,] 0.196307185
     [83,] -0.022526008
     [84,] 0.110004975
     [85,] -0.039308303
     [86,] 0.080652219
     [87,] 0.264374377
     [88,] 0.172967918
     [89,] 0.309455291
     [90,] 0.226658924
     [91,] 0.069438075
     [92,] 0.195297179
     [93,] 0.236706987
     [94,] 0.192370744
     [95,] 0.163008974
     [96,] 0.248312774
     [97,] 0.350216167
     [98,] -0.032793957
     [99,] 0.160596770
    [100,] -0.084325996
    [101,] 0.139270044
    [102,] -0.149985228
    [103,] 0.106325378
    [104,] 0.006592575
    [105,] 0.201098319
    [106,] 0.075827485
    [107,] -0.048009962
    [108,] -0.083682048
    [109,] -0.014212742
    [110,] 0.158536886
    [111,] -0.007025319
    [112,] 0.231617032
    [113,] 0.178020027
    [114,] 0.130597258
    [115,] 0.198723601
    [116,] 0.156552237
    [117,] 0.123233599
    [118,] 0.194443958
    [119,] 0.193561327
    [120,] 0.183550608
    [121,] -0.059404560
    [122,] 0.245993613
    [123,] -0.048042108
    [124,] 0.130934967
    [125,] 0.083990472
    [126,] 0.278022076
    [127,] 0.095618586
    [128,] 0.120009524
    [129,] 0.040429350
    [130,] 0.328031260
    [131,] -0.126035204
    [132,] 0.003462047
    [133,] 0.102577085
    [134,] 0.162037124
    [135,] -0.067715045
    [136,] 0.153333848
    [137,] 0.320516786
    [138,] -0.138568022
    [139,] 0.126751342
    [140,] 0.108431353
    [141,] 0.068778457
    [142,] -0.158263249
    [143,] 0.010980126
    [144,] 0.589676839
    [145,] 0.054238630
    [146,] -0.071126485
    [147,] -0.058998628
    [148,] 0.073225920
    [149,] -0.005331592
    [150,] 0.218242351
    [151,] -0.098990139
    [152,] -0.015257199
    [153,] 0.063776223
    [154,] 0.270108252
    [155,] 0.134959380
    [156,] 0.305981555
    [157,] 0.256656120
    [158,] 0.094828729
    [159,] 0.163569510
    [160,] 0.306002586
    [161,] 0.181031380
    [162,] 0.150797844
    [163,] 0.219091316
    [164,] -0.045415442
    [165,] 0.053342172
    [166,] 0.339564648
    [167,] 0.084027586
    [168,] 0.226210910
    [169,] 0.177775300
    [170,] 0.133777515
    [171,] 0.131059515
    [172,] 0.120843646
    [173,] 0.098392943
    [174,] -0.053178749
    [175,] 0.167655580
    [176,] -0.015390983
    [177,] -0.074600730
    [178,] -0.027093260
    [179,] 0.265422656
    [180,] 0.359782511
    [181,] 0.119452013
    [182,] -0.066257695
    [183,] 0.071090288
    [184,] 0.217338045
    [185,] -0.010142200
    [186,] -0.029689493
    [187,] -0.138490934
    [188,] -0.034366882
    [189,] 0.042938609
    [190,] 0.140926573
    [191,] 0.106730537
    [192,] 0.124692387
    [193,] 0.188703509
    [194,] 0.052330365
    [195,] 0.012306612
    [196,] -0.032004792
    [197,] 0.167128936
    [198,] -0.095054233
    [199,] 0.090531116
    [200,] -0.137479335
    
    attr(,"class")
    [1] "mcmc.list"
    >
    >
    >
    >
    > cleanEx()
    Error: connections left open:
     modelstring (textConnection)
    Execution halted
Flavor: r-devel-windows-ix86+x86_64