CRAN Package Check Results for Package SIBER

Last updated on 2018-04-26 12:47:27 CEST.

Flavor Version Tinstall Tcheck Ttotal Status Flags
r-devel-linux-x86_64-debian-clang 2.1.3 1.70 101.53 103.23 OK
r-devel-linux-x86_64-debian-gcc 2.1.3 2.03 80.95 82.98 OK
r-devel-linux-x86_64-fedora-clang 2.1.3 134.62 NOTE
r-devel-linux-x86_64-fedora-gcc 2.1.3 131.66 NOTE
r-devel-windows-ix86+x86_64 2.1.3 8.00 124.00 132.00 OK
r-patched-linux-x86_64 2.1.3 2.30 111.45 113.75 OK
r-patched-solaris-x86 2.1.3 174.00 NOTE
r-release-linux-x86_64 2.1.3 2.10 113.96 116.06 OK
r-release-windows-ix86+x86_64 2.1.3 8.00 124.00 132.00 OK
r-release-osx-x86_64 2.1.3 NOTE
r-oldrel-windows-ix86+x86_64 2.1.3 5.00 136.00 141.00 OK
r-oldrel-osx-x86_64 2.1.3 NOTE

Check Details

Version: 2.1.3
Check: dependencies in R code
Result: NOTE
    Namespaces in Imports field not imported from:
     ‘dplyr’ ‘ggplot2’ ‘viridis’
     All declared Imports should be used.
Flavors: r-devel-linux-x86_64-fedora-clang, r-devel-linux-x86_64-fedora-gcc, r-patched-solaris-x86, r-release-osx-x86_64, r-oldrel-osx-x86_64