CRAN Package Check Results for Package SID

Last updated on 2018-02-20 01:47:47 CET.

Flavor Version Tinstall Tcheck Ttotal Status Flags
r-devel-linux-x86_64-debian-clang 1.0 4.52 54.46 58.98 NOTE
r-devel-linux-x86_64-debian-gcc 1.0 3.13 47.99 51.12 NOTE
r-devel-linux-x86_64-fedora-clang 1.0 79.54 NOTE
r-devel-linux-x86_64-fedora-gcc 1.0 77.08 NOTE
r-devel-windows-ix86+x86_64 1.0 8.00 66.00 74.00 NOTE
r-patched-linux-x86_64 1.0 4.21 60.34 64.55 NOTE
r-patched-solaris-x86 1.0 123.40 NOTE
r-release-linux-x86_64 1.0 4.40 59.70 64.10 NOTE
r-release-windows-ix86+x86_64 1.0 11.00 68.00 79.00 NOTE
r-release-osx-x86_64 1.0 NOTE
r-oldrel-windows-ix86+x86_64 1.0 11.00 85.00 96.00 NOTE
r-oldrel-osx-x86_64 1.0 NOTE

Check Details

Version: 1.0
Check: R code for possible problems
Result: NOTE
    dSepAdji: no visible global function definition for ‘as’
    dag2cpdagAdj: no visible global function definition for ‘as’
    randomDAG: no visible global function definition for ‘rbinom’
    structIntervDist: no visible global function definition for ‘as’
    Undefined global functions or variables:
     as rbinom
    Consider adding
     importFrom("methods", "as")
     importFrom("stats", "rbinom")
    to your NAMESPACE file (and ensure that your DESCRIPTION Imports field
    contains 'methods').
Flavors: r-devel-linux-x86_64-debian-clang, r-devel-linux-x86_64-debian-gcc, r-devel-linux-x86_64-fedora-clang, r-devel-linux-x86_64-fedora-gcc, r-devel-windows-ix86+x86_64, r-patched-linux-x86_64, r-patched-solaris-x86, r-release-linux-x86_64, r-release-windows-ix86+x86_64, r-release-osx-x86_64, r-oldrel-windows-ix86+x86_64

Version: 1.0
Check: R code for possible problems
Result: NOTE
    randomDAG: no visible global function definition for ‘rbinom’
    Undefined global functions or variables:
     rbinom
    Consider adding
     importFrom("stats", "rbinom")
    to your NAMESPACE file.
Flavor: r-oldrel-osx-x86_64