CRAN Package Check Results for Package SID

Last updated on 2018-05-27 20:49:55 CEST.

Flavor Version Tinstall Tcheck Ttotal Status Flags
r-devel-linux-x86_64-debian-clang 1.0 6.16 71.40 77.56 NOTE
r-devel-linux-x86_64-debian-gcc 1.0 5.33 56.97 62.30 NOTE
r-devel-linux-x86_64-fedora-clang 1.0 95.05 NOTE
r-devel-linux-x86_64-fedora-gcc 1.0 91.98 NOTE
r-devel-windows-ix86+x86_64 1.0 11.00 76.00 87.00 NOTE
r-patched-linux-x86_64 1.0 5.44 59.00 64.44 NOTE
r-patched-solaris-x86 1.0 119.70 NOTE
r-release-linux-x86_64 1.0 4.14 59.02 63.16 NOTE
r-release-windows-ix86+x86_64 1.0 12.00 96.00 108.00 NOTE
r-release-osx-x86_64 1.0 NOTE
r-oldrel-windows-ix86+x86_64 1.0 11.00 71.00 82.00 NOTE
r-oldrel-osx-x86_64 1.0 NOTE

Check Details

Version: 1.0
Check: R code for possible problems
Result: NOTE
    dSepAdji: no visible global function definition for ‘as’
    dag2cpdagAdj: no visible global function definition for ‘as’
    randomDAG: no visible global function definition for ‘rbinom’
    structIntervDist: no visible global function definition for ‘as’
    Undefined global functions or variables:
     as rbinom
    Consider adding
     importFrom("methods", "as")
     importFrom("stats", "rbinom")
    to your NAMESPACE file (and ensure that your DESCRIPTION Imports field
    contains 'methods').
Flavors: r-devel-linux-x86_64-debian-clang, r-devel-linux-x86_64-debian-gcc, r-devel-linux-x86_64-fedora-clang, r-devel-linux-x86_64-fedora-gcc, r-devel-windows-ix86+x86_64, r-patched-linux-x86_64, r-patched-solaris-x86, r-release-linux-x86_64, r-release-windows-ix86+x86_64, r-release-osx-x86_64, r-oldrel-windows-ix86+x86_64, r-oldrel-osx-x86_64