CRAN Package Check Results for Package SID

Last updated on 2018-08-18 12:50:22 CEST.

Flavor Version Tinstall Tcheck Ttotal Status Flags
r-devel-linux-x86_64-debian-clang 1.0 4.87 72.17 77.04 NOTE
r-devel-linux-x86_64-debian-gcc 1.0 5.11 59.22 64.33 NOTE
r-devel-linux-x86_64-fedora-clang 1.0 91.32 NOTE
r-devel-linux-x86_64-fedora-gcc 1.0 90.45 NOTE
r-devel-windows-ix86+x86_64 1.0 14.00 76.00 90.00 NOTE
r-patched-linux-x86_64 1.0 5.17 59.76 64.93 NOTE
r-patched-solaris-x86 1.0 126.10 NOTE
r-release-linux-x86_64 1.0 4.83 59.52 64.35 NOTE
r-release-windows-ix86+x86_64 1.0 14.00 94.00 108.00 NOTE
r-release-osx-x86_64 1.0 NOTE
r-oldrel-windows-ix86+x86_64 1.0 9.00 74.00 83.00 NOTE
r-oldrel-osx-x86_64 1.0 NOTE

Check Details

Version: 1.0
Check: R code for possible problems
Result: NOTE
    dSepAdji: no visible global function definition for ‘as’
    dag2cpdagAdj: no visible global function definition for ‘as’
    randomDAG: no visible global function definition for ‘rbinom’
    structIntervDist: no visible global function definition for ‘as’
    Undefined global functions or variables:
     as rbinom
    Consider adding
     importFrom("methods", "as")
     importFrom("stats", "rbinom")
    to your NAMESPACE file (and ensure that your DESCRIPTION Imports field
    contains 'methods').
Flavors: r-devel-linux-x86_64-debian-clang, r-devel-linux-x86_64-debian-gcc, r-devel-linux-x86_64-fedora-clang, r-devel-linux-x86_64-fedora-gcc, r-devel-windows-ix86+x86_64, r-patched-linux-x86_64, r-patched-solaris-x86, r-release-linux-x86_64, r-release-windows-ix86+x86_64, r-release-osx-x86_64, r-oldrel-windows-ix86+x86_64, r-oldrel-osx-x86_64