CRAN Package Check Results for Package SID

Last updated on 2018-10-19 08:49:24 CEST.

Flavor Version Tinstall Tcheck Ttotal Status Flags
r-devel-linux-x86_64-debian-clang 1.0 5.11 73.75 78.86 NOTE
r-devel-linux-x86_64-debian-gcc 1.0 5.50 59.79 65.29 NOTE
r-devel-linux-x86_64-fedora-clang 1.0 93.72 NOTE
r-devel-linux-x86_64-fedora-gcc 1.0 90.88 NOTE
r-devel-windows-ix86+x86_64 1.0 14.00 105.00 119.00 NOTE
r-patched-linux-x86_64 1.0 5.53 59.33 64.86 NOTE
r-patched-solaris-x86 1.0 123.10 NOTE
r-release-linux-x86_64 1.0 4.10 60.27 64.37 NOTE
r-release-windows-ix86+x86_64 1.0 12.00 103.00 115.00 NOTE
r-release-osx-x86_64 1.0 NOTE
r-oldrel-windows-ix86+x86_64 1.0 8.00 101.00 109.00 NOTE
r-oldrel-osx-x86_64 1.0 NOTE

Check Details

Version: 1.0
Check: R code for possible problems
Result: NOTE
    dSepAdji: no visible global function definition for ‘as’
    dag2cpdagAdj: no visible global function definition for ‘as’
    randomDAG: no visible global function definition for ‘rbinom’
    structIntervDist: no visible global function definition for ‘as’
    Undefined global functions or variables:
     as rbinom
    Consider adding
     importFrom("methods", "as")
     importFrom("stats", "rbinom")
    to your NAMESPACE file (and ensure that your DESCRIPTION Imports field
    contains 'methods').
Flavors: r-devel-linux-x86_64-debian-clang, r-devel-linux-x86_64-debian-gcc, r-devel-linux-x86_64-fedora-clang, r-devel-linux-x86_64-fedora-gcc, r-devel-windows-ix86+x86_64, r-patched-linux-x86_64, r-patched-solaris-x86, r-release-linux-x86_64, r-release-windows-ix86+x86_64, r-release-osx-x86_64, r-oldrel-windows-ix86+x86_64, r-oldrel-osx-x86_64