CRAN Package Check Results for Package SIGN

Last updated on 2024-02-21 18:51:17 CET.

Flavor Version Tinstall Tcheck Ttotal Status Flags
r-devel-linux-x86_64-debian-clang 0.1.0 NOTE
r-devel-linux-x86_64-debian-gcc 0.1.0 37.98 332.91 370.89 NOTE
r-devel-linux-x86_64-fedora-clang 0.1.0 681.95 NOTE
r-devel-linux-x86_64-fedora-gcc 0.1.0 643.12 NOTE
r-devel-windows-x86_64 0.1.0 44.00 339.00 383.00 NOTE
r-patched-linux-x86_64 0.1.0 47.45 441.61 489.06 NOTE
r-release-linux-x86_64 0.1.0 41.28 434.86 476.14 NOTE
r-release-macos-arm64 0.1.0 9.00 ERROR
r-release-macos-x86_64 0.1.0 8.00 ERROR
r-release-windows-x86_64 0.1.0 58.00 6.00 64.00 ERROR
r-oldrel-macos-arm64 0.1.0 129.00 NOTE
r-oldrel-windows-x86_64 0.1.0 42.00 10.00 52.00 ERROR

Check Details

Version: 0.1.0
Check: LazyData
Result: NOTE 'LazyData' is specified without a 'data' directory Flavors: r-devel-linux-x86_64-debian-clang, r-devel-linux-x86_64-debian-gcc, r-devel-linux-x86_64-fedora-clang, r-devel-linux-x86_64-fedora-gcc, r-devel-windows-x86_64, r-patched-linux-x86_64, r-release-linux-x86_64, r-oldrel-macos-arm64

Version: 0.1.0
Check: dependencies in R code
Result: NOTE Namespace in Imports field not imported from: ‘utils’ All declared Imports should be used. Flavors: r-devel-linux-x86_64-fedora-clang, r-devel-linux-x86_64-fedora-gcc, r-oldrel-macos-arm64

Version: 0.1.0
Check: package dependencies
Result: ERROR Package required but not available: ‘GSVA’ See section ‘The DESCRIPTION file’ in the ‘Writing R Extensions’ manual. Flavors: r-release-macos-arm64, r-release-macos-x86_64

Version: 0.1.0
Check: whether package can be installed
Result: ERROR Installation failed. Flavors: r-release-windows-x86_64, r-oldrel-windows-x86_64