CRAN Package Check Results for Package SNSequate

Last updated on 2018-10-18 14:47:51 CEST.

Flavor Version Tinstall Tcheck Ttotal Status Flags
r-devel-linux-x86_64-debian-clang 1.3.1 6.16 63.76 69.92 ERROR
r-devel-linux-x86_64-debian-gcc 1.3.1 ERROR
r-devel-linux-x86_64-fedora-clang 1.3.1 81.82 ERROR
r-devel-linux-x86_64-fedora-gcc 1.3.1 79.42 ERROR
r-devel-windows-ix86+x86_64 1.3.1 15.00 100.00 115.00 OK
r-patched-linux-x86_64 1.3.1 6.67 59.21 65.88 OK
r-patched-solaris-x86 1.3.1 109.10 OK
r-release-linux-x86_64 1.3.1 5.58 59.49 65.07 OK
r-release-windows-ix86+x86_64 1.3.1 11.00 116.00 127.00 OK
r-release-osx-x86_64 1.3.1 OK
r-oldrel-windows-ix86+x86_64 1.3.1 6.00 116.00 122.00 OK
r-oldrel-osx-x86_64 1.3.1 OK

Check Details

Version: 1.3.1
Check: tests
Result: ERROR
     Running ‘testthat.R’ [6s/6s]
    Running the tests in ‘tests/testthat.R’ failed.
    Complete output:
     > library(testthat)
     > library(SNSequate)
     Loading required package: magic
     Loading required package: abind
     >
     > test_check("SNSequate")
     ── 1. Error: EG design (@test_kereq.R#23) ─────────────────────────────────────
     all(scale > 0) is not TRUE
     1: expect_equal(prep10$preXy, pre10_xy, tolerance = tol, check.attributes = F, scale = pre10_xy) at testthat/test_kereq.R:23
     2: compare(act$val, exp$val, ...)
     3: compare.numeric(act$val, exp$val, ...)
     4: all.equal(x, y, tolerance = tolerance, check.attributes = check.attributes, ...)
     5: all.equal.numeric(x, y, tolerance = tolerance, check.attributes = check.attributes,
     ...)
     6: stopifnot(all(scale > 0))
    
     ── 2. Error: SG design (@test_kereq.R#51) ─────────────────────────────────────
     all(scale > 0) is not TRUE
     1: expect_equal(prep10$preYx, pre10_yx, tolerance = tol, check.attributes = F, scale = pre10_yx) at testthat/test_kereq.R:51
     2: compare(act$val, exp$val, ...)
     3: compare.numeric(act$val, exp$val, ...)
     4: all.equal(x, y, tolerance = tolerance, check.attributes = check.attributes, ...)
     5: all.equal.numeric(x, y, tolerance = tolerance, check.attributes = check.attributes,
     ...)
     6: stopifnot(all(scale > 0))
    
     ══ testthat results ═══════════════════════════════════════════════════════════
     OK: 12 SKIPPED: 2 FAILED: 2
     1. Error: EG design (@test_kereq.R#23)
     2. Error: SG design (@test_kereq.R#51)
    
     Error: testthat unit tests failed
     Execution halted
Flavor: r-devel-linux-x86_64-debian-clang

Version: 1.3.1
Check: tests
Result: ERROR
     Running ‘testthat.R’ [4s/6s]
    Running the tests in ‘tests/testthat.R’ failed.
    Complete output:
     > library(testthat)
     > library(SNSequate)
     Loading required package: magic
     Loading required package: abind
     >
     > test_check("SNSequate")
     ── 1. Error: EG design (@test_kereq.R#23) ─────────────────────────────────────
     all(scale > 0) is not TRUE
     1: expect_equal(prep10$preXy, pre10_xy, tolerance = tol, check.attributes = F, scale = pre10_xy) at testthat/test_kereq.R:23
     2: compare(act$val, exp$val, ...)
     3: compare.numeric(act$val, exp$val, ...)
     4: all.equal(x, y, tolerance = tolerance, check.attributes = check.attributes, ...)
     5: all.equal.numeric(x, y, tolerance = tolerance, check.attributes = check.attributes,
     ...)
     6: stopifnot(all(scale > 0))
    
     ── 2. Error: SG design (@test_kereq.R#51) ─────────────────────────────────────
     all(scale > 0) is not TRUE
     1: expect_equal(prep10$preYx, pre10_yx, tolerance = tol, check.attributes = F, scale = pre10_yx) at testthat/test_kereq.R:51
     2: compare(act$val, exp$val, ...)
     3: compare.numeric(act$val, exp$val, ...)
     4: all.equal(x, y, tolerance = tolerance, check.attributes = check.attributes, ...)
     5: all.equal.numeric(x, y, tolerance = tolerance, check.attributes = check.attributes,
     ...)
     6: stopifnot(all(scale > 0))
    
     ══ testthat results ═══════════════════════════════════════════════════════════
     OK: 12 SKIPPED: 2 FAILED: 2
     1. Error: EG design (@test_kereq.R#23)
     2. Error: SG design (@test_kereq.R#51)
    
     Error: testthat unit tests failed
     Execution halted
Flavor: r-devel-linux-x86_64-debian-gcc

Version: 1.3.1
Check: tests
Result: ERROR
     Running ‘testthat.R’
    Running the tests in ‘tests/testthat.R’ failed.
    Complete output:
     > library(testthat)
     > library(SNSequate)
     Loading required package: magic
     Loading required package: abind
     >
     > test_check("SNSequate")
     ── 1. Error: EG design (@test_kereq.R#23) ─────────────────────────────────────
     all(scale > 0) is not TRUE
     1: expect_equal(prep10$preXy, pre10_xy, tolerance = tol, check.attributes = F, scale = pre10_xy) at testthat/test_kereq.R:23
     2: compare(act$val, exp$val, ...)
     3: compare.numeric(act$val, exp$val, ...)
     4: all.equal(x, y, tolerance = tolerance, check.attributes = check.attributes, ...)
     5: all.equal.numeric(x, y, tolerance = tolerance, check.attributes = check.attributes,
     ...)
     6: stopifnot(all(scale > 0))
    
     ── 2. Error: SG design (@test_kereq.R#51) ─────────────────────────────────────
     all(scale > 0) is not TRUE
     1: expect_equal(prep10$preYx, pre10_yx, tolerance = tol, check.attributes = F, scale = pre10_yx) at testthat/test_kereq.R:51
     2: compare(act$val, exp$val, ...)
     3: compare.numeric(act$val, exp$val, ...)
     4: all.equal(x, y, tolerance = tolerance, check.attributes = check.attributes, ...)
     5: all.equal.numeric(x, y, tolerance = tolerance, check.attributes = check.attributes,
     ...)
     6: stopifnot(all(scale > 0))
    
     ══ testthat results ═══════════════════════════════════════════════════════════
     OK: 12 SKIPPED: 2 FAILED: 2
     1. Error: EG design (@test_kereq.R#23)
     2. Error: SG design (@test_kereq.R#51)
    
     Error: testthat unit tests failed
     Execution halted
Flavors: r-devel-linux-x86_64-fedora-clang, r-devel-linux-x86_64-fedora-gcc