CRAN Package Check Results for Package SOMEnv

Last updated on 2024-02-28 20:53:36 CET.

Flavor Version Tinstall Tcheck Ttotal Status Flags
r-devel-linux-x86_64-debian-clang 1.1.2 16.08 122.46 138.54 OK
r-devel-linux-x86_64-debian-gcc 1.1.2 13.44 91.64 105.08 OK
r-devel-linux-x86_64-fedora-clang 1.1.2 179.20 NOTE
r-devel-linux-x86_64-fedora-gcc 1.1.2 159.91 NOTE
r-devel-windows-x86_64 1.1.2 14.00 103.00 117.00 OK
r-patched-linux-x86_64 1.1.2 12.01 121.57 133.58 OK
r-release-linux-x86_64 1.1.2 9.90 119.22 129.12 OK
r-release-macos-arm64 1.1.2 51.00 OK
r-release-macos-x86_64 1.1.2 84.00 OK
r-release-windows-x86_64 1.1.2 17.00 129.00 146.00 OK
r-oldrel-macos-arm64 1.1.2 45.00 NOTE
r-oldrel-windows-x86_64 1.1.2 18.00 121.00 139.00 OK

Check Details

Version: 1.1.2
Check: dependencies in R code
Result: NOTE Namespace in Imports field not imported from: ‘rlist’ All declared Imports should be used. Flavors: r-devel-linux-x86_64-fedora-clang, r-devel-linux-x86_64-fedora-gcc, r-oldrel-macos-arm64