Last updated on 2023-12-05 04:08:28 CET.
Flavor | Version | Tinstall | Tcheck | Ttotal | Status | Flags |
---|---|---|---|---|---|---|
r-devel-linux-x86_64-debian-clang | 2023.3.31 | 99.68 | 124.28 | 223.96 | NOTE | |
r-devel-linux-x86_64-debian-gcc | 2023.3.31 | 78.37 | 94.17 | 172.54 | NOTE | |
r-devel-linux-x86_64-fedora-clang | 2023.3.31 | 273.63 | NOTE | |||
r-devel-linux-x86_64-fedora-gcc | 2023.3.31 | 334.48 | NOTE | |||
r-devel-windows-x86_64 | 2023.3.31 | 65.00 | 126.00 | 191.00 | NOTE | |
r-patched-linux-x86_64 | 2023.3.31 | 86.62 | 120.77 | 207.39 | OK | |
r-release-linux-x86_64 | 2023.3.31 | 90.73 | 123.58 | 214.31 | OK | |
r-release-macos-arm64 | 2023.3.31 | 95.00 | NOTE | |||
r-release-macos-x86_64 | 2023.3.31 | 204.00 | NOTE | |||
r-release-windows-x86_64 | 2023.3.31 | 83.00 | 157.00 | 240.00 | NOTE | |
r-oldrel-macos-arm64 | 2023.3.31 | 77.00 | NOTE | |||
r-oldrel-macos-x86_64 | 2023.3.31 | 97.00 | NOTE | |||
r-oldrel-windows-x86_64 | 2023.3.31 | 76.00 | 151.00 | 227.00 | NOTE |
Version: 2023.3.31
Check: Rd \usage sections
Result: NOTE
Documented arguments not in \usage in Rd file 'logit.Rd':
‘theta’
Functions with \usage entries need to have the appropriate \alias
entries, and all their arguments documented.
The \usage entries must correspond to syntactically valid R code.
See chapter ‘Writing R documentation files’ in the ‘Writing R
Extensions’ manual.
Flavors: r-devel-linux-x86_64-debian-clang, r-devel-linux-x86_64-debian-gcc, r-devel-linux-x86_64-fedora-clang, r-devel-linux-x86_64-fedora-gcc, r-devel-windows-x86_64
Version: 2023.3.31
Check: installed package size
Result: NOTE
installed size is 13.4Mb
sub-directories of 1Mb or more:
libs 12.7Mb
Flavors: r-devel-windows-x86_64, r-release-macos-arm64, r-release-macos-x86_64, r-release-windows-x86_64, r-oldrel-macos-arm64, r-oldrel-macos-x86_64, r-oldrel-windows-x86_64