CRAN Package Check Results for Package SPIGA

Last updated on 2021-05-10 01:47:02 CEST.

Flavor Version Tinstall Tcheck Ttotal Status Flags
r-devel-linux-x86_64-debian-clang 1.0.0 3.76 37.81 41.57 NOTE
r-devel-linux-x86_64-debian-gcc 1.0.0 3.09 29.16 32.25 NOTE
r-devel-linux-x86_64-fedora-clang 1.0.0 59.53 NOTE
r-devel-linux-x86_64-fedora-gcc 1.0.0 50.92 NOTE
r-devel-windows-ix86+x86_64 1.0.0 7.00 56.00 63.00 OK
r-devel-windows-x86_64-gcc10-UCRT 1.0.0 OK
r-patched-linux-x86_64 1.0.0 4.22 36.69 40.91 NOTE
r-patched-solaris-x86 1.0.0 74.50 NOTE
r-release-linux-x86_64 1.0.0 3.87 35.62 39.49 NOTE
r-release-macos-x86_64 1.0.0 OK
r-release-windows-ix86+x86_64 1.0.0 6.00 45.00 51.00 OK
r-oldrel-macos-x86_64 1.0.0 OK
r-oldrel-windows-ix86+x86_64 1.0.0 7.00 11.00 18.00 ERROR

Check Details

Version: 1.0.0
Check: for non-standard things in the check directory
Result: NOTE
    Found the following files/directories:
     'AlphaGA_3.txt' 'AlphaML_3.txt' 'BetaGA_3.txt' 'BetaML_3.txt'
     'Performance_GA_ML_ 3 .pdf' 'SPIGA_3Pmon.Pm_St1.pdf'
     'SPIGA_3Pmon.Pm_St2.pdf' 'SPI_AG_3.txt' 'SPI_ML_3.txt'
     'SPI_ML_3Pm_St1.pdf' 'SPI_ML_3Pm_St2.pdf' 'SPI_ML_3Pm_St3.pdf'
     'SPI_ML_3Pm_St4.pdf' 'SPI_PARAM_3.txt' 'SPI_PARAM_3Pm_St1.pdf'
     'SPI_PARAM_3Pm_St2.pdf' 'SPI_PARAM_3Pm_St3.pdf'
     'SPI_PARAM_3Pm_St4.pdf'
Flavors: r-devel-linux-x86_64-debian-clang, r-devel-linux-x86_64-debian-gcc, r-devel-linux-x86_64-fedora-clang, r-devel-linux-x86_64-fedora-gcc, r-patched-linux-x86_64, r-patched-solaris-x86, r-release-linux-x86_64

Version: 1.0.0
Check: whether package can be installed
Result: ERROR
    Installation failed.
    See for details.
    *
Flavor: r-oldrel-windows-ix86+x86_64