CRAN Package Check Results for Package SPreFuGED

Last updated on 2018-02-18 17:48:35 CET.

Flavor Version Tinstall Tcheck Ttotal Status Flags
r-devel-linux-x86_64-debian-clang 1.0 6.51 79.65 86.16 OK
r-devel-linux-x86_64-debian-gcc 1.0 5.97 62.93 68.90 OK
r-devel-windows-ix86+x86_64 1.0 10.00 81.00 91.00 OK
r-patched-linux-x86_64 1.0 6.06 81.67 87.73 OK
r-patched-solaris-x86 1.0 156.80 OK
r-release-linux-x86_64 1.0 5.00 81.16 86.16 OK
r-release-windows-ix86+x86_64 1.0 14.00 126.00 140.00 OK
r-release-osx-x86_64 1.0 ERROR
r-oldrel-windows-ix86+x86_64 1.0 11.00 106.00 117.00 OK
r-oldrel-osx-x86_64 1.0 OK

Check Details

Version: 1.0
Check: package dependencies
Result: ERROR
    Package required but not available: ‘CMA’
    
    See section ‘The DESCRIPTION file’ in the ‘Writing R Extensions’
    manual.
Flavor: r-release-osx-x86_64