CRAN Package Check Results for Package SRS

Last updated on 2021-05-06 23:49:48 CEST.

Flavor Version Tinstall Tcheck Ttotal Status Flags
r-devel-linux-x86_64-debian-clang 0.2.2 10.14 80.52 90.66 OK
r-devel-linux-x86_64-debian-gcc 0.2.2 8.33 60.40 68.73 OK
r-devel-linux-x86_64-fedora-clang 0.2.2 131.19 OK
r-devel-linux-x86_64-fedora-gcc 0.2.2 108.87 OK
r-devel-windows-ix86+x86_64 0.2.2 39.00 100.00 139.00 OK
r-devel-windows-x86_64-gcc10-UCRT 0.2.2 OK
r-patched-linux-x86_64 0.2.2 9.54 78.03 87.57 OK
r-patched-solaris-x86 0.2.2 167.00 OK
r-release-linux-x86_64 0.2.2 9.74 71.70 81.44 OK
r-release-macos-x86_64 0.2.2 OK
r-release-windows-ix86+x86_64 0.2.2 17.00 76.00 93.00 OK
r-oldrel-macos-x86_64 0.2.2 OK
r-oldrel-windows-ix86+x86_64 0.2.2 19.00 18.00 37.00 ERROR

Check Details

Version: 0.2.2
Check: whether package can be installed
Result: ERROR
    Installation failed.
Flavor: r-oldrel-windows-ix86+x86_64