Last updated on 2022-05-18 17:50:08 CEST.
Flavor | Version | Tinstall | Tcheck | Ttotal | Status | Flags |
---|---|---|---|---|---|---|
r-devel-linux-x86_64-debian-clang | 0.2.8 | 54.05 | 587.88 | 641.93 | OK | |
r-devel-linux-x86_64-debian-gcc | 0.2.8 | 45.38 | 435.96 | 481.34 | OK | |
r-devel-linux-x86_64-fedora-clang | 0.2.8 | 744.63 | NOTE | |||
r-devel-linux-x86_64-fedora-gcc | 0.2.8 | 766.07 | NOTE | |||
r-devel-windows-x86_64 | 0.2.8 | 65.00 | 620.00 | 685.00 | OK | |
r-patched-linux-x86_64 | 0.2.8 | 52.24 | 565.68 | 617.92 | OK | |
r-release-linux-x86_64 | 0.2.8 | 39.88 | 568.01 | 607.89 | OK | |
r-release-macos-arm64 | 0.2.8 | 180.00 | NOTE | |||
r-release-macos-x86_64 | 0.2.8 | 310.00 | NOTE | |||
r-release-windows-x86_64 | 0.2.8 | 69.00 | 612.00 | 681.00 | OK | |
r-oldrel-macos-arm64 | 0.2.8 | 153.00 | NOTE | |||
r-oldrel-macos-x86_64 | 0.2.8 | 241.00 | NOTE | |||
r-oldrel-windows-ix86+x86_64 | 0.2.8 | 107.00 | 622.00 | 729.00 | OK |
Version: 0.2.8
Check: dependencies in R code
Result: NOTE
Namespace in Imports field not imported from: ‘shinyFiles’
All declared Imports should be used.
Flavors: r-devel-linux-x86_64-fedora-clang, r-devel-linux-x86_64-fedora-gcc, r-release-macos-arm64, r-release-macos-x86_64, r-oldrel-macos-arm64, r-oldrel-macos-x86_64