CRAN Package Check Results for Package SSDM

Last updated on 2019-01-23 09:50:41 CET.

Flavor Version Tinstall Tcheck Ttotal Status Flags
r-devel-linux-x86_64-debian-clang 0.2.4 17.13 247.99 265.12 OK
r-devel-linux-x86_64-debian-gcc 0.2.4 16.52 189.08 205.60 OK
r-devel-linux-x86_64-fedora-clang 0.2.4 312.71 NOTE
r-devel-linux-x86_64-fedora-gcc 0.2.4 297.26 NOTE
r-devel-windows-ix86+x86_64 0.2.4 47.00 354.00 401.00 OK
r-patched-linux-x86_64 0.2.4 23.31 233.14 256.45 OK
r-patched-solaris-x86 0.2.4 451.50 NOTE
r-release-linux-x86_64 0.2.4 18.82 227.74 246.56 OK
r-release-windows-ix86+x86_64 0.2.4 29.00 267.00 296.00 OK
r-release-osx-x86_64 0.2.4 NOTE
r-oldrel-windows-ix86+x86_64 0.2.4 25.00 365.00 390.00 OK
r-oldrel-osx-x86_64 0.2.4 NOTE

Check Details

Version: 0.2.4
Check: dependencies in R code
Result: NOTE
    Namespace in Imports field not imported from: ‘shinyFiles’
     All declared Imports should be used.
Flavors: r-devel-linux-x86_64-fedora-clang, r-devel-linux-x86_64-fedora-gcc, r-patched-solaris-x86, r-release-osx-x86_64, r-oldrel-osx-x86_64