CRAN Package Check Results for Package SSDM

Last updated on 2018-08-16 16:52:50 CEST.

Flavor Version Tinstall Tcheck Ttotal Status Flags
r-devel-linux-x86_64-debian-clang 0.2.4 19.96 245.61 265.57 OK
r-devel-linux-x86_64-debian-gcc 0.2.4 19.64 194.60 214.24 OK
r-devel-linux-x86_64-fedora-clang 0.2.4 315.74 NOTE
r-devel-linux-x86_64-fedora-gcc 0.2.4 311.84 NOTE
r-devel-windows-ix86+x86_64 0.2.4 45.00 371.00 416.00 OK
r-patched-linux-x86_64 0.2.4 18.44 216.26 234.70 OK
r-patched-solaris-x86 0.2.4 422.40 NOTE
r-release-linux-x86_64 0.2.4 15.98 215.45 231.43 OK
r-release-windows-ix86+x86_64 0.2.4 42.00 327.00 369.00 OK
r-release-osx-x86_64 0.2.4 NOTE
r-oldrel-windows-ix86+x86_64 0.2.4 27.00 351.00 378.00 OK
r-oldrel-osx-x86_64 0.2.4 NOTE

Check Details

Version: 0.2.4
Check: dependencies in R code
Result: NOTE
    Namespace in Imports field not imported from: ‘shinyFiles’
     All declared Imports should be used.
Flavors: r-devel-linux-x86_64-fedora-clang, r-devel-linux-x86_64-fedora-gcc, r-patched-solaris-x86, r-release-osx-x86_64, r-oldrel-osx-x86_64