CRAN Package Check Results for Package SSDM

Last updated on 2019-06-17 09:50:01 CEST.

Flavor Version Tinstall Tcheck Ttotal Status Flags
r-devel-linux-x86_64-debian-clang 0.2.6 27.17 224.89 252.06 OK
r-devel-linux-x86_64-debian-gcc 0.2.6 21.55 175.17 196.72 OK
r-devel-linux-x86_64-fedora-clang 0.2.6 293.73 NOTE
r-devel-linux-x86_64-fedora-gcc 0.2.6 283.90 NOTE
r-devel-windows-ix86+x86_64 0.2.6 6.00 5.00 11.00 ERROR
r-patched-linux-x86_64 0.2.5 26.36 221.30 247.66 OK
r-patched-solaris-x86 0.2.6 434.60 NOTE
r-release-linux-x86_64 0.2.6 25.15 223.20 248.35 OK
r-release-windows-ix86+x86_64 0.2.6 3.00 5.00 8.00 ERROR
r-release-osx-x86_64 0.2.6 NOTE
r-oldrel-windows-ix86+x86_64 0.2.6 34.00 5.00 39.00 ERROR
r-oldrel-osx-x86_64 0.2.6 NOTE

Check Details

Version: 0.2.6
Check: dependencies in R code
Result: NOTE
    Namespace in Imports field not imported from: ‘shinyFiles’
     All declared Imports should be used.
Flavors: r-devel-linux-x86_64-fedora-clang, r-devel-linux-x86_64-fedora-gcc, r-patched-solaris-x86, r-release-osx-x86_64, r-oldrel-osx-x86_64

Version: 0.2.6
Check: whether package can be installed
Result: ERROR
    Installation failed.
Flavors: r-devel-windows-ix86+x86_64, r-release-windows-ix86+x86_64, r-oldrel-windows-ix86+x86_64