CRAN Package Check Results for Package SSDM

Last updated on 2018-05-27 18:51:52 CEST.

Flavor Version Tinstall Tcheck Ttotal Status Flags
r-devel-linux-x86_64-debian-clang 0.2.4 22.81 246.24 269.05 OK
r-devel-linux-x86_64-debian-gcc 0.2.4 17.25 189.53 206.78 OK
r-devel-linux-x86_64-fedora-clang 0.2.4 335.68 NOTE
r-devel-linux-x86_64-fedora-gcc 0.2.4 318.04 NOTE
r-devel-windows-ix86+x86_64 0.2.4 35.00 261.00 296.00 OK
r-patched-linux-x86_64 0.2.4 20.46 213.39 233.85 OK
r-patched-solaris-x86 0.2.4 412.10 NOTE
r-release-linux-x86_64 0.2.4 17.92 214.63 232.55 OK
r-release-windows-ix86+x86_64 0.2.4 44.00 338.00 382.00 OK
r-release-osx-x86_64 0.2.4 NOTE
r-oldrel-windows-ix86+x86_64 0.2.4 27.00 250.00 277.00 OK
r-oldrel-osx-x86_64 0.2.4 NOTE

Check Details

Version: 0.2.4
Check: dependencies in R code
Result: NOTE
    Namespace in Imports field not imported from: ‘shinyFiles’
     All declared Imports should be used.
Flavors: r-devel-linux-x86_64-fedora-clang, r-devel-linux-x86_64-fedora-gcc, r-patched-solaris-x86, r-release-osx-x86_64, r-oldrel-osx-x86_64