CRAN Package Check Results for Package SSDM

Last updated on 2018-02-22 20:46:53 CET.

Flavor Version Tinstall Tcheck Ttotal Status Flags
r-devel-linux-x86_64-debian-clang 0.2.4 17.93 201.53 219.46 OK
r-devel-linux-x86_64-debian-gcc 0.2.4 18.02 171.52 189.54 WARN
r-devel-linux-x86_64-fedora-clang 0.2.4 283.77 NOTE
r-devel-linux-x86_64-fedora-gcc 0.2.4 280.69 NOTE
r-devel-windows-ix86+x86_64 0.2.4 39.00 253.00 292.00 OK
r-patched-linux-x86_64 0.2.4 10.18 227.15 237.33 OK
r-patched-solaris-x86 0.2.4 403.30 NOTE
r-release-linux-x86_64 0.2.4 9.89 226.15 236.04 OK
r-release-windows-ix86+x86_64 0.2.4 26.00 334.00 360.00 OK
r-release-osx-x86_64 0.2.4 NOTE
r-oldrel-windows-ix86+x86_64 0.2.4 17.00 243.00 260.00 OK
r-oldrel-osx-x86_64 0.2.3 NOTE

Check Details

Version: 0.2.4
Check: re-building of vignette outputs
Result: WARN
    Error in re-building vignettes:
     ...
    Quitting from lines 92-96 (SSDM.Rmd)
    Error: processing vignette ‘SSDM.Rmd’ failed with diagnostics:
    trying to get slot "projection" from an object of a basic class ("NULL") with no slots
    Execution halted
Flavor: r-devel-linux-x86_64-debian-gcc

Version: 0.2.4
Check: dependencies in R code
Result: NOTE
    Namespace in Imports field not imported from: ‘shinyFiles’
     All declared Imports should be used.
Flavors: r-devel-linux-x86_64-fedora-clang, r-devel-linux-x86_64-fedora-gcc, r-patched-solaris-x86, r-release-osx-x86_64

Version: 0.2.3
Check: dependencies in R code
Result: NOTE
    Namespace in Imports field not imported from: ‘shinyFiles’
     All declared Imports should be used.
Flavor: r-oldrel-osx-x86_64