CRAN Package Check Results for Package SSDM

Last updated on 2018-10-17 07:51:31 CEST.

Flavor Version Tinstall Tcheck Ttotal Status Flags
r-devel-linux-x86_64-debian-clang 0.2.4 20.61 250.20 270.81 OK
r-devel-linux-x86_64-debian-gcc 0.2.4 18.34 194.39 212.73 OK
r-devel-linux-x86_64-fedora-clang 0.2.4 316.99 NOTE
r-devel-linux-x86_64-fedora-gcc 0.2.4 315.03 NOTE
r-devel-windows-ix86+x86_64 0.2.4 49.00 339.00 388.00 OK
r-patched-linux-x86_64 0.2.4 16.22 218.23 234.45 OK
r-patched-solaris-x86 0.2.4 418.90 NOTE
r-release-linux-x86_64 0.2.4 12.96 214.39 227.35 OK
r-release-windows-ix86+x86_64 0.2.4 42.00 356.00 398.00 OK
r-release-osx-x86_64 0.2.4 NOTE
r-oldrel-windows-ix86+x86_64 0.2.4 27.00 347.00 374.00 OK
r-oldrel-osx-x86_64 0.2.4 NOTE

Check Details

Version: 0.2.4
Check: dependencies in R code
Result: NOTE
    Namespace in Imports field not imported from: ‘shinyFiles’
     All declared Imports should be used.
Flavors: r-devel-linux-x86_64-fedora-clang, r-devel-linux-x86_64-fedora-gcc, r-patched-solaris-x86, r-release-osx-x86_64, r-oldrel-osx-x86_64