CRAN Package Check Results for Package SSL

Last updated on 2018-08-22 06:47:05 CEST.

Flavor Version Tinstall Tcheck Ttotal Status Flags
r-devel-linux-x86_64-debian-clang 0.1 29.62 149.22 178.84 NOTE
r-devel-linux-x86_64-debian-gcc 0.1 25.11 173.25 198.36 NOTE
r-devel-linux-x86_64-fedora-clang 0.1 213.46 NOTE
r-devel-linux-x86_64-fedora-gcc 0.1 205.99 NOTE
r-devel-windows-ix86+x86_64 0.1 54.00 206.00 260.00 NOTE
r-patched-linux-x86_64 0.1 31.81 122.27 154.08 NOTE
r-patched-solaris-x86 0.1 256.00 NOTE
r-release-linux-x86_64 0.1 28.33 122.05 150.38 NOTE
r-release-windows-ix86+x86_64 0.1 93.00 181.00 274.00 NOTE
r-release-osx-x86_64 0.1 NOTE
r-oldrel-windows-ix86+x86_64 0.1 58.00 259.00 317.00 NOTE
r-oldrel-osx-x86_64 0.1 NOTE

Check Details

Version: 0.1
Check: R code for possible problems
Result: NOTE
    sslCoTrain: no visible global function definition for ‘predict’
    sslSelfTrain: no visible global function definition for ‘predict’
    Undefined global functions or variables:
     predict
    Consider adding
     importFrom("stats", "predict")
    to your NAMESPACE file.
Flavors: r-devel-linux-x86_64-debian-clang, r-devel-linux-x86_64-debian-gcc, r-devel-linux-x86_64-fedora-clang, r-devel-linux-x86_64-fedora-gcc, r-devel-windows-ix86+x86_64, r-patched-linux-x86_64, r-patched-solaris-x86, r-release-linux-x86_64, r-release-windows-ix86+x86_64, r-release-osx-x86_64, r-oldrel-windows-ix86+x86_64, r-oldrel-osx-x86_64

Version: 0.1
Check: compiled code
Result: NOTE
    File ‘SSL/libs/SSL.so’:
     Found no calls to: ‘R_registerRoutines’, ‘R_useDynamicSymbols’
    
    It is good practice to register native routines and to disable symbol
    search.
    
    See ‘Writing portable packages’ in the ‘Writing R Extensions’ manual.
Flavors: r-devel-linux-x86_64-debian-clang, r-devel-linux-x86_64-debian-gcc, r-devel-linux-x86_64-fedora-clang, r-devel-linux-x86_64-fedora-gcc, r-patched-linux-x86_64, r-release-linux-x86_64