CRAN Package Check Results for Package SSL

Last updated on 2018-11-14 18:48:12 CET.

Flavor Version Tinstall Tcheck Ttotal Status Flags
r-devel-linux-x86_64-debian-clang 0.1 32.96 184.89 217.85 OK
r-devel-linux-x86_64-debian-gcc 0.1 27.37 164.08 191.45 NOTE
r-devel-linux-x86_64-fedora-clang 0.1 273.91 NOTE
r-devel-linux-x86_64-fedora-gcc 0.1 208.43 NOTE
r-devel-windows-ix86+x86_64 0.1 62.00 270.00 332.00 OK
r-patched-linux-x86_64 0.1 33.25 147.35 180.60 OK
r-patched-solaris-x86 0.1 245.10 NOTE
r-release-linux-x86_64 0.1 28.91 120.01 148.92 NOTE
r-release-windows-ix86+x86_64 0.1 94.00 320.00 414.00 OK
r-release-osx-x86_64 0.1 NOTE
r-oldrel-windows-ix86+x86_64 0.1 93.00 311.00 404.00 OK
r-oldrel-osx-x86_64 0.1 NOTE

Check Details

Version: 0.1
Check: R code for possible problems
Result: NOTE
    sslCoTrain: no visible global function definition for ‘predict’
    sslSelfTrain: no visible global function definition for ‘predict’
    Undefined global functions or variables:
     predict
    Consider adding
     importFrom("stats", "predict")
    to your NAMESPACE file.
Flavors: r-devel-linux-x86_64-debian-gcc, r-devel-linux-x86_64-fedora-gcc, r-patched-solaris-x86, r-release-linux-x86_64, r-release-osx-x86_64, r-oldrel-osx-x86_64

Version: 0.1
Check: compiled code
Result: NOTE
    File ‘SSL/libs/SSL.so’:
     Found no calls to: ‘R_registerRoutines’, ‘R_useDynamicSymbols’
    
    It is good practice to register native routines and to disable symbol
    search.
    
    See ‘Writing portable packages’ in the ‘Writing R Extensions’ manual.
Flavors: r-devel-linux-x86_64-fedora-clang, r-devel-linux-x86_64-fedora-gcc