CRAN Package Check Results for Package SSL

Last updated on 2018-02-24 20:48:47 CET.

Flavor Version Tinstall Tcheck Ttotal Status Flags
r-devel-linux-x86_64-debian-clang 0.1 24.94 121.57 146.51 NOTE
r-devel-linux-x86_64-debian-gcc 0.1 21.55 100.67 122.22 NOTE
r-devel-linux-x86_64-fedora-clang 0.1 184.52 NOTE
r-devel-linux-x86_64-fedora-gcc 0.1 175.33 NOTE
r-devel-windows-ix86+x86_64 0.1 66.00 222.00 288.00 NOTE
r-patched-linux-x86_64 0.1 27.56 119.16 146.72 NOTE
r-patched-solaris-x86 0.1 239.10 NOTE
r-release-linux-x86_64 0.1 24.98 117.67 142.65 NOTE
r-release-windows-ix86+x86_64 0.1 77.00 243.00 320.00 NOTE
r-release-osx-x86_64 0.1 NOTE
r-oldrel-windows-ix86+x86_64 0.1 53.00 211.00 264.00 NOTE
r-oldrel-osx-x86_64 0.1 OK

Check Details

Version: 0.1
Check: R code for possible problems
Result: NOTE
    sslCoTrain: no visible global function definition for ‘predict’
    sslSelfTrain: no visible global function definition for ‘predict’
    Undefined global functions or variables:
     predict
    Consider adding
     importFrom("stats", "predict")
    to your NAMESPACE file.
Flavors: r-devel-linux-x86_64-debian-clang, r-devel-linux-x86_64-debian-gcc, r-devel-linux-x86_64-fedora-clang, r-devel-linux-x86_64-fedora-gcc, r-devel-windows-ix86+x86_64, r-patched-linux-x86_64, r-patched-solaris-x86, r-release-linux-x86_64, r-release-windows-ix86+x86_64, r-release-osx-x86_64, r-oldrel-windows-ix86+x86_64

Version: 0.1
Check: compiled code
Result: NOTE
    File ‘SSL/libs/SSL.so’:
     Found no calls to: ‘R_registerRoutines’, ‘R_useDynamicSymbols’
    
    It is good practice to register native routines and to disable symbol
    search.
    
    See ‘Writing portable packages’ in the ‘Writing R Extensions’ manual.
Flavors: r-devel-linux-x86_64-debian-clang, r-devel-linux-x86_64-debian-gcc, r-devel-linux-x86_64-fedora-clang, r-devel-linux-x86_64-fedora-gcc, r-patched-linux-x86_64, r-release-linux-x86_64