CRAN Package Check Results for Package SSN

Last updated on 2018-10-19 08:49:25 CEST.

Flavor Version Tinstall Tcheck Ttotal Status Flags
r-devel-linux-x86_64-debian-clang 1.1.13 15.56 187.28 202.84 OK
r-devel-linux-x86_64-debian-gcc 1.1.13 14.55 152.61 167.16 WARN
r-devel-linux-x86_64-fedora-clang 1.1.13 234.93 OK
r-devel-linux-x86_64-fedora-gcc 1.1.13 227.04 WARN
r-devel-windows-ix86+x86_64 1.1.13 43.00 353.00 396.00 OK
r-patched-linux-x86_64 1.1.13 12.86 167.61 180.47 WARN
r-patched-solaris-x86 1.1.13 305.40 NOTE
r-release-linux-x86_64 1.1.13 11.88 166.77 178.65 WARN
r-release-windows-ix86+x86_64 1.1.13 47.00 350.00 397.00 OK
r-release-osx-x86_64 1.1.13 OK
r-oldrel-windows-ix86+x86_64 1.1.13 20.00 336.00 356.00 OK
r-oldrel-osx-x86_64 1.1.13 OK

Check Details

Version: 1.1.13
Check: whether package can be installed
Result: WARN
    Found the following significant warnings:
     dbfopenSSN.c:1119:6: warning: ‘strncpy’ output may be truncated copying between 0 and 399 bytes from a string of length 399 [-Wstringop-truncation]
     dbfopenSSN.c:1100:6: warning: ‘strncpy’ output may be truncated copying between 0 and 399 bytes from a string of length 399 [-Wstringop-truncation]
     dbfopenSSN.c:663:2: warning: ‘strncpy’ output truncated before terminating nul copying as many bytes from a string as its length [-Wstringop-truncation]
     dbfopenSSN.c:1511:2: warning: ‘strncpy’ output may be truncated copying 11 bytes from a string of length 11 [-Wstringop-truncation]
Flavors: r-devel-linux-x86_64-debian-gcc, r-devel-linux-x86_64-fedora-gcc, r-patched-linux-x86_64, r-release-linux-x86_64

Version: 1.1.13
Check: installed package size
Result: NOTE
     installed size is 5.4Mb
     sub-directories of 1Mb or more:
     lsndata 2.9Mb
Flavor: r-patched-solaris-x86