CRAN Package Check Results for Package SSN

Last updated on 2018-08-17 00:50:05 CEST.

Flavor Version Tinstall Tcheck Ttotal Status Flags
r-devel-linux-x86_64-debian-clang 1.1.13 16.29 185.30 201.59 OK
r-devel-linux-x86_64-debian-gcc 1.1.13 14.55 153.46 168.01 WARN
r-devel-linux-x86_64-fedora-clang 1.1.13 231.21 OK
r-devel-linux-x86_64-fedora-gcc 1.1.13 223.74 WARN
r-devel-windows-ix86+x86_64 1.1.13 44.00 353.00 397.00 OK
r-patched-linux-x86_64 1.1.13 13.59 167.29 180.88 WARN
r-patched-solaris-x86 1.1.13 311.80 NOTE
r-release-linux-x86_64 1.1.13 14.39 166.68 181.07 WARN
r-release-windows-ix86+x86_64 1.1.13 49.00 341.00 390.00 OK
r-release-osx-x86_64 1.1.13 OK
r-oldrel-windows-ix86+x86_64 1.1.13 34.00 269.00 303.00 OK
r-oldrel-osx-x86_64 1.1.13 OK

Check Details

Version: 1.1.13
Check: whether package can be installed
Result: WARN
    Found the following significant warnings:
     dbfopenSSN.c:1119:6: warning: ‘strncpy’ output may be truncated copying between 0 and 399 bytes from a string of length 399 [-Wstringop-truncation]
     dbfopenSSN.c:1100:6: warning: ‘strncpy’ output may be truncated copying between 0 and 399 bytes from a string of length 399 [-Wstringop-truncation]
     dbfopenSSN.c:663:2: warning: ‘strncpy’ output truncated before terminating nul copying as many bytes from a string as its length [-Wstringop-truncation]
     dbfopenSSN.c:1511:2: warning: ‘strncpy’ output may be truncated copying 11 bytes from a string of length 11 [-Wstringop-truncation]
Flavors: r-devel-linux-x86_64-debian-gcc, r-devel-linux-x86_64-fedora-gcc, r-patched-linux-x86_64, r-release-linux-x86_64

Version: 1.1.13
Check: installed package size
Result: NOTE
     installed size is 5.4Mb
     sub-directories of 1Mb or more:
     lsndata 2.9Mb
Flavor: r-patched-solaris-x86