CRAN Package Check Results for Package SSN

Last updated on 2019-01-24 06:47:28 CET.

Flavor Version Tinstall Tcheck Ttotal Status Flags
r-devel-linux-x86_64-debian-clang 1.1.13 14.98 173.88 188.86 OK
r-devel-linux-x86_64-debian-gcc 1.1.13 14.47 142.42 156.89 WARN
r-devel-linux-x86_64-fedora-clang 1.1.13 218.01 OK
r-devel-linux-x86_64-fedora-gcc 1.1.13 210.42 WARN
r-devel-windows-ix86+x86_64 1.1.13 44.00 353.00 397.00 OK
r-patched-linux-x86_64 1.1.13 15.23 168.93 184.16 WARN
r-patched-solaris-x86 1.1.13 314.80 NOTE
r-release-linux-x86_64 1.1.13 14.58 168.22 182.80 WARN
r-release-windows-ix86+x86_64 1.1.13 27.00 350.00 377.00 OK
r-release-osx-x86_64 1.1.13 OK
r-oldrel-windows-ix86+x86_64 1.1.13 33.00 281.00 314.00 OK
r-oldrel-osx-x86_64 1.1.13 OK

Check Details

Version: 1.1.13
Check: whether package can be installed
Result: WARN
    Found the following significant warnings:
     dbfopenSSN.c:1119:6: warning: ‘strncpy’ output may be truncated copying between 0 and 399 bytes from a string of length 399 [-Wstringop-truncation]
     dbfopenSSN.c:1100:6: warning: ‘strncpy’ output may be truncated copying between 0 and 399 bytes from a string of length 399 [-Wstringop-truncation]
     dbfopenSSN.c:663:2: warning: ‘strncpy’ output truncated before terminating nul copying as many bytes from a string as its length [-Wstringop-truncation]
     dbfopenSSN.c:1511:2: warning: ‘strncpy’ output may be truncated copying 11 bytes from a string of length 11 [-Wstringop-truncation]
Flavors: r-devel-linux-x86_64-debian-gcc, r-devel-linux-x86_64-fedora-gcc, r-patched-linux-x86_64, r-release-linux-x86_64

Version: 1.1.13
Check: installed package size
Result: NOTE
     installed size is 5.4Mb
     sub-directories of 1Mb or more:
     lsndata 2.9Mb
Flavor: r-patched-solaris-x86