CRAN Package Check Results for Package SSN

Last updated on 2020-01-19 16:47:50 CET.

Flavor Version Tinstall Tcheck Ttotal Status Flags
r-devel-linux-x86_64-debian-clang 1.1.13 23.56 198.19 221.75 OK
r-devel-linux-x86_64-debian-gcc 1.1.13 18.45 155.79 174.24 WARN
r-devel-linux-x86_64-fedora-clang 1.1.13 262.97 OK
r-devel-linux-x86_64-fedora-gcc 1.1.13 260.94 WARN
r-devel-windows-ix86+x86_64 1.1.13 69.00 422.00 491.00 OK
r-devel-windows-ix86+x86_64-gcc8 1.1.13 57.00 319.00 376.00 WARN
r-patched-linux-x86_64 1.1.13 18.67 178.57 197.24 WARN
r-patched-solaris-x86 1.1.13 341.70 NOTE
r-release-linux-x86_64 1.1.13 16.47 177.91 194.38 WARN
r-release-windows-ix86+x86_64 1.1.13 61.00 390.00 451.00 OK
r-release-osx-x86_64 1.1.13 OK
r-oldrel-windows-ix86+x86_64 1.1.13 46.00 277.00 323.00 OK
r-oldrel-osx-x86_64 1.1.13 OK

Check Details

Version: 1.1.13
Check: whether package can be installed
Result: WARN
    Found the following significant warnings:
     /usr/include/x86_64-linux-gnu/bits/string_fortified.h:106:10: warning: ‘__builtin_strncpy’ output may be truncated copying between 0 and 399 bytes from a string of length 399 [-Wstringop-truncation]
     /usr/include/x86_64-linux-gnu/bits/string_fortified.h:106:10: warning: ‘__builtin_strncpy’ output truncated before terminating nul copying as many bytes from a string as its length [-Wstringop-truncation]
     /usr/include/x86_64-linux-gnu/bits/string_fortified.h:106:10: warning: ‘__builtin_strncpy’ output may be truncated copying 11 bytes from a string of length 11 [-Wstringop-truncation]
Flavor: r-devel-linux-x86_64-debian-gcc

Version: 1.1.13
Check: whether package can be installed
Result: WARN
    Found the following significant warnings:
     /usr/include/bits/string_fortified.h:106:10: warning: ‘__builtin_strncpy’ output may be truncated copying between 0 and 399 bytes from a string of length 399 [-Wstringop-truncation]
     /usr/include/bits/string_fortified.h:106:10: warning: ‘__builtin_strncpy’ output truncated before terminating nul copying as many bytes from a string as its length [-Wstringop-truncation]
     /usr/include/bits/string_fortified.h:106:10: warning: ‘__builtin_strncpy’ output may be truncated copying 11 bytes from a string of length 11 [-Wstringop-truncation]
Flavor: r-devel-linux-x86_64-fedora-gcc

Version: 1.1.13
Check: whether package can be installed
Result: WARN
    Found the following significant warnings:
     dbfopenSSN.c:1119:6: warning: 'strncpy' output may be truncated copying between 0 and 399 bytes from a string of length 399 [-Wstringop-truncation]
     dbfopenSSN.c:1100:6: warning: 'strncpy' output may be truncated copying between 0 and 399 bytes from a string of length 399 [-Wstringop-truncation]
     dbfopenSSN.c:663:2: warning: 'strncpy' output truncated before terminating nul copying as many bytes from a string as its length [-Wstringop-truncation]
     dbfopenSSN.c:1511:2: warning: 'strncpy' output may be truncated copying 11 bytes from a string of length 11 [-Wstringop-truncation]
Flavors: r-devel-windows-ix86+x86_64-gcc8, r-patched-linux-x86_64, r-release-linux-x86_64

Version: 1.1.13
Check: installed package size
Result: NOTE
     installed size is 5.4Mb
     sub-directories of 1Mb or more:
     lsndata 2.9Mb
Flavor: r-patched-solaris-x86