CRAN Package Check Results for Package SSN

Last updated on 2018-05-27 15:47:20 CEST.

Flavor Version Tinstall Tcheck Ttotal Status Flags
r-devel-linux-x86_64-debian-clang 1.1.13 19.22 174.23 193.45 OK
r-devel-linux-x86_64-debian-gcc 1.1.13 15.28 141.33 156.61 OK
r-devel-linux-x86_64-fedora-clang 1.1.13 240.93 OK
r-devel-linux-x86_64-fedora-gcc 1.1.13 231.68 OK
r-devel-windows-ix86+x86_64 1.1.13 29.00 249.00 278.00 OK
r-patched-linux-x86_64 1.1.13 14.85 155.02 169.87 OK
r-patched-solaris-x86 1.1.13 294.90 NOTE
r-release-linux-x86_64 1.1.13 13.55 156.00 169.55 OK
r-release-windows-ix86+x86_64 1.1.13 53.00 271.00 324.00 OK
r-release-osx-x86_64 1.1.13 OK
r-oldrel-windows-ix86+x86_64 1.1.13 30.00 243.00 273.00 OK
r-oldrel-osx-x86_64 1.1.12 OK

Check Details

Version: 1.1.13
Check: installed package size
Result: NOTE
     installed size is 5.4Mb
     sub-directories of 1Mb or more:
     lsndata 2.9Mb
Flavor: r-patched-solaris-x86