CRAN Package Check Results for Package SSN

Last updated on 2018-02-22 06:48:50 CET.

Flavor Version Tinstall Tcheck Ttotal Status Flags
r-devel-linux-x86_64-debian-clang 1.1.12 15.18 148.72 163.90 OK
r-devel-linux-x86_64-debian-gcc 1.1.12 13.91 130.75 144.66 OK
r-devel-linux-x86_64-fedora-clang 1.1.12 211.40 OK
r-devel-linux-x86_64-fedora-gcc 1.1.12 207.90 OK
r-devel-windows-ix86+x86_64 1.1.12 43.00 275.00 318.00 OK
r-patched-linux-x86_64 1.1.12 8.02 164.97 172.99 OK
r-patched-solaris-x86 1.1.12 295.10 NOTE
r-release-linux-x86_64 1.1.12 8.49 163.49 171.98 OK
r-release-windows-ix86+x86_64 1.1.12 30.00 328.00 358.00 OK
r-release-osx-x86_64 1.1.12 OK
r-oldrel-windows-ix86+x86_64 1.1.10 29.00 287.00 316.00 OK
r-oldrel-osx-x86_64 1.1.10 ERROR

Check Details

Version: 1.1.12
Check: installed package size
Result: NOTE
     installed size is 5.2Mb
     sub-directories of 1Mb or more:
     lsndata 2.9Mb
Flavor: r-patched-solaris-x86

Version: 1.1.10
Check: whether package can be installed
Result: ERROR
    Installation failed.
Flavor: r-oldrel-osx-x86_64