CRAN Package Check Results for Package SSOSVM

Last updated on 2024-02-28 01:54:26 CET.

Flavor Version Tinstall Tcheck Ttotal Status Flags
r-devel-linux-x86_64-debian-clang 0.2.1 39.80 30.54 70.34 NOTE
r-devel-linux-x86_64-debian-gcc 0.2.1 30.55 23.40 53.95 NOTE
r-devel-linux-x86_64-fedora-clang 0.2.1 100.66 NOTE
r-devel-linux-x86_64-fedora-gcc 0.2.1 99.19 NOTE
r-devel-windows-x86_64 0.2.1 30.00 60.00 90.00 NOTE
r-patched-linux-x86_64 0.2.1 36.98 29.87 66.85 NOTE
r-release-linux-x86_64 0.2.1 36.76 29.67 66.43 NOTE
r-release-macos-arm64 0.2.1 28.00 NOTE
r-release-macos-x86_64 0.2.1 45.00 NOTE
r-release-windows-x86_64 0.2.1 38.00 68.00 106.00 NOTE
r-oldrel-macos-arm64 0.2.1 34.00 OK
r-oldrel-windows-x86_64 0.2.1 35.00 73.00 108.00 OK

Check Details

Version: 0.2.1
Check: C++ specification
Result: NOTE Specified C++11: please drop specification unless essential Flavors: r-devel-linux-x86_64-debian-clang, r-devel-linux-x86_64-debian-gcc, r-devel-linux-x86_64-fedora-clang, r-devel-linux-x86_64-fedora-gcc, r-devel-windows-x86_64, r-patched-linux-x86_64, r-release-linux-x86_64, r-release-macos-arm64, r-release-macos-x86_64, r-release-windows-x86_64

Version: 0.2.1
Check: package subdirectories
Result: NOTE Problems with news in ‘NEWS.md’: No news entries found. Flavors: r-devel-linux-x86_64-debian-clang, r-devel-linux-x86_64-debian-gcc, r-devel-linux-x86_64-fedora-clang, r-devel-linux-x86_64-fedora-gcc, r-devel-windows-x86_64, r-patched-linux-x86_64, r-release-linux-x86_64, r-release-macos-arm64, r-release-macos-x86_64, r-release-windows-x86_64

Version: 0.2.1
Check: dependencies in R code
Result: NOTE Namespace in Imports field not imported from: ‘MASS’ All declared Imports should be used. Flavors: r-devel-linux-x86_64-fedora-clang, r-devel-linux-x86_64-fedora-gcc