CRAN Package Check Results for Package STMotif

Last updated on 2022-08-07 19:55:21 CEST.

Flavor Version Tinstall Tcheck Ttotal Status Flags
r-devel-linux-x86_64-debian-clang 2.0.1 6.22 70.26 76.48 OK
r-devel-linux-x86_64-debian-gcc 2.0.1 4.76 51.36 56.12 OK
r-devel-linux-x86_64-fedora-clang 2.0.1 97.36 NOTE
r-devel-linux-x86_64-fedora-gcc 2.0.1 98.57 NOTE
r-devel-windows-x86_64 2.0.1 17.00 90.00 107.00 OK
r-patched-linux-x86_64 2.0.1 6.07 64.05 70.12 OK
r-release-linux-x86_64 2.0.1 5.68 64.60 70.28 OK
r-release-macos-arm64 2.0.1 30.00 NOTE
r-release-macos-x86_64 2.0.1 57.00 NOTE
r-release-windows-x86_64 2.0.1 19.00 95.00 114.00 OK
r-oldrel-macos-arm64 2.0.1 36.00 NOTE
r-oldrel-macos-x86_64 2.0.1 55.00 NOTE
r-oldrel-windows-ix86+x86_64 2.0.1 18.00 87.00 105.00 OK

Check Details

Version: 2.0.1
Check: dependencies in R code
Result: NOTE
    Namespace in Imports field not imported from: ‘shiny’
     All declared Imports should be used.
Flavors: r-devel-linux-x86_64-fedora-clang, r-devel-linux-x86_64-fedora-gcc, r-release-macos-arm64, r-release-macos-x86_64, r-oldrel-macos-arm64, r-oldrel-macos-x86_64