CRAN Package Check Results for Package SUMMER

Last updated on 2019-11-22 05:46:45 CET.

Flavor Version Tinstall Tcheck Ttotal Status Flags
r-devel-linux-x86_64-debian-clang 0.3.0 NOTE
r-devel-linux-x86_64-debian-gcc 0.3.0 12.62 73.95 86.57 NOTE
r-devel-linux-x86_64-fedora-clang 0.3.0 125.93 NOTE
r-devel-linux-x86_64-fedora-gcc 0.3.0 128.90 OK
r-devel-windows-ix86+x86_64 0.3.0 45.00 150.00 195.00 NOTE
r-devel-windows-ix86+x86_64-gcc8 0.3.0 29.00 108.00 137.00 NOTE
r-patched-linux-x86_64 0.3.0 12.41 87.75 100.16 NOTE
r-patched-solaris-x86 0.3.0 176.80 NOTE --no-vignettes
r-release-linux-x86_64 0.3.0 12.98 87.15 100.13 NOTE
r-release-windows-ix86+x86_64 0.3.0 35.00 110.00 145.00 NOTE
r-release-osx-x86_64 0.3.0 NOTE
r-oldrel-windows-ix86+x86_64 0.3.0 16.00 101.00 117.00 NOTE
r-oldrel-osx-x86_64 0.3.0 NOTE

Check Details

Version: 0.3.0
Check: package dependencies
Result: NOTE
    Package suggested but not available for checking: 'INLA'
Flavors: r-devel-linux-x86_64-debian-clang, r-devel-linux-x86_64-debian-gcc, r-patched-linux-x86_64, r-release-linux-x86_64, r-release-osx-x86_64, r-oldrel-osx-x86_64

Version: 0.3.0
Check: installed package size
Result: NOTE
     installed size is 6.4Mb
     sub-directories of 1Mb or more:
     data 2.7Mb
     doc 3.4Mb
Flavors: r-devel-linux-x86_64-fedora-clang, r-devel-windows-ix86+x86_64, r-devel-windows-ix86+x86_64-gcc8, r-release-windows-ix86+x86_64, r-release-osx-x86_64, r-oldrel-windows-ix86+x86_64, r-oldrel-osx-x86_64

Version: 0.3.0
Flags: --no-vignettes
Check: package dependencies
Result: NOTE
    Package suggested but not available for checking: ‘INLA’
Flavor: r-patched-solaris-x86

Version: 0.3.0
Flags: --no-vignettes
Check: installed package size
Result: NOTE
     installed size is 6.8Mb
     sub-directories of 1Mb or more:
     data 2.8Mb
     doc 3.5Mb
Flavor: r-patched-solaris-x86