CRAN Package Check Results for Package SUMMER

Last updated on 2020-07-07 07:48:17 CEST.

Flavor Version Tinstall Tcheck Ttotal Status Flags
r-devel-linux-x86_64-debian-clang 0.3.0 15.06 103.80 118.86 NOTE
r-devel-linux-x86_64-debian-gcc 0.3.0 12.99 79.42 92.41 NOTE
r-devel-linux-x86_64-fedora-clang 0.3.0 151.98 NOTE
r-devel-linux-x86_64-fedora-gcc 0.3.0 141.51 OK
r-devel-windows-ix86+x86_64 0.3.0 30.00 133.00 163.00 NOTE
r-patched-linux-x86_64 0.3.0 14.53 101.47 116.00 NOTE
r-patched-solaris-x86 0.3.0 207.80 NOTE --no-vignettes
r-release-linux-x86_64 0.3.0 13.58 101.47 115.05 NOTE
r-release-osx-x86_64 0.3.0 NOTE
r-release-windows-ix86+x86_64 0.3.0 28.00 113.00 141.00 NOTE
r-oldrel-osx-x86_64 0.3.0 NOTE
r-oldrel-windows-ix86+x86_64 0.3.0 35.00 151.00 186.00 NOTE

Check Details

Version: 0.3.0
Check: package dependencies
Result: NOTE
    Package suggested but not available for checking: 'INLA'
Flavors: r-devel-linux-x86_64-debian-clang, r-devel-linux-x86_64-debian-gcc, r-patched-linux-x86_64, r-release-linux-x86_64, r-release-osx-x86_64, r-oldrel-osx-x86_64

Version: 0.3.0
Check: installed package size
Result: NOTE
     installed size is 6.4Mb
     sub-directories of 1Mb or more:
     data 2.7Mb
     doc 3.4Mb
Flavors: r-devel-linux-x86_64-fedora-clang, r-devel-windows-ix86+x86_64, r-release-osx-x86_64, r-release-windows-ix86+x86_64, r-oldrel-osx-x86_64, r-oldrel-windows-ix86+x86_64

Version: 0.3.0
Flags: --no-vignettes
Check: package dependencies
Result: NOTE
    Package suggested but not available for checking: ‘INLA’
Flavor: r-patched-solaris-x86

Version: 0.3.0
Flags: --no-vignettes
Check: installed package size
Result: NOTE
     installed size is 6.8Mb
     sub-directories of 1Mb or more:
     data 2.8Mb
     doc 3.5Mb
Flavor: r-patched-solaris-x86