CRAN Package Check Results for Package SanFranBeachWater

Last updated on 2022-08-15 13:52:10 CEST.

Flavor Version Tinstall Tcheck Ttotal Status Flags
r-devel-linux-x86_64-debian-clang 0.1.0 6.03 58.59 64.62 NOTE
r-devel-linux-x86_64-debian-gcc 0.1.0 4.71 42.92 47.63 NOTE
r-devel-linux-x86_64-fedora-clang 0.1.0 92.80 NOTE
r-devel-linux-x86_64-fedora-gcc 0.1.0 84.83 NOTE
r-devel-windows-x86_64 0.1.0 31.00 82.00 113.00 NOTE
r-patched-linux-x86_64 0.1.0 5.53 54.63 60.16 NOTE
r-release-linux-x86_64 0.1.0 4.51 54.66 59.17 NOTE
r-release-macos-arm64 0.1.0 27.00 NOTE
r-release-macos-x86_64 0.1.0 42.00 NOTE
r-release-windows-x86_64 0.1.0 59.00 84.00 143.00 NOTE
r-oldrel-macos-arm64 0.1.0 31.00 NOTE
r-oldrel-macos-x86_64 0.1.0 40.00 NOTE
r-oldrel-windows-ix86+x86_64 0.1.0 17.00 81.00 98.00 NOTE

Check Details

Version: 0.1.0
Check: LazyData
Result: NOTE
     'LazyData' is specified without a 'data' directory
Flavors: r-devel-linux-x86_64-debian-clang, r-devel-linux-x86_64-debian-gcc, r-devel-linux-x86_64-fedora-clang, r-devel-linux-x86_64-fedora-gcc, r-devel-windows-x86_64, r-patched-linux-x86_64, r-release-linux-x86_64, r-release-macos-arm64, r-release-macos-x86_64, r-release-windows-x86_64, r-oldrel-macos-arm64, r-oldrel-macos-x86_64, r-oldrel-windows-ix86+x86_64

Version: 0.1.0
Check: dependencies in R code
Result: NOTE
    Namespace in Imports field not imported from: ‘tibble’
     All declared Imports should be used.
Flavors: r-devel-linux-x86_64-fedora-clang, r-devel-linux-x86_64-fedora-gcc, r-release-macos-arm64, r-release-macos-x86_64, r-oldrel-macos-arm64, r-oldrel-macos-x86_64