CRAN Package Check Results for Package ScRNAIMM

Last updated on 2024-06-13 14:49:14 CEST.

Flavor Version Tinstall Tcheck Ttotal Status Flags
r-devel-linux-x86_64-debian-clang 0.1 16.27 146.27 162.54 OK
r-devel-linux-x86_64-debian-gcc 0.1 0.27 1.56 1.83 ERROR
r-devel-linux-x86_64-fedora-clang 0.1 213.30 OK
r-devel-linux-x86_64-fedora-gcc 0.1 186.71 OK
r-devel-windows-x86_64 0.1 14.00 109.00 123.00 OK
r-patched-linux-x86_64 0.1 15.75 136.49 152.24 OK
r-release-linux-x86_64 0.1 15.32 139.52 154.84 OK
r-release-macos-arm64 0.1 54.00 OK
r-release-macos-x86_64 0.1 84.00 OK
r-release-windows-x86_64 0.1 15.00 113.00 128.00 OK
r-oldrel-macos-arm64 0.1 64.00 OK
r-oldrel-macos-x86_64 0.1 210.00 OK
r-oldrel-windows-x86_64 0.1 19.00 135.00 154.00 OK

Check Details

Version: 0.1
Check: package dependencies
Result: ERROR Packages required but not available: 'dplyr', 'scDHA' See section ‘The DESCRIPTION file’ in the ‘Writing R Extensions’ manual. Flavor: r-devel-linux-x86_64-debian-gcc