CRAN Package Check Results for Package SemiCompRisks

Last updated on 2021-05-06 21:49:44 CEST.

Flavor Version Tinstall Tcheck Ttotal Status Flags
r-devel-linux-x86_64-debian-clang 3.4 61.88 137.65 199.53 OK
r-devel-linux-x86_64-debian-gcc 3.4 62.19 103.13 165.32 OK
r-devel-linux-x86_64-fedora-clang 3.4 268.45 OK
r-devel-linux-x86_64-fedora-gcc 3.4 268.19 OK
r-devel-windows-ix86+x86_64 3.4 154.00 199.00 353.00 OK
r-devel-windows-x86_64-gcc10-UCRT 3.4 OK
r-patched-linux-x86_64 3.4 67.02 134.38 201.40 OK
r-patched-solaris-x86 3.4 400.80 OK
r-release-linux-x86_64 3.4 66.29 125.05 191.34 OK
r-release-macos-x86_64 3.4 NOTE
r-release-windows-ix86+x86_64 3.4 136.00 154.00 290.00 OK
r-oldrel-macos-x86_64 3.4 WARN
r-oldrel-windows-ix86+x86_64 3.4 174.00 142.00 316.00 OK

Check Details

Version: 3.4
Check: installed package size
Result: NOTE
     installed size is 6.5Mb
     sub-directories of 1Mb or more:
     libs 5.5Mb
Flavors: r-release-macos-x86_64, r-oldrel-macos-x86_64

Version: 3.4
Check: re-building of vignette outputs
Result: WARN
    Error(s) in re-building vignettes:
     ...
    --- re-building ‘SemiCompRisks.ltx’ using tex
    Error: processing vignette 'SemiCompRisks.ltx' failed with diagnostics:
    Running 'texi2dvi' on 'SemiCompRisks.ltx' failed.
    LaTeX errors:
    !pdfTeX error: pdflatex (file bbm8): Font bbm8 at 600 not found
     ==> Fatal error occurred, no output PDF file produced!
    --- failed re-building ‘SemiCompRisks.ltx’
    
    SUMMARY: processing the following file failed:
     ‘SemiCompRisks.ltx’
    
    Error: Vignette re-building failed.
    Execution halted
Flavor: r-oldrel-macos-x86_64