Last updated on 2021-02-25 10:47:48 CET.
Flavor | Version | Tinstall | Tcheck | Ttotal | Status | Flags |
---|---|---|---|---|---|---|
r-devel-linux-x86_64-debian-clang | 1.0.7 | 74.18 | 84.20 | 158.38 | OK | |
r-devel-linux-x86_64-debian-gcc | 1.0.7 | 52.40 | 63.05 | 115.45 | OK | |
r-devel-linux-x86_64-fedora-clang | 1.0.7 | 221.18 | NOTE | |||
r-devel-linux-x86_64-fedora-gcc | 1.0.7 | 198.63 | OK | |||
r-devel-windows-ix86+x86_64 | 1.0.7 | 126.00 | 111.00 | 237.00 | OK | |
r-patched-linux-x86_64 | 1.0.7 | 61.71 | 79.20 | 140.91 | OK | |
r-patched-solaris-x86 | 1.0.7 | 212.70 | OK | |||
r-release-linux-x86_64 | 1.0.7 | 63.17 | 78.81 | 141.98 | OK | |
r-release-macos-x86_64 | 1.0.7 | NOTE | ||||
r-release-windows-ix86+x86_64 | 1.0.7 | 161.00 | 136.00 | 297.00 | OK | |
r-oldrel-macos-x86_64 | 1.0.7 | NOTE | ||||
r-oldrel-windows-ix86+x86_64 | 1.0.7 | 124.00 | 139.00 | 263.00 | OK |
Version: 1.0.7
Check: installed package size
Result: NOTE
installed size is 10.5Mb
sub-directories of 1Mb or more:
libs 9.1Mb
Flavors: r-devel-linux-x86_64-fedora-clang, r-release-macos-x86_64, r-oldrel-macos-x86_64