CRAN Package Check Results for Package SeqGrapheR

Last updated on 2018-08-18 12:50:22 CEST.

Flavor Version Tinstall Tcheck Ttotal Status Flags
r-devel-linux-x86_64-debian-clang 0.4.8.5 12.38 139.07 151.45 OK
r-devel-linux-x86_64-debian-gcc 0.4.8.5 10.93 113.26 124.19 OK
r-devel-linux-x86_64-fedora-clang 0.4.8.5 181.61 OK
r-devel-linux-x86_64-fedora-gcc 0.4.8.5 177.96 OK
r-devel-windows-ix86+x86_64 0.4.8.5 25.00 144.00 169.00 OK
r-patched-linux-x86_64 0.4.8.5 9.10 115.97 125.07 OK
r-release-linux-x86_64 0.4.8.5 7.84 115.82 123.66 OK
r-release-windows-ix86+x86_64 0.4.8.5 25.00 152.00 177.00 OK
r-release-osx-x86_64 0.4.8.5 ERROR
r-oldrel-windows-ix86+x86_64 0.4.8.5 16.00 129.00 145.00 OK
r-oldrel-osx-x86_64 0.4.8.5 ERROR

Check Details

Version: 0.4.8.5
Check: package dependencies
Result: ERROR
    Packages required but not available: ‘rggobi’ ‘gWidgetsRGtk2’ ‘cairoDevice’
    
    See section ‘The DESCRIPTION file’ in the ‘Writing R Extensions’
    manual.
Flavors: r-release-osx-x86_64, r-oldrel-osx-x86_64