CRAN Package Check Results for Package SeqGrapheR

Last updated on 2018-10-21 17:54:35 CEST.

Flavor Version Tinstall Tcheck Ttotal Status Flags
r-devel-linux-x86_64-debian-clang 0.4.8.5 13.64 141.38 155.02 OK
r-devel-linux-x86_64-debian-gcc 0.4.8.5 10.27 112.32 122.59 OK
r-devel-linux-x86_64-fedora-clang 0.4.8.5 180.73 OK
r-devel-linux-x86_64-fedora-gcc 0.4.8.5 178.00 OK
r-devel-windows-ix86+x86_64 0.4.8.5 27.00 246.00 273.00 OK
r-patched-linux-x86_64 0.4.8.5 10.68 116.42 127.10 OK
r-release-linux-x86_64 0.4.8.5 11.11 115.97 127.08 OK
r-release-windows-ix86+x86_64 0.4.8.5 22.00 154.00 176.00 OK
r-release-osx-x86_64 0.4.8.5 ERROR
r-oldrel-windows-ix86+x86_64 0.4.8.5 14.00 154.00 168.00 OK
r-oldrel-osx-x86_64 0.4.8.5 ERROR

Check Details

Version: 0.4.8.5
Check: package dependencies
Result: ERROR
    Packages required but not available: ‘rggobi’ ‘gWidgetsRGtk2’ ‘cairoDevice’
    
    See section ‘The DESCRIPTION file’ in the ‘Writing R Extensions’
    manual.
Flavors: r-release-osx-x86_64, r-oldrel-osx-x86_64