CRAN Package Check Results for Package SeqGrapheR

Last updated on 2019-01-22 00:46:44 CET.

Flavor Version Tinstall Tcheck Ttotal Status Flags
r-devel-linux-x86_64-debian-clang 0.4.8.5 10.67 121.74 132.41 OK
r-devel-linux-x86_64-debian-gcc 0.4.8.5 8.97 96.90 105.87 OK
r-devel-linux-x86_64-fedora-clang 0.4.8.5 166.54 OK
r-devel-linux-x86_64-fedora-gcc 0.4.8.5 150.49 OK
r-devel-windows-ix86+x86_64 0.4.8.5 24.00 163.00 187.00 OK
r-patched-linux-x86_64 0.4.8.5 10.71 118.17 128.88 OK
r-release-linux-x86_64 0.4.8.5 9.53 116.78 126.31 OK
r-release-windows-ix86+x86_64 0.4.8.5 22.00 151.00 173.00 OK
r-release-osx-x86_64 0.4.8.5 ERROR
r-oldrel-windows-ix86+x86_64 0.4.8.5 20.00 105.00 125.00 OK
r-oldrel-osx-x86_64 0.4.8.5 ERROR

Check Details

Version: 0.4.8.5
Check: package dependencies
Result: ERROR
    Packages required but not available: ‘rggobi’ ‘gWidgetsRGtk2’ ‘cairoDevice’
    
    See section ‘The DESCRIPTION file’ in the ‘Writing R Extensions’
    manual.
Flavors: r-release-osx-x86_64, r-oldrel-osx-x86_64