CRAN Package Check Results for Package SeqGrapheR

Last updated on 2018-05-27 13:47:36 CEST.

Flavor Version Tinstall Tcheck Ttotal Status Flags
r-devel-linux-x86_64-debian-clang 0.4.8.5 14.10 139.74 153.84 OK
r-devel-linux-x86_64-debian-gcc 0.4.8.5 10.36 109.90 120.26 OK
r-devel-linux-x86_64-fedora-clang 0.4.8.5 194.48 OK
r-devel-linux-x86_64-fedora-gcc 0.4.8.5 182.34 OK
r-devel-windows-ix86+x86_64 0.4.8.5 20.00 124.00 144.00 OK
r-patched-linux-x86_64 0.4.8.5 10.72 114.81 125.53 OK
r-release-linux-x86_64 0.4.8.5 12.06 115.06 127.12 OK
r-release-windows-ix86+x86_64 0.4.8.5 24.00 126.00 150.00 OK
r-release-osx-x86_64 0.4.8.5 ERROR
r-oldrel-windows-ix86+x86_64 0.4.8.5 22.00 112.00 134.00 OK
r-oldrel-osx-x86_64 0.4.8.5 ERROR

Check Details

Version: 0.4.8.5
Check: package dependencies
Result: ERROR
    Packages required but not available: ‘rggobi’ ‘gWidgetsRGtk2’ ‘cairoDevice’
    
    See section ‘The DESCRIPTION file’ in the ‘Writing R Extensions’
    manual.
Flavors: r-release-osx-x86_64, r-oldrel-osx-x86_64