CRAN Package Check Results for Package SeqNet

Last updated on 2020-05-29 16:50:35 CEST.

Flavor Version Tinstall Tcheck Ttotal Status Flags
r-devel-linux-x86_64-debian-clang 1.1.0 59.10 57.79 116.89 OK
r-devel-linux-x86_64-debian-gcc 1.1.0 43.12 44.63 87.75 OK
r-devel-linux-x86_64-fedora-clang 1.1.0 159.40 NOTE
r-devel-linux-x86_64-fedora-gcc 1.1.0 136.76 NOTE
r-devel-windows-ix86+x86_64 1.1.0 147.00 139.00 286.00 NOTE
r-patched-linux-x86_64 1.1.0 41.38 57.62 99.00 OK
r-patched-solaris-x86 1.1.0 160.50 NOTE
r-release-linux-x86_64 1.1.0 40.90 58.50 99.40 OK
r-release-osx-x86_64 1.1.0 NOTE
r-release-windows-ix86+x86_64 1.1.0 110.00 119.00 229.00 NOTE
r-oldrel-osx-x86_64 1.1.0 NOTE
r-oldrel-windows-ix86+x86_64 1.1.0 113.00 109.00 222.00 NOTE

Check Details

Version: 1.1.0
Check: installed package size
Result: NOTE
     installed size is 8.4Mb
     sub-directories of 1Mb or more:
     data 6.9Mb
     libs 1.1Mb
Flavors: r-devel-linux-x86_64-fedora-clang, r-devel-windows-ix86+x86_64, r-patched-solaris-x86, r-release-osx-x86_64, r-release-windows-ix86+x86_64, r-oldrel-osx-x86_64, r-oldrel-windows-ix86+x86_64

Version: 1.1.0
Check: dependencies in R code
Result: NOTE
    Namespace in Imports field not imported from: ‘RColorBrewer’
     All declared Imports should be used.
Flavors: r-devel-linux-x86_64-fedora-clang, r-devel-linux-x86_64-fedora-gcc, r-patched-solaris-x86, r-release-osx-x86_64, r-oldrel-osx-x86_64