CRAN Package Check Results for Package SeqNet

Last updated on 2019-11-14 15:47:43 CET.

Flavor Version Tinstall Tcheck Ttotal Status Flags
r-devel-linux-x86_64-debian-clang 1.0.0 60.02 52.58 112.60 OK
r-devel-linux-x86_64-debian-gcc 1.0.0 34.99 40.60 75.59 OK
r-devel-linux-x86_64-fedora-clang 1.0.0 147.96 NOTE
r-devel-linux-x86_64-fedora-gcc 1.0.0 129.99 NOTE
r-devel-windows-ix86+x86_64 1.0.0 121.00 132.00 253.00 NOTE
r-patched-linux-x86_64 1.0.0 39.59 50.85 90.44 OK
r-patched-solaris-x86 1.0.0 143.00 NOTE
r-release-linux-x86_64 1.0.0 39.13 50.82 89.95 OK
r-release-windows-ix86+x86_64 1.0.0 92.00 124.00 216.00 NOTE
r-release-osx-x86_64 1.0.0 NOTE
r-oldrel-windows-ix86+x86_64 1.0.0 85.00 92.00 177.00 NOTE
r-oldrel-osx-x86_64 1.0.0 NOTE

Check Details

Version: 1.0.0
Check: installed package size
Result: NOTE
     installed size is 8.2Mb
     sub-directories of 1Mb or more:
     data 6.9Mb
Flavors: r-devel-linux-x86_64-fedora-clang, r-devel-windows-ix86+x86_64, r-patched-solaris-x86, r-release-windows-ix86+x86_64, r-release-osx-x86_64, r-oldrel-windows-ix86+x86_64, r-oldrel-osx-x86_64

Version: 1.0.0
Check: dependencies in R code
Result: NOTE
    Namespace in Imports field not imported from: ‘RColorBrewer’
     All declared Imports should be used.
Flavors: r-devel-linux-x86_64-fedora-clang, r-devel-linux-x86_64-fedora-gcc, r-patched-solaris-x86, r-release-osx-x86_64, r-oldrel-osx-x86_64