CRAN Package Check Results for Package SetRank

Last updated on 2018-11-17 10:51:24 CET.

Flavor Version Tinstall Tcheck Ttotal Status Flags
r-devel-linux-x86_64-debian-clang 1.1.0 2.49 53.00 55.49 OK
r-devel-linux-x86_64-debian-gcc 1.1.0 2.58 41.94 44.52 OK
r-devel-linux-x86_64-fedora-clang 1.1.0 70.36 OK
r-devel-linux-x86_64-fedora-gcc 1.1.0 65.28 OK
r-devel-windows-ix86+x86_64 1.1.0 7.00 99.00 106.00 OK
r-patched-linux-x86_64 1.1.0 3.38 50.31 53.69 OK
r-patched-solaris-x86 1.1.0 92.60 OK
r-release-linux-x86_64 1.1.0 3.34 50.29 53.63 OK
r-release-windows-ix86+x86_64 1.1.0 7.00 95.00 102.00 OK
r-release-osx-x86_64 1.1.0 OK
r-oldrel-windows-ix86+x86_64 1.1.0 6.00 95.00 101.00 OK
r-oldrel-osx-x86_64 1.1.0 WARN

Check Details

Version: 1.1.0
Check: re-building of vignette outputs
Result: WARN
    Error in re-building vignettes:
     ...
    Error: processing vignette 'vignette.ltx' failed with diagnostics:
    Running 'texi2dvi' on 'vignette.ltx' failed.
    LaTeX errors:
    ! LaTeX Error: File `beramono.sty' not found.
    
    Type X to quit or <RETURN> to proceed,
    or enter new name. (Default extension: sty)
    
    ! Emergency stop.
    <read *>
    
    l.7 \usepackage
     [T1]{fontenc}^^M
    ! ==> Fatal error occurred, no output PDF file produced!
    Execution halted
Flavor: r-oldrel-osx-x86_64