CRAN Package Check Results for Package SetRank

Last updated on 2019-02-17 21:47:49 CET.

Flavor Version Tinstall Tcheck Ttotal Status Flags
r-devel-linux-x86_64-debian-clang 1.1.0 3.83 53.35 57.18 OK
r-devel-linux-x86_64-debian-gcc 1.1.0 3.00 42.12 45.12 OK
r-devel-linux-x86_64-fedora-clang 1.1.0 70.31 OK
r-devel-linux-x86_64-fedora-gcc 1.1.0 66.85 OK
r-devel-windows-ix86+x86_64 1.1.0 7.00 71.00 78.00 OK
r-patched-linux-x86_64 1.1.0 3.23 50.54 53.77 OK
r-patched-solaris-x86 1.1.0 94.40 OK
r-release-linux-x86_64 1.1.0 OK
r-release-windows-ix86+x86_64 1.1.0 5.00 109.00 114.00 OK
r-release-osx-x86_64 1.1.0 OK
r-oldrel-windows-ix86+x86_64 1.1.0 6.00 84.00 90.00 OK
r-oldrel-osx-x86_64 1.1.0 WARN

Check Details

Version: 1.1.0
Check: re-building of vignette outputs
Result: WARN
    Error in re-building vignettes:
     ...
    Error: processing vignette 'vignette.ltx' failed with diagnostics:
    Running 'texi2dvi' on 'vignette.ltx' failed.
    LaTeX errors:
    ! LaTeX Error: File `beramono.sty' not found.
    
    Type X to quit or <RETURN> to proceed,
    or enter new name. (Default extension: sty)
    
    ! Emergency stop.
    <read *>
    
    l.7 \usepackage
     [T1]{fontenc}^^M
    ! ==> Fatal error occurred, no output PDF file produced!
    Execution halted
Flavor: r-oldrel-osx-x86_64