CRAN Package Check Results for Package SetRank

Last updated on 2018-08-21 21:51:22 CEST.

Flavor Version Tinstall Tcheck Ttotal Status Flags
r-devel-linux-x86_64-debian-clang 1.1.0 3.09 54.51 57.60 OK
r-devel-linux-x86_64-debian-gcc 1.1.0 2.71 0.02 2.73 FAIL
r-devel-linux-x86_64-fedora-clang 1.1.0 68.20 OK
r-devel-linux-x86_64-fedora-gcc 1.1.0 67.22 OK
r-devel-windows-ix86+x86_64 1.1.0 7.00 76.00 83.00 OK
r-patched-linux-x86_64 1.1.0 2.72 50.17 52.89 OK
r-patched-solaris-x86 1.1.0 90.70 OK
r-release-linux-x86_64 1.1.0 2.16 49.79 51.95 OK
r-release-windows-ix86+x86_64 1.1.0 7.00 96.00 103.00 OK
r-release-osx-x86_64 1.1.0 OK
r-oldrel-windows-ix86+x86_64 1.1.0 4.00 96.00 100.00 OK
r-oldrel-osx-x86_64 1.1.0 WARN

Check Details

Version: 1.1.0
Check: examples
Result: FAIL
    
Flavor: r-devel-linux-x86_64-debian-gcc

Version: 1.1.0
Check: re-building of vignette outputs
Result: WARN
    Error in re-building vignettes:
     ...
    Error: processing vignette 'vignette.ltx' failed with diagnostics:
    Running 'texi2dvi' on 'vignette.ltx' failed.
    LaTeX errors:
    ! LaTeX Error: File `beramono.sty' not found.
    
    Type X to quit or <RETURN> to proceed,
    or enter new name. (Default extension: sty)
    
    ! Emergency stop.
    <read *>
    
    l.7 \usepackage
     [T1]{fontenc}^^M
    ! ==> Fatal error occurred, no output PDF file produced!
    Execution halted
Flavor: r-oldrel-osx-x86_64