CRAN Package Check Results for Package SetRank

Last updated on 2018-02-18 07:50:34 CET.

Flavor Version Tinstall Tcheck Ttotal Status Flags
r-devel-linux-x86_64-debian-clang 1.1.0 3.17 48.99 52.16 OK
r-devel-linux-x86_64-debian-gcc 1.1.0 2.57 38.79 41.36 OK
r-devel-linux-x86_64-fedora-clang 1.1.0 64.15 OK
r-devel-linux-x86_64-fedora-gcc 1.1.0 62.96 OK
r-devel-windows-ix86+x86_64 1.1.0 7.00 68.00 75.00 OK
r-patched-linux-x86_64 1.1.0 2.06 53.90 55.96 OK
r-patched-solaris-x86 1.1.0 82.40 OK
r-release-linux-x86_64 1.1.0 1.43 53.81 55.24 OK
r-release-windows-ix86+x86_64 1.1.0 5.00 94.00 99.00 OK
r-release-osx-x86_64 1.1.0 WARN
r-oldrel-windows-ix86+x86_64 1.1.0 4.00 82.00 86.00 OK
r-oldrel-osx-x86_64 1.1.0 OK

Check Details

Version: 1.1.0
Check: re-building of vignette outputs
Result: WARN
    Error in re-building vignettes:
     ...
    Error: processing vignette 'vignette.ltx' failed with diagnostics:
    Running 'texi2dvi' on 'vignette.ltx' failed.
    LaTeX errors:
    ! LaTeX Error: File `beramono.sty' not found.
    
    Type X to quit or <RETURN> to proceed,
    or enter new name. (Default extension: sty)
    
    ! Emergency stop.
    <read *>
    
    l.7 \usepackage
     [T1]{fontenc}^^M
    ! ==> Fatal error occurred, no output PDF file produced!
    Execution halted
Flavor: r-release-osx-x86_64