CRAN Package Check Results for Package Seurat

Last updated on 2018-11-21 08:48:57 CET.

Flavor Version Tinstall Tcheck Ttotal Status Flags
r-devel-linux-x86_64-debian-clang 2.3.4 70.74 340.08 410.82 NOTE
r-devel-linux-x86_64-debian-gcc 2.3.4 59.35 275.85 335.20 NOTE
r-devel-linux-x86_64-fedora-clang 2.3.4 505.10 NOTE
r-devel-linux-x86_64-fedora-gcc 2.3.4 490.68 NOTE
r-devel-windows-ix86+x86_64 2.3.4 206.00 739.00 945.00 NOTE
r-patched-linux-x86_64 2.3.4 64.20 328.82 393.02 NOTE
r-patched-solaris-x86 2.3.4 757.40 NOTE
r-release-linux-x86_64 2.3.4 73.96 328.13 402.09 NOTE
r-release-windows-ix86+x86_64 2.3.4 145.00 658.00 803.00 NOTE
r-release-osx-x86_64 2.3.4 NOTE
r-oldrel-windows-ix86+x86_64 2.3.4 127.00 500.00 627.00 NOTE
r-oldrel-osx-x86_64 2.3.4 NOTE

Check Details

Version: 2.3.4
Check: package dependencies
Result: NOTE
    Package suggested but not available for checking: ‘loomR’
Flavors: r-devel-linux-x86_64-debian-clang, r-devel-linux-x86_64-debian-gcc, r-devel-linux-x86_64-fedora-clang, r-devel-linux-x86_64-fedora-gcc, r-devel-windows-ix86+x86_64, r-patched-linux-x86_64, r-patched-solaris-x86, r-release-linux-x86_64, r-release-windows-ix86+x86_64, r-oldrel-windows-ix86+x86_64

Version: 2.3.4
Check: installed package size
Result: NOTE
     installed size is 8.1Mb
     sub-directories of 1Mb or more:
     libs 6.6Mb
Flavors: r-devel-linux-x86_64-fedora-clang, r-release-osx-x86_64, r-oldrel-osx-x86_64

Version: 2.3.4
Check: package dependencies
Result: NOTE
    Packages suggested but not available for checking:
     ‘loomR’ ‘made4’ ‘SingleCellExperiment’ ‘MAST’
Flavors: r-release-osx-x86_64, r-oldrel-osx-x86_64