CRAN Package Check Results for Package Seurat

Last updated on 2022-12-05 23:50:41 CET.

Flavor Version Tinstall Tcheck Ttotal Status Flags
r-devel-linux-x86_64-debian-clang 4.3.0 142.97 492.05 635.02 OK
r-devel-linux-x86_64-debian-gcc 4.3.0 115.54 361.90 477.44 OK
r-devel-linux-x86_64-fedora-clang 4.3.0 829.55 NOTE
r-devel-linux-x86_64-fedora-gcc 4.3.0 772.88 OK
r-devel-windows-x86_64 4.3.0 235.00 1278.00 1513.00 OK
r-patched-linux-x86_64 4.3.0 130.36 458.70 589.06 OK
r-release-linux-x86_64 4.3.0 124.52 465.19 589.71 OK
r-release-macos-arm64 4.3.0 201.00 NOTE
r-release-macos-x86_64 4.3.0 240.00 NOTE
r-release-windows-x86_64 4.3.0 246.00 1173.00 1419.00 OK
r-oldrel-macos-arm64 4.3.0 177.00 NOTE
r-oldrel-macos-x86_64 4.3.0 237.00 NOTE
r-oldrel-windows-ix86+x86_64 4.3.0 304.00 797.00 1101.00 OK

Check Details

Version: 4.3.0
Check: package dependencies
Result: NOTE
    Imports includes 42 non-default packages.
    Importing from so many packages makes the package vulnerable to any of
    them becoming unavailable. Move as many as possible to Suggests and
    use conditionally.
Flavor: r-devel-linux-x86_64-fedora-clang

Version: 4.3.0
Check: Rd cross-references
Result: NOTE
    Undeclared package ‘Signac’ in Rd xrefs
Flavor: r-devel-linux-x86_64-fedora-clang

Version: 4.3.0
Check: package dependencies
Result: NOTE
    Package suggested but not available for checking: ‘monocle’
Flavors: r-release-macos-arm64, r-oldrel-macos-arm64

Version: 4.3.0
Check: installed package size
Result: NOTE
     installed size is 10.6Mb
     sub-directories of 1Mb or more:
     R 2.0Mb
     libs 7.8Mb
Flavors: r-release-macos-arm64, r-release-macos-x86_64, r-oldrel-macos-arm64, r-oldrel-macos-x86_64