Last updated on 2023-09-26 13:08:43 CEST.
Flavor | Version | Tinstall | Tcheck | Ttotal | Status | Flags |
---|---|---|---|---|---|---|
r-devel-linux-x86_64-debian-clang | 4.3.0.1 | 140.79 | 490.83 | 631.62 | NOTE | |
r-devel-linux-x86_64-debian-gcc | 4.3.0.1 | 103.33 | 353.13 | 456.46 | NOTE | |
r-devel-linux-x86_64-fedora-clang | 4.3.0.1 | 799.98 | NOTE | |||
r-devel-linux-x86_64-fedora-gcc | 4.3.0.1 | 830.02 | NOTE | |||
r-devel-windows-x86_64 | 4.3.0.1 | 106.00 | 894.00 | 1000.00 | NOTE | |
r-patched-linux-x86_64 | 4.3.0.1 | 145.93 | 465.26 | 611.19 | NOTE | |
r-release-linux-x86_64 | 4.3.0.1 | 135.35 | 457.96 | 593.31 | NOTE | |
r-release-macos-arm64 | 4.3.0.1 | 166.00 | NOTE | |||
r-release-macos-x86_64 | 4.3.0.1 | 364.00 | NOTE | |||
r-release-windows-x86_64 | 4.3.0.1 | 149.00 | 1203.00 | 1352.00 | NOTE | |
r-oldrel-macos-arm64 | 4.3.0.1 | 168.00 | NOTE | |||
r-oldrel-macos-x86_64 | 4.3.0.1 | 247.00 | NOTE | |||
r-oldrel-windows-x86_64 | 4.3.0.1 | 147.00 | 1315.00 | 1462.00 | OK |
Version: 4.3.0.1
Check: C++ specification
Result: NOTE
Specified C++11: please drop specification unless essential
Flavors: r-devel-linux-x86_64-debian-clang, r-devel-linux-x86_64-debian-gcc, r-devel-linux-x86_64-fedora-clang, r-devel-linux-x86_64-fedora-gcc, r-devel-windows-x86_64, r-patched-linux-x86_64, r-release-linux-x86_64, r-release-macos-arm64, r-release-macos-x86_64, r-release-windows-x86_64
Version: 4.3.0.1
Check: Rd \usage sections
Result: NOTE
Documented arguments not in \usage in documentation object 'SingleCorPlot':
‘rows.highight’
Functions with \usage entries need to have the appropriate \alias
entries, and all their arguments documented.
The \usage entries must correspond to syntactically valid R code.
See chapter ‘Writing R documentation files’ in the ‘Writing R
Extensions’ manual.
Flavors: r-devel-linux-x86_64-debian-clang, r-devel-linux-x86_64-debian-gcc, r-devel-linux-x86_64-fedora-clang, r-devel-linux-x86_64-fedora-gcc, r-devel-windows-x86_64
Version: 4.3.0.1
Check: package dependencies
Result: NOTE
Imports includes 42 non-default packages.
Importing from so many packages makes the package vulnerable to any of
them becoming unavailable. Move as many as possible to Suggests and
use conditionally.
Flavor: r-devel-linux-x86_64-fedora-clang
Version: 4.3.0.1
Check: Rd cross-references
Result: NOTE
Undeclared package ‘Signac’ in Rd xrefs
Flavor: r-devel-linux-x86_64-fedora-clang
Version: 4.3.0.1
Check: package dependencies
Result: NOTE
Package suggested but not available for checking: ‘monocle’
Flavors: r-release-macos-arm64, r-release-macos-x86_64, r-oldrel-macos-arm64
Version: 4.3.0.1
Check: installed package size
Result: NOTE
installed size is 10.1Mb
sub-directories of 1Mb or more:
R 2.0Mb
libs 7.4Mb
Flavors: r-release-macos-arm64, r-release-macos-x86_64, r-oldrel-macos-arm64, r-oldrel-macos-x86_64