CRAN Package Check Results for Package Seurat

Last updated on 2018-02-23 16:48:53 CET.

Flavor Version Tinstall Tcheck Ttotal Status Flags
r-devel-linux-x86_64-debian-clang 2.2.1 50.92 301.46 352.38 OK
r-devel-linux-x86_64-debian-gcc 2.2.1 38.33 233.39 271.72 OK
r-devel-linux-x86_64-fedora-clang 2.2.1 402.73 NOTE
r-devel-linux-x86_64-fedora-gcc 2.2.1 397.96 NOTE
r-devel-windows-ix86+x86_64 2.2.1 118.00 564.00 682.00 OK
r-patched-linux-x86_64 2.2.1 37.18 317.02 354.20 OK
r-patched-solaris-x86 2.2.1 555.40 NOTE
r-release-linux-x86_64 2.2.1 38.75 323.63 362.38 OK
r-release-windows-ix86+x86_64 2.2.1 117.00 633.00 750.00 OK
r-release-osx-x86_64 2.2.1 NOTE
r-oldrel-windows-ix86+x86_64 2.2.1 84.00 435.00 519.00 OK
r-oldrel-osx-x86_64 2.1.0 NOTE

Check Details

Version: 2.2.1
Check: package dependencies
Result: NOTE
    Packages suggested but not available for checking:
     ‘SummarizedExperiment’ ‘MAST’ ‘DESeq2’
Flavors: r-devel-linux-x86_64-fedora-clang, r-devel-linux-x86_64-fedora-gcc, r-release-osx-x86_64

Version: 2.2.1
Check: installed package size
Result: NOTE
     installed size is 6.1Mb
     sub-directories of 1Mb or more:
     libs 4.7Mb
Flavors: r-devel-linux-x86_64-fedora-clang, r-devel-linux-x86_64-fedora-gcc, r-release-osx-x86_64

Version: 2.2.1
Check: package dependencies
Result: NOTE
    Package suggested but not available for checking: ‘MAST’
Flavor: r-patched-solaris-x86

Version: 2.1.0
Check: package dependencies
Result: NOTE
    Package suggested but not available for checking: ‘MAST’
Flavor: r-oldrel-osx-x86_64

Version: 2.1.0
Check: installed package size
Result: NOTE
     installed size is 5.8Mb
     sub-directories of 1Mb or more:
     libs 4.9Mb
Flavor: r-oldrel-osx-x86_64