CRAN Package Check Results for Package ShapeChange

Last updated on 2023-12-01 12:52:34 CET.

Flavor Version Tinstall Tcheck Ttotal Status Flags
r-devel-linux-x86_64-debian-clang 1.5 10.10 62.89 72.99 NOTE
r-devel-linux-x86_64-debian-gcc 1.5 7.79 46.95 54.74 NOTE
r-devel-linux-x86_64-fedora-clang 1.5 92.30 OK
r-devel-linux-x86_64-fedora-gcc 1.5 89.51 OK
r-devel-windows-x86_64 1.5 9.00 68.00 77.00 OK
r-patched-linux-x86_64 1.5 11.83 60.89 72.72 OK
r-release-linux-x86_64 1.5 9.29 63.53 72.82 OK
r-release-macos-arm64 1.5 31.00 OK
r-release-macos-x86_64 1.5 56.00 OK
r-release-windows-x86_64 1.5 13.00 72.00 85.00 OK
r-oldrel-macos-arm64 1.5 30.00 OK
r-oldrel-macos-x86_64 1.5 40.00 OK
r-oldrel-windows-x86_64 1.5 13.00 76.00 89.00 OK

Check Details

Version: 1.5
Check: Rd files
Result: NOTE checkRd: (-1) changept.Rd:17-19: Lost braces in \itemize; meant \describe ? checkRd: (-1) changept.Rd:20-21: Lost braces in \itemize; meant \describe ? checkRd: (-1) changept.Rd:22: Lost braces in \itemize; meant \describe ? Flavors: r-devel-linux-x86_64-debian-clang, r-devel-linux-x86_64-debian-gcc