CRAN Package Check Results for Package ShinyImage

Last updated on 2019-09-23 05:47:04 CEST.

Flavor Version Tinstall Tcheck Ttotal Status Flags
r-devel-linux-x86_64-debian-clang 0.1.0 6.23 44.01 50.24 NOTE
r-devel-linux-x86_64-debian-gcc 0.1.0 5.44 34.93 40.37 NOTE
r-devel-linux-x86_64-fedora-clang 0.1.0 61.52 OK
r-devel-linux-x86_64-fedora-gcc 0.1.0 60.54 OK
r-devel-windows-ix86+x86_64 0.1.0 24.00 84.00 108.00 NOTE
r-patched-linux-x86_64 0.1.0 6.46 42.70 49.16 OK
r-patched-solaris-x86 0.1.0 90.80 OK
r-release-linux-x86_64 0.1.0 5.16 42.78 47.94 OK
r-release-windows-ix86+x86_64 0.1.0 19.00 81.00 100.00 OK
r-release-osx-x86_64 0.1.0 ERROR
r-oldrel-windows-ix86+x86_64 0.1.0 7.00 56.00 63.00 OK
r-oldrel-osx-x86_64 0.1.0 OK

Check Details

Version: 0.1.0
Check: package vignettes
Result: NOTE
    Package vignette with placeholder title 'Vignette Title':
     'SI.Rmd'
Flavors: r-devel-linux-x86_64-debian-clang, r-devel-linux-x86_64-debian-gcc, r-devel-windows-ix86+x86_64

Version: 0.1.0
Check: package dependencies
Result: ERROR
    Package required but not available: ‘EBImage’
    
    See section ‘The DESCRIPTION file’ in the ‘Writing R Extensions’
    manual.
Flavor: r-release-osx-x86_64