CRAN Package Check Results for Package ShinyImage

Last updated on 2020-02-24 15:48:09 CET.

Flavor Version Tinstall Tcheck Ttotal Status Flags
r-devel-linux-x86_64-debian-clang 0.1.0 7.68 51.21 58.89 NOTE
r-devel-linux-x86_64-debian-gcc 0.1.0 6.46 39.43 45.89 NOTE
r-devel-linux-x86_64-fedora-clang 0.1.0 69.24 OK
r-devel-linux-x86_64-fedora-gcc 0.1.0 68.76 OK
r-devel-windows-ix86+x86_64 0.1.0 13.00 66.00 79.00 NOTE
r-devel-windows-ix86+x86_64-gcc8 0.1.0 17.00 93.00 110.00 NOTE
r-patched-linux-x86_64 0.1.0 OK
r-patched-solaris-x86 0.1.0 93.50 OK
r-release-linux-x86_64 0.1.0 6.08 43.92 50.00 OK
r-release-windows-ix86+x86_64 0.1.0 12.00 58.00 70.00 OK
r-release-osx-x86_64 0.1.0 OK
r-oldrel-windows-ix86+x86_64 0.1.0 9.00 61.00 70.00 OK
r-oldrel-osx-x86_64 0.1.0 OK

Check Details

Version: 0.1.0
Check: package vignettes
Result: NOTE
    Package vignette with placeholder title 'Vignette Title':
     'SI.Rmd'
Flavors: r-devel-linux-x86_64-debian-clang, r-devel-linux-x86_64-debian-gcc, r-devel-windows-ix86+x86_64, r-devel-windows-ix86+x86_64-gcc8