CRAN Package Check Results for Package ShinyItemAnalysis

Last updated on 2018-08-15 08:49:00 CEST.

Flavor Version Tinstall Tcheck Ttotal Status Flags
r-devel-linux-x86_64-debian-clang 1.2.7 10.51 100.84 111.35 OK
r-devel-linux-x86_64-debian-gcc 1.2.7 8.28 78.51 86.79 OK
r-devel-linux-x86_64-fedora-clang 1.2.7 130.21 NOTE
r-devel-linux-x86_64-fedora-gcc 1.2.7 122.51 NOTE
r-devel-windows-ix86+x86_64 1.2.7 18.00 104.00 122.00 OK
r-patched-linux-x86_64 1.2.7 8.60 86.39 94.99 OK
r-patched-solaris-x86 1.2.7 182.20 NOTE
r-release-linux-x86_64 1.2.7 9.00 84.65 93.65 OK
r-release-windows-ix86+x86_64 1.2.7 17.00 112.00 129.00 OK
r-release-osx-x86_64 1.2.7 NOTE
r-oldrel-windows-ix86+x86_64 1.2.7 32.00 141.00 173.00 OK
r-oldrel-osx-x86_64 1.2.7 NOTE

Check Details

Version: 1.2.7
Check: dependencies in R code
Result: NOTE
    Namespaces in Imports field not imported from:
     ‘DT’ ‘data.table’ ‘gridExtra’ ‘knitr’ ‘latticeExtra’ ‘msm’ ‘plotly’
     ‘shinyBS’ ‘xtable’
     All declared Imports should be used.
Flavors: r-devel-linux-x86_64-fedora-clang, r-devel-linux-x86_64-fedora-gcc, r-patched-solaris-x86, r-release-osx-x86_64, r-oldrel-osx-x86_64