CRAN Package Check Results for Package ShinyItemAnalysis

Last updated on 2019-01-23 09:50:39 CET.

Flavor Version Tinstall Tcheck Ttotal Status Flags
r-devel-linux-x86_64-debian-clang 1.2.9 9.09 94.62 103.71 OK
r-devel-linux-x86_64-debian-gcc 1.2.9 6.77 72.89 79.66 OK
r-devel-linux-x86_64-fedora-clang 1.2.9 119.45 NOTE
r-devel-linux-x86_64-fedora-gcc 1.2.9 111.64 NOTE
r-devel-windows-ix86+x86_64 1.2.9 26.00 145.00 171.00 OK
r-patched-linux-x86_64 1.2.9 9.64 89.52 99.16 OK
r-patched-solaris-x86 1.2.9 185.10 NOTE
r-release-linux-x86_64 1.2.9 9.10 88.40 97.50 OK
r-release-windows-ix86+x86_64 1.2.9 16.00 152.00 168.00 OK
r-release-osx-x86_64 1.2.9 NOTE
r-oldrel-windows-ix86+x86_64 1.2.9 25.00 148.00 173.00 OK
r-oldrel-osx-x86_64 1.2.9 NOTE

Check Details

Version: 1.2.9
Check: dependencies in R code
Result: NOTE
    Namespaces in Imports field not imported from:
     ‘DT’ ‘data.table’ ‘ggdendro’ ‘gridExtra’ ‘knitr’ ‘latticeExtra’ ‘msm’
     ‘plotly’ ‘shinyBS’ ‘shinydashboard’ ‘xtable’
     All declared Imports should be used.
Flavors: r-devel-linux-x86_64-fedora-clang, r-devel-linux-x86_64-fedora-gcc, r-patched-solaris-x86, r-release-osx-x86_64, r-oldrel-osx-x86_64