CRAN Package Check Results for Package ShinyItemAnalysis

Last updated on 2018-10-16 23:50:34 CEST.

Flavor Version Tinstall Tcheck Ttotal Status Flags
r-devel-linux-x86_64-debian-clang 1.2.8 9.66 100.49 110.15 OK
r-devel-linux-x86_64-debian-gcc 1.2.8 7.35 80.09 87.44 OK
r-devel-linux-x86_64-fedora-clang 1.2.8 129.26 NOTE
r-devel-linux-x86_64-fedora-gcc 1.2.8 126.14 NOTE
r-devel-windows-ix86+x86_64 1.2.8 29.00 162.00 191.00 OK
r-patched-linux-x86_64 1.2.8 8.38 84.89 93.27 OK
r-patched-solaris-x86 1.2.8 176.70 NOTE
r-release-linux-x86_64 1.2.8 7.73 85.00 92.73 OK
r-release-windows-ix86+x86_64 1.2.8 25.00 143.00 168.00 OK
r-release-osx-x86_64 1.2.8 NOTE
r-oldrel-windows-ix86+x86_64 1.2.8 28.00 146.00 174.00 OK
r-oldrel-osx-x86_64 1.2.8 NOTE

Check Details

Version: 1.2.8
Check: dependencies in R code
Result: NOTE
    Namespaces in Imports field not imported from:
     ‘DT’ ‘data.table’ ‘gridExtra’ ‘knitr’ ‘latticeExtra’ ‘msm’ ‘plotly’
     ‘shinyBS’ ‘shinydashboard’ ‘xtable’
     All declared Imports should be used.
Flavors: r-devel-linux-x86_64-fedora-clang, r-devel-linux-x86_64-fedora-gcc, r-patched-solaris-x86, r-release-osx-x86_64, r-oldrel-osx-x86_64