CRAN Package Check Results for Package ShinyItemAnalysis

Last updated on 2018-05-25 20:47:07 CEST.

Flavor Version Tinstall Tcheck Ttotal Status Flags
r-devel-linux-x86_64-debian-clang 1.2.7 8.85 92.14 100.99 OK
r-devel-linux-x86_64-debian-gcc 1.2.7 7.46 73.37 80.83 OK
r-devel-linux-x86_64-fedora-clang 1.2.7 126.44 NOTE
r-devel-linux-x86_64-fedora-gcc 1.2.7 120.00 NOTE
r-devel-windows-ix86+x86_64 1.2.7 16.00 106.00 122.00 OK
r-patched-linux-x86_64 1.2.7 7.62 79.81 87.43 OK
r-patched-solaris-x86 1.2.7 177.60 NOTE
r-release-linux-x86_64 1.2.7 7.39 79.37 86.76 OK
r-release-windows-ix86+x86_64 1.2.7 28.00 128.00 156.00 OK
r-release-osx-x86_64 1.2.7 NOTE
r-oldrel-windows-ix86+x86_64 1.2.7 23.00 97.00 120.00 OK
r-oldrel-osx-x86_64 1.2.6 NOTE

Check Details

Version: 1.2.7
Check: dependencies in R code
Result: NOTE
    Namespaces in Imports field not imported from:
     ‘DT’ ‘data.table’ ‘gridExtra’ ‘knitr’ ‘latticeExtra’ ‘msm’ ‘plotly’
     ‘shinyBS’ ‘xtable’
     All declared Imports should be used.
Flavors: r-devel-linux-x86_64-fedora-clang, r-devel-linux-x86_64-fedora-gcc, r-patched-solaris-x86, r-release-osx-x86_64

Version: 1.2.6
Check: dependencies in R code
Result: NOTE
    Namespaces in Imports field not imported from:
     ‘DT’ ‘data.table’ ‘gridExtra’ ‘knitr’ ‘latticeExtra’ ‘msm’ ‘plotly’
     ‘xtable’
     All declared Imports should be used.
Flavor: r-oldrel-osx-x86_64