CRAN Package Check Results for Package ShinyItemAnalysis

Last updated on 2018-02-19 04:48:17 CET.

Flavor Version Tinstall Tcheck Ttotal Status Flags
r-devel-linux-x86_64-debian-clang 1.2.3 6.94 75.60 82.54 NOTE
r-devel-linux-x86_64-debian-gcc 1.2.3 5.68 64.25 69.93 NOTE
r-devel-linux-x86_64-fedora-clang 1.2.3 107.30 NOTE
r-devel-linux-x86_64-fedora-gcc 1.2.3 103.71 NOTE
r-devel-windows-ix86+x86_64 1.2.3 14.00 88.00 102.00 OK
r-patched-linux-x86_64 1.2.3 6.05 82.53 88.58 OK
r-patched-solaris-x86 1.2.3 172.50 NOTE
r-release-linux-x86_64 1.2.3 5.72 82.81 88.53 OK
r-release-windows-ix86+x86_64 1.2.3 26.00 128.00 154.00 OK
r-release-osx-x86_64 1.2.3 NOTE
r-oldrel-windows-ix86+x86_64 1.2.3 16.00 121.00 137.00 OK
r-oldrel-osx-x86_64 1.2.3 NOTE

Check Details

Version: 1.2.3
Check: DESCRIPTION meta-information
Result: NOTE
    Dependence on R version ‘3.3.2’ not with patchlevel 0
Flavors: r-devel-linux-x86_64-debian-clang, r-devel-linux-x86_64-debian-gcc, r-devel-linux-x86_64-fedora-clang, r-devel-linux-x86_64-fedora-gcc

Version: 1.2.3
Check: dependencies in R code
Result: NOTE
    Namespaces in Imports field not imported from:
     ‘DT’ ‘data.table’ ‘gridExtra’ ‘knitr’ ‘latticeExtra’ ‘msm’ ‘plotly’
     ‘xtable’
     All declared Imports should be used.
Flavors: r-devel-linux-x86_64-fedora-clang, r-devel-linux-x86_64-fedora-gcc, r-patched-solaris-x86, r-release-osx-x86_64, r-oldrel-osx-x86_64