CRAN Package Check Results for Package SiMRiv

Last updated on 2019-10-23 06:47:59 CEST.

Flavor Version Tinstall Tcheck Ttotal Status Flags
r-devel-linux-x86_64-debian-clang 1.0.3 12.07 111.48 123.55 NOTE
r-devel-linux-x86_64-debian-gcc 1.0.3 8.75 89.12 97.87 NOTE
r-devel-linux-x86_64-fedora-clang 1.0.3 153.07 NOTE
r-devel-linux-x86_64-fedora-gcc 1.0.3 150.27 NOTE
r-devel-windows-ix86+x86_64 1.0.3 26.00 155.00 181.00 OK
r-patched-linux-x86_64 1.0.3 9.28 111.42 120.70 OK
r-patched-solaris-x86 1.0.3 241.50 OK
r-release-linux-x86_64 1.0.3 10.48 112.32 122.80 OK
r-release-windows-ix86+x86_64 1.0.3 33.00 161.00 194.00 OK
r-release-osx-x86_64 1.0.3 OK
r-oldrel-windows-ix86+x86_64 1.0.3 24.00 208.00 232.00 OK
r-oldrel-osx-x86_64 1.0.3 OK

Check Details

Version: 1.0.3
Check: for non-standard things in the check directory
Result: NOTE
    Found the following files/directories:
     'movement.tif'
Flavors: r-devel-linux-x86_64-debian-clang, r-devel-linux-x86_64-debian-gcc, r-devel-linux-x86_64-fedora-clang, r-devel-linux-x86_64-fedora-gcc