CRAN Package Check Results for Package SignacX

Last updated on 2021-05-18 17:48:26 CEST.

Flavor Version Tinstall Tcheck Ttotal Status Flags
r-devel-linux-x86_64-debian-clang 2.2.0 9.59 81.84 91.43 OK
r-devel-linux-x86_64-debian-gcc 2.2.0 6.58 65.20 71.78 OK
r-devel-linux-x86_64-fedora-clang 2.2.0 122.40 OK
r-devel-linux-x86_64-fedora-gcc 2.2.0 108.00 OK
r-devel-windows-ix86+x86_64 2.2.0 21.00 102.00 123.00 OK
r-devel-windows-x86_64-gcc10-UCRT 2.2.0 NOTE
r-patched-linux-x86_64 2.2.0 8.80 79.75 88.55 OK
r-patched-solaris-x86 2.2.0 157.70 OK
r-release-linux-x86_64 2.2.0 8.39 77.27 85.66 OK
r-release-macos-x86_64 2.2.0 OK
r-release-windows-ix86+x86_64 2.2.0 15.00 77.00 92.00 OK
r-oldrel-macos-x86_64 2.2.0 OK
r-oldrel-windows-ix86+x86_64 2.2.0 12.00 107.00 119.00 OK

Check Details

Version: 2.2.0
Check: package dependencies
Result: NOTE
    Package suggested but not available for checking: 'rhdf5'
Flavor: r-devel-windows-x86_64-gcc10-UCRT