CRAN Package Check Results for Package SimCorrMix

Last updated on 2022-12-05 20:53:20 CET.

Flavor Version Tinstall Tcheck Ttotal Status Flags
r-devel-linux-x86_64-debian-clang 0.1.1 21.29 258.14 279.43 NOTE
r-devel-linux-x86_64-debian-gcc 0.1.1 15.93 189.88 205.81 NOTE
r-devel-linux-x86_64-fedora-clang 0.1.1 343.68 NOTE
r-devel-linux-x86_64-fedora-gcc 0.1.1 348.09 NOTE
r-devel-windows-x86_64 0.1.1 46.00 276.00 322.00 NOTE
r-patched-linux-x86_64 0.1.1 18.50 229.10 247.60 NOTE
r-release-linux-x86_64 0.1.1 14.84 227.10 241.94 NOTE
r-release-macos-arm64 0.1.1 81.00 NOTE
r-release-macos-x86_64 0.1.1 151.00 NOTE
r-release-windows-x86_64 0.1.1 50.00 273.00 323.00 NOTE
r-oldrel-macos-arm64 0.1.1 116.00 NOTE
r-oldrel-macos-x86_64 0.1.1 172.00 NOTE
r-oldrel-windows-ix86+x86_64 0.1.1 40.00 282.00 322.00 NOTE

Check Details

Version: 0.1.1
Check: LazyData
Result: NOTE
     'LazyData' is specified without a 'data' directory
Flavors: r-devel-linux-x86_64-debian-clang, r-devel-linux-x86_64-debian-gcc, r-devel-linux-x86_64-fedora-clang, r-devel-linux-x86_64-fedora-gcc, r-devel-windows-x86_64, r-patched-linux-x86_64, r-release-linux-x86_64, r-release-macos-arm64, r-release-macos-x86_64, r-release-windows-x86_64, r-oldrel-macos-arm64, r-oldrel-macos-x86_64, r-oldrel-windows-ix86+x86_64

Version: 0.1.1
Check: dependencies in R code
Result: NOTE
    Namespaces in Imports field not imported from:
     ‘MASS’ ‘grid’
     All declared Imports should be used.
Flavors: r-devel-linux-x86_64-fedora-clang, r-devel-linux-x86_64-fedora-gcc, r-release-macos-arm64, r-release-macos-x86_64, r-oldrel-macos-arm64, r-oldrel-macos-x86_64

Version: 0.1.1
Check: Rd cross-references
Result: NOTE
    Undeclared packages ‘GenOrd’, ‘PoisNor’ in Rd xrefs
Flavor: r-devel-linux-x86_64-fedora-clang