Last updated on 2022-06-28 10:49:19 CEST.
Flavor | Version | Tinstall | Tcheck | Ttotal | Status | Flags |
---|---|---|---|---|---|---|
r-devel-linux-x86_64-debian-clang | 2.8 | 11.13 | 117.75 | 128.88 | OK | |
r-devel-linux-x86_64-debian-gcc | 2.8 | 8.72 | 86.98 | 95.70 | OK | |
r-devel-linux-x86_64-fedora-clang | 2.8 | 159.83 | NOTE | |||
r-devel-linux-x86_64-fedora-gcc | 2.8 | 159.74 | OK | |||
r-devel-windows-x86_64 | 2.8 | 58.00 | 175.00 | 233.00 | NOTE | |
r-patched-linux-x86_64 | 2.8 | 12.30 | 110.16 | 122.46 | OK | |
r-release-linux-x86_64 | 2.8 | 11.31 | 111.47 | 122.78 | OK | |
r-release-macos-arm64 | 2.8 | 44.00 | NOTE | |||
r-release-macos-x86_64 | 2.8 | 88.00 | NOTE | |||
r-release-windows-x86_64 | 2.8 | 60.00 | 165.00 | 225.00 | NOTE | |
r-oldrel-macos-arm64 | 2.8 | 47.00 | NOTE | |||
r-oldrel-macos-x86_64 | 2.8 | 68.00 | NOTE | |||
r-oldrel-windows-ix86+x86_64 | 2.8 | 24.00 | 161.00 | 185.00 | NOTE |
Version: 2.8
Check: installed package size
Result: NOTE
installed size is 5.7Mb
sub-directories of 1Mb or more:
doc 5.2Mb
Flavors: r-devel-linux-x86_64-fedora-clang, r-devel-windows-x86_64, r-release-macos-arm64, r-release-macos-x86_64, r-release-windows-x86_64, r-oldrel-macos-arm64, r-oldrel-macos-x86_64, r-oldrel-windows-ix86+x86_64
Version: 2.8
Check: package dependencies
Result: NOTE
Package suggested but not available for checking: ‘doMPI’
Flavors: r-release-macos-arm64, r-release-macos-x86_64, r-oldrel-macos-arm64, r-oldrel-macos-x86_64