CRAN Package Check Results for Package SimHaz

Last updated on 2022-08-19 08:53:56 CEST.

Flavor Version Tinstall Tcheck Ttotal Status Flags
r-devel-linux-x86_64-debian-clang 0.1 6.70 69.95 76.65 NOTE
r-devel-linux-x86_64-debian-gcc 0.1 6.35 53.67 60.02 NOTE
r-devel-linux-x86_64-fedora-clang 0.1 108.65 NOTE
r-devel-linux-x86_64-fedora-gcc 0.1 101.21 NOTE
r-devel-windows-x86_64 0.1 11.00 91.00 102.00 OK
r-patched-linux-x86_64 0.1 5.84 65.95 71.79 NOTE
r-release-linux-x86_64 0.1 NOTE
r-release-macos-arm64 0.1 29.00 OK
r-release-macos-x86_64 0.1 41.00 OK
r-release-windows-x86_64 0.1 13.00 156.00 169.00 OK
r-oldrel-macos-arm64 0.1 35.00 OK
r-oldrel-macos-x86_64 0.1 56.00 OK
r-oldrel-windows-ix86+x86_64 0.1 17.00 91.00 108.00 OK

Check Details

Version: 0.1
Check: for non-standard things in the check directory
Result: NOTE
    Found the following files/directories:
     'database.csv' 'output.csv' 'output_clst.csv'
Flavors: r-devel-linux-x86_64-debian-clang, r-devel-linux-x86_64-debian-gcc, r-devel-linux-x86_64-fedora-clang, r-devel-linux-x86_64-fedora-gcc, r-patched-linux-x86_64, r-release-linux-x86_64