CRAN Package Check Results for Package SimJoint

Last updated on 2022-12-04 18:54:00 CET.

Flavor Version Tinstall Tcheck Ttotal Status Flags
r-devel-linux-x86_64-debian-clang 0.3.9 76.48 43.11 119.59 NOTE
r-devel-linux-x86_64-debian-gcc 0.3.9 68.87 34.01 102.88 NOTE
r-devel-linux-x86_64-fedora-clang 0.3.9 197.36 NOTE
r-devel-linux-x86_64-fedora-gcc 0.3.9 180.07 NOTE
r-devel-windows-x86_64 0.3.9 136.00 93.00 229.00 NOTE
r-patched-linux-x86_64 0.3.9 74.63 40.89 115.52 NOTE
r-release-linux-x86_64 0.3.9 77.05 42.18 119.23 NOTE
r-release-macos-arm64 0.3.9 50.00 NOTE
r-release-macos-x86_64 0.3.9 66.00 NOTE
r-release-windows-x86_64 0.3.9 77.00 98.00 175.00 NOTE
r-oldrel-macos-arm64 0.3.9 50.00 NOTE
r-oldrel-macos-x86_64 0.3.9 67.00 NOTE
r-oldrel-windows-ix86+x86_64 0.3.9 188.00 104.00 292.00 NOTE

Check Details

Version: 0.3.9
Check: for GNU extensions in Makefiles
Result: NOTE
    GNU make is a SystemRequirements.
Flavors: r-devel-linux-x86_64-debian-clang, r-devel-linux-x86_64-debian-gcc, r-devel-linux-x86_64-fedora-clang, r-devel-linux-x86_64-fedora-gcc, r-devel-windows-x86_64, r-patched-linux-x86_64, r-release-linux-x86_64, r-release-macos-arm64, r-release-macos-x86_64, r-release-windows-x86_64, r-oldrel-macos-arm64, r-oldrel-macos-x86_64, r-oldrel-windows-ix86+x86_64

Version: 0.3.9
Check: installed package size
Result: NOTE
     installed size is 5.7Mb
     sub-directories of 1Mb or more:
     libs 5.3Mb
Flavors: r-release-macos-arm64, r-release-macos-x86_64, r-oldrel-macos-arm64, r-oldrel-macos-x86_64