CRAN Package Check Results for Package SimRepeat

Last updated on 2019-05-27 12:51:21 CEST.

Flavor Version Tinstall Tcheck Ttotal Status Flags
r-devel-linux-x86_64-debian-clang 0.1.0 26.31 276.58 302.89 OK
r-devel-linux-x86_64-debian-gcc 0.1.0 21.76 214.81 236.57 OK
r-devel-linux-x86_64-fedora-clang 0.1.0 351.36 NOTE
r-devel-linux-x86_64-fedora-gcc 0.1.0 331.00 NOTE
r-devel-windows-ix86+x86_64 0.1.0 35.00 269.00 304.00 OK
r-patched-linux-x86_64 0.1.0 OK
r-patched-solaris-x86 0.1.0 480.70 NOTE
r-release-linux-x86_64 0.1.0 25.18 275.90 301.08 OK
r-release-windows-ix86+x86_64 0.1.0 52.00 343.00 395.00 OK
r-release-osx-x86_64 0.1.0 NOTE
r-oldrel-windows-ix86+x86_64 0.1.0 41.00 345.00 386.00 OK
r-oldrel-osx-x86_64 0.1.0 NOTE

Check Details

Version: 0.1.0
Check: dependencies in R code
Result: NOTE
    Namespaces in Imports field not imported from:
     ‘BB’ ‘MASS’ ‘ggplot2’ ‘grid’ ‘triangle’
     All declared Imports should be used.
Flavors: r-devel-linux-x86_64-fedora-clang, r-devel-linux-x86_64-fedora-gcc, r-patched-solaris-x86, r-release-osx-x86_64, r-oldrel-osx-x86_64