CRAN Package Check Results for Package SimRepeat

Last updated on 2019-08-22 10:47:56 CEST.

Flavor Version Tinstall Tcheck Ttotal Status Flags
r-devel-linux-x86_64-debian-clang 0.1.0 28.39 275.74 304.13 OK
r-devel-linux-x86_64-debian-gcc 0.1.0 23.12 207.40 230.52 OK
r-devel-linux-x86_64-fedora-clang 0.1.0 361.47 NOTE
r-devel-linux-x86_64-fedora-gcc 0.1.0 351.34 NOTE
r-devel-windows-ix86+x86_64 0.1.0 54.00 362.00 416.00 OK
r-patched-linux-x86_64 0.1.0 24.93 271.05 295.98 OK
r-patched-solaris-x86 0.1.0 465.10 NOTE
r-release-linux-x86_64 0.1.0 27.29 273.77 301.06 OK
r-release-windows-ix86+x86_64 0.1.0 54.00 366.00 420.00 OK
r-release-osx-x86_64 0.1.0 NOTE
r-oldrel-windows-ix86+x86_64 0.1.0 42.00 351.00 393.00 OK
r-oldrel-osx-x86_64 0.1.0 NOTE

Check Details

Version: 0.1.0
Check: dependencies in R code
Result: NOTE
    Namespaces in Imports field not imported from:
     ‘BB’ ‘MASS’ ‘ggplot2’ ‘grid’ ‘triangle’
     All declared Imports should be used.
Flavors: r-devel-linux-x86_64-fedora-clang, r-devel-linux-x86_64-fedora-gcc, r-patched-solaris-x86, r-release-osx-x86_64, r-oldrel-osx-x86_64